7527	288	303	17.58	\N	2026-05-12 20:23:53	2026-05-12 20:23:53
7528	288	304	5.66	\N	2026-05-12 20:23:53	2026-05-12 20:23:53
7529	288	305	10.88	\N	2026-05-12 20:23:53	2026-05-12 20:23:53
7530	288	306	7.94	\N	2026-05-12 20:23:53	2026-05-12 20:23:53
7531	288	307	8.68	\N	2026-05-12 20:23:53	2026-05-12 20:23:53
7532	288	308	7.43	\N	2026-05-12 20:23:53	2026-05-12 20:23:53
7533	288	309	8.56	\N	2026-05-12 20:23:53	2026-05-12 20:23:53
7534	288	310	11.34	\N	2026-05-12 20:23:53	2026-05-12 20:23:53
7535	288	311	13.62	\N	2026-05-12 20:23:53	2026-05-12 20:23:53
7536	288	312	15.58	\N	2026-05-12 20:23:53	2026-05-12 20:23:53
7537	288	313	8.40	\N	2026-05-12 20:23:53	2026-05-12 20:23:53
7538	288	314	11.30	\N	2026-05-12 20:23:53	2026-05-12 20:23:53
7539	288	315	10.58	\N	2026-05-12 20:23:54	2026-05-12 20:23:54
7540	288	316	8.74	\N	2026-05-12 20:23:54	2026-05-12 20:23:54
7541	289	285	9.20	\N	2026-05-12 20:23:54	2026-05-12 20:23:54
7542	289	286	8.12	\N	2026-05-12 20:23:54	2026-05-12 20:23:54
7543	289	287	13.12	\N	2026-05-12 20:23:54	2026-05-12 20:23:54
7544	289	288	12.40	\N	2026-05-12 20:23:54	2026-05-12 20:23:54
7545	289	289	10.34	\N	2026-05-12 20:23:54	2026-05-12 20:23:54
7546	289	290	0.15	\N	2026-05-12 20:23:54	2026-05-12 20:23:54
7547	289	291	11.76	\N	2026-05-12 20:23:54	2026-05-12 20:23:54
7548	289	292	6.62	\N	2026-05-12 20:23:54	2026-05-12 20:23:54
7549	289	293	11.20	\N	2026-05-12 20:23:54	2026-05-12 20:23:54
7550	289	294	14.66	\N	2026-05-12 20:23:54	2026-05-12 20:23:54
7551	289	295	8.08	\N	2026-05-12 20:23:54	2026-05-12 20:23:54
7552	289	296	9.16	\N	2026-05-12 20:23:54	2026-05-12 20:23:54
7553	289	297	19.10	\N	2026-05-12 20:23:54	2026-05-12 20:23:54
7554	289	298	10.80	\N	2026-05-12 20:23:54	2026-05-12 20:23:54
7555	289	299	14.30	\N	2026-05-12 20:23:54	2026-05-12 20:23:54
7556	289	300	9.76	\N	2026-05-12 20:23:54	2026-05-12 20:23:54
7557	289	301	14.00	\N	2026-05-12 20:23:54	2026-05-12 20:23:54
7558	289	302	14.56	\N	2026-05-12 20:23:54	2026-05-12 20:23:54
7559	289	303	12.10	\N	2026-05-12 20:23:54	2026-05-12 20:23:54
7560	289	304	17.50	\N	2026-05-12 20:23:54	2026-05-12 20:23:54
7561	289	305	15.12	\N	2026-05-12 20:23:54	2026-05-12 20:23:54
7562	289	306	15.48	\N	2026-05-12 20:23:54	2026-05-12 20:23:54
7563	289	307	13.66	\N	2026-05-12 20:23:54	2026-05-12 20:23:54
7564	289	308	11.82	\N	2026-05-12 20:23:54	2026-05-12 20:23:54
7565	289	309	10.82	\N	2026-05-12 20:23:54	2026-05-12 20:23:54
7566	289	310	10.26	\N	2026-05-12 20:23:54	2026-05-12 20:23:54
7567	289	311	11.04	\N	2026-05-12 20:23:54	2026-05-12 20:23:54
7568	289	312	13.02	\N	2026-05-12 20:23:54	2026-05-12 20:23:54
7569	289	313	5.96	\N	2026-05-12 20:23:54	2026-05-12 20:23:54
7570	289	314	9.02	\N	2026-05-12 20:23:54	2026-05-12 20:23:54
7571	289	315	9.36	\N	2026-05-12 20:23:54	2026-05-12 20:23:54
7572	289	316	13.26	\N	2026-05-12 20:23:54	2026-05-12 20:23:54
7573	290	285	0.80	\N	2026-05-12 20:23:54	2026-05-12 20:23:54
7574	290	286	13.10	\N	2026-05-12 20:23:54	2026-05-12 20:23:54
7575	290	287	13.50	\N	2026-05-12 20:23:54	2026-05-12 20:23:54
7576	290	288	16.36	\N	2026-05-12 20:23:54	2026-05-12 20:23:54
7577	290	289	8.60	\N	2026-05-12 20:23:54	2026-05-12 20:23:54
7578	290	290	4.95	\N	2026-05-12 20:23:54	2026-05-12 20:23:54
7579	290	291	8.84	\N	2026-05-12 20:23:54	2026-05-12 20:23:54
7580	290	292	11.34	\N	2026-05-12 20:23:54	2026-05-12 20:23:54
7581	290	293	8.74	\N	2026-05-12 20:23:54	2026-05-12 20:23:54
7582	290	294	12.64	\N	2026-05-12 20:23:54	2026-05-12 20:23:54
7583	290	295	11.52	\N	2026-05-12 20:23:54	2026-05-12 20:23:54
7584	290	296	10.86	\N	2026-05-12 20:23:54	2026-05-12 20:23:54
7585	290	297	10.66	\N	2026-05-12 20:23:54	2026-05-12 20:23:54
7586	290	298	10.24	\N	2026-05-12 20:23:54	2026-05-12 20:23:54
7587	290	299	5.54	\N	2026-05-12 20:23:54	2026-05-12 20:23:54
7588	290	300	18.04	\N	2026-05-12 20:23:54	2026-05-12 20:23:54
7589	290	301	13.38	\N	2026-05-12 20:23:54	2026-05-12 20:23:54
7590	290	302	13.08	\N	2026-05-12 20:23:54	2026-05-12 20:23:54
7591	290	303	11.76	\N	2026-05-12 20:23:54	2026-05-12 20:23:54
7592	290	304	12.72	\N	2026-05-12 20:23:54	2026-05-12 20:23:54
7593	290	305	1.05	\N	2026-05-12 20:23:54	2026-05-12 20:23:54
7594	290	306	9.10	\N	2026-05-12 20:23:54	2026-05-12 20:23:54
7595	290	307	3.75	\N	2026-05-12 20:23:54	2026-05-12 20:23:54
7596	290	308	16.52	\N	2026-05-12 20:23:54	2026-05-12 20:23:54
7597	290	309	8.84	\N	2026-05-12 20:23:54	2026-05-12 20:23:54
7598	290	310	10.84	\N	2026-05-12 20:23:54	2026-05-12 20:23:54
7599	290	311	14.02	\N	2026-05-12 20:23:54	2026-05-12 20:23:54
7600	290	312	10.94	\N	2026-05-12 20:23:54	2026-05-12 20:23:54
7601	290	313	9.44	\N	2026-05-12 20:23:54	2026-05-12 20:23:54
7602	290	314	9.04	\N	2026-05-12 20:23:54	2026-05-12 20:23:54
7603	290	315	17.26	\N	2026-05-12 20:23:54	2026-05-12 20:23:54
7604	290	316	8.70	\N	2026-05-12 20:23:54	2026-05-12 20:23:54
7605	291	285	13.00	\N	2026-05-12 20:23:54	2026-05-12 20:23:54
7606	291	286	7.46	\N	2026-05-12 20:23:54	2026-05-12 20:23:54
7607	291	287	8.38	\N	2026-05-12 20:23:54	2026-05-12 20:23:54
7608	291	288	8.26	\N	2026-05-12 20:23:54	2026-05-12 20:23:54
7609	291	289	9.10	\N	2026-05-12 20:23:54	2026-05-12 20:23:54
7610	291	290	10.86	\N	2026-05-12 20:23:54	2026-05-12 20:23:54
7611	291	291	1.75	\N	2026-05-12 20:23:54	2026-05-12 20:23:54
7612	291	292	9.04	\N	2026-05-12 20:23:54	2026-05-12 20:23:54
7613	291	293	13.70	\N	2026-05-12 20:23:54	2026-05-12 20:23:54
7614	291	294	14.66	\N	2026-05-12 20:23:54	2026-05-12 20:23:54
7615	291	295	12.84	\N	2026-05-12 20:23:54	2026-05-12 20:23:54
7616	291	296	13.68	\N	2026-05-12 20:23:54	2026-05-12 20:23:54
7617	291	297	9.62	\N	2026-05-12 20:23:54	2026-05-12 20:23:54
7618	291	298	5.84	\N	2026-05-12 20:23:54	2026-05-12 20:23:54
7619	291	299	10.00	\N	2026-05-12 20:23:54	2026-05-12 20:23:54
7620	291	300	11.52	\N	2026-05-12 20:23:54	2026-05-12 20:23:54
7621	291	301	9.04	\N	2026-05-12 20:23:54	2026-05-12 20:23:54
7622	291	302	9.40	\N	2026-05-12 20:23:54	2026-05-12 20:23:54
7623	291	303	12.70	\N	2026-05-12 20:23:54	2026-05-12 20:23:54
7624	291	304	11.26	\N	2026-05-12 20:23:55	2026-05-12 20:23:55
7625	291	305	11.82	\N	2026-05-12 20:23:55	2026-05-12 20:23:55
7626	291	306	0.10	\N	2026-05-12 20:23:55	2026-05-12 20:23:55
7627	291	307	16.20	\N	2026-05-12 20:23:55	2026-05-12 20:23:55
7628	291	308	8.86	\N	2026-05-12 20:23:55	2026-05-12 20:23:55
7629	291	309	12.20	\N	2026-05-12 20:23:55	2026-05-12 20:23:55
7630	291	310	8.88	\N	2026-05-12 20:23:55	2026-05-12 20:23:55
7631	291	311	11.40	\N	2026-05-12 20:23:55	2026-05-12 20:23:55
7632	291	312	9.78	\N	2026-05-12 20:23:55	2026-05-12 20:23:55
7633	291	313	13.20	\N	2026-05-12 20:23:55	2026-05-12 20:23:55
7634	291	314	10.10	\N	2026-05-12 20:23:55	2026-05-12 20:23:55
7635	291	315	11.22	\N	2026-05-12 20:23:55	2026-05-12 20:23:55
7636	291	316	16.40	\N	2026-05-12 20:23:55	2026-05-12 20:23:55
7637	292	285	10.36	\N	2026-05-12 20:23:55	2026-05-12 20:23:55
7638	292	286	11.38	\N	2026-05-12 20:23:55	2026-05-12 20:23:55
7639	292	287	11.28	\N	2026-05-12 20:23:55	2026-05-12 20:23:55
7640	292	288	5.00	\N	2026-05-12 20:23:55	2026-05-12 20:23:55
7641	292	289	16.44	\N	2026-05-12 20:23:55	2026-05-12 20:23:55
7642	292	290	9.62	\N	2026-05-12 20:23:55	2026-05-12 20:23:55
7643	292	291	11.82	\N	2026-05-12 20:23:55	2026-05-12 20:23:55
7644	292	292	9.36	\N	2026-05-12 20:23:55	2026-05-12 20:23:55
7645	292	293	10.36	\N	2026-05-12 20:23:55	2026-05-12 20:23:55
7646	292	294	9.28	\N	2026-05-12 20:23:55	2026-05-12 20:23:55
7647	292	295	4.20	\N	2026-05-12 20:23:55	2026-05-12 20:23:55
7648	292	296	16.84	\N	2026-05-12 20:23:55	2026-05-12 20:23:55
7649	292	297	8.08	\N	2026-05-12 20:23:55	2026-05-12 20:23:55
7650	292	298	8.66	\N	2026-05-12 20:23:55	2026-05-12 20:23:55
7651	292	299	11.06	\N	2026-05-12 20:23:55	2026-05-12 20:23:55
7652	292	300	10.18	\N	2026-05-12 20:23:55	2026-05-12 20:23:55
7653	292	301	8.82	\N	2026-05-12 20:23:55	2026-05-12 20:23:55
7654	292	302	11.74	\N	2026-05-12 20:23:55	2026-05-12 20:23:55
7655	292	303	4.00	\N	2026-05-12 20:23:55	2026-05-12 20:23:55
7656	292	304	11.78	\N	2026-05-12 20:23:55	2026-05-12 20:23:55
7657	292	305	14.32	\N	2026-05-12 20:23:55	2026-05-12 20:23:55
7658	292	306	14.30	\N	2026-05-12 20:23:55	2026-05-12 20:23:55
7659	292	307	14.08	\N	2026-05-12 20:23:55	2026-05-12 20:23:55
7660	292	308	15.08	\N	2026-05-12 20:23:55	2026-05-12 20:23:55
7661	292	309	10.60	\N	2026-05-12 20:23:55	2026-05-12 20:23:55
7662	292	310	13.32	\N	2026-05-12 20:23:55	2026-05-12 20:23:55
7663	292	311	7.52	\N	2026-05-12 20:23:55	2026-05-12 20:23:55
7664	292	312	7.58	\N	2026-05-12 20:23:55	2026-05-12 20:23:55
7665	292	313	13.74	\N	2026-05-12 20:23:55	2026-05-12 20:23:55
7666	292	314	12.20	\N	2026-05-12 20:23:55	2026-05-12 20:23:55
7667	292	315	17.90	\N	2026-05-12 20:23:55	2026-05-12 20:23:55
7668	292	316	11.30	\N	2026-05-12 20:23:55	2026-05-12 20:23:55
7669	293	285	17.88	\N	2026-05-12 20:23:55	2026-05-12 20:23:55
7670	293	286	14.86	\N	2026-05-12 20:23:55	2026-05-12 20:23:55
7671	293	287	10.52	\N	2026-05-12 20:23:55	2026-05-12 20:23:55
7672	293	288	16.82	\N	2026-05-12 20:23:55	2026-05-12 20:23:55
7673	293	289	9.08	\N	2026-05-12 20:23:55	2026-05-12 20:23:55
7674	293	290	18.98	\N	2026-05-12 20:23:55	2026-05-12 20:23:55
7675	293	291	15.14	\N	2026-05-12 20:23:55	2026-05-12 20:23:55
7676	293	292	12.04	\N	2026-05-12 20:23:55	2026-05-12 20:23:55
7677	293	293	10.84	\N	2026-05-12 20:23:55	2026-05-12 20:23:55
7678	293	294	13.00	\N	2026-05-12 20:23:55	2026-05-12 20:23:55
7679	293	295	12.26	\N	2026-05-12 20:23:55	2026-05-12 20:23:55
7680	293	296	9.22	\N	2026-05-12 20:23:55	2026-05-12 20:23:55
7681	293	297	13.04	\N	2026-05-12 20:23:55	2026-05-12 20:23:55
7682	293	298	18.36	\N	2026-05-12 20:23:55	2026-05-12 20:23:55
7683	293	299	11.64	\N	2026-05-12 20:23:55	2026-05-12 20:23:55
7684	293	300	16.22	\N	2026-05-12 20:23:55	2026-05-12 20:23:55
7685	293	301	12.98	\N	2026-05-12 20:23:55	2026-05-12 20:23:55
7686	293	302	9.08	\N	2026-05-12 20:23:55	2026-05-12 20:23:55
7687	293	303	6.65	\N	2026-05-12 20:23:55	2026-05-12 20:23:55
7688	293	304	10.78	\N	2026-05-12 20:23:55	2026-05-12 20:23:55
7689	293	305	8.36	\N	2026-05-12 20:23:55	2026-05-12 20:23:55
7690	293	306	15.82	\N	2026-05-12 20:23:55	2026-05-12 20:23:55
7691	293	307	6.80	\N	2026-05-12 20:23:55	2026-05-12 20:23:55
7692	293	308	13.02	\N	2026-05-12 20:23:55	2026-05-12 20:23:55
7693	293	309	9.84	\N	2026-05-12 20:23:55	2026-05-12 20:23:55
7694	293	310	16.46	\N	2026-05-12 20:23:55	2026-05-12 20:23:55
7695	293	311	17.52	\N	2026-05-12 20:23:55	2026-05-12 20:23:55
7696	293	312	10.98	\N	2026-05-12 20:23:55	2026-05-12 20:23:55
7697	293	313	15.32	\N	2026-05-12 20:23:55	2026-05-12 20:23:55
7698	293	314	11.98	\N	2026-05-12 20:23:55	2026-05-12 20:23:55
7699	293	315	8.92	\N	2026-05-12 20:23:55	2026-05-12 20:23:55
7700	293	316	12.08	\N	2026-05-12 20:23:55	2026-05-12 20:23:55
7701	294	285	10.02	\N	2026-05-12 20:23:55	2026-05-12 20:23:55
7702	294	286	11.96	\N	2026-05-12 20:23:55	2026-05-12 20:23:55
7703	294	287	14.02	\N	2026-05-12 20:23:55	2026-05-12 20:23:55
7704	294	288	14.14	\N	2026-05-12 20:23:55	2026-05-12 20:23:55
7705	294	289	15.44	\N	2026-05-12 20:23:55	2026-05-12 20:23:55
7706	294	290	11.56	\N	2026-05-12 20:23:55	2026-05-12 20:23:55
7707	294	291	14.80	\N	2026-05-12 20:23:55	2026-05-12 20:23:55
7708	294	292	9.08	\N	2026-05-12 20:23:55	2026-05-12 20:23:55
7709	294	293	16.00	\N	2026-05-12 20:23:56	2026-05-12 20:23:56
7710	294	294	10.46	\N	2026-05-12 20:23:56	2026-05-12 20:23:56
7711	294	295	12.64	\N	2026-05-12 20:23:56	2026-05-12 20:23:56
7712	294	296	10.54	\N	2026-05-12 20:23:56	2026-05-12 20:23:56
7713	294	297	11.32	\N	2026-05-12 20:23:56	2026-05-12 20:23:56
7714	294	298	6.65	\N	2026-05-12 20:23:56	2026-05-12 20:23:56
7715	294	299	5.78	\N	2026-05-12 20:23:56	2026-05-12 20:23:56
7716	294	300	11.18	\N	2026-05-12 20:23:56	2026-05-12 20:23:56
7717	294	301	15.72	\N	2026-05-12 20:23:56	2026-05-12 20:23:56
7718	294	302	13.98	\N	2026-05-12 20:23:56	2026-05-12 20:23:56
7719	294	303	8.24	\N	2026-05-12 20:23:56	2026-05-12 20:23:56
7720	294	304	8.16	\N	2026-05-12 20:23:56	2026-05-12 20:23:56
7721	294	305	10.66	\N	2026-05-12 20:23:56	2026-05-12 20:23:56
7722	294	306	1.90	\N	2026-05-12 20:23:56	2026-05-12 20:23:56
7723	294	307	1.35	\N	2026-05-12 20:23:56	2026-05-12 20:23:56
7724	294	308	15.84	\N	2026-05-12 20:23:56	2026-05-12 20:23:56
7725	294	309	1.60	\N	2026-05-12 20:23:56	2026-05-12 20:23:56
7726	294	310	9.16	\N	2026-05-12 20:23:56	2026-05-12 20:23:56
7727	294	311	9.62	\N	2026-05-12 20:23:56	2026-05-12 20:23:56
7728	294	312	14.64	\N	2026-05-12 20:23:56	2026-05-12 20:23:56
7729	294	313	10.96	\N	2026-05-12 20:23:56	2026-05-12 20:23:56
7730	294	314	3.45	\N	2026-05-12 20:23:56	2026-05-12 20:23:56
7731	294	315	15.58	\N	2026-05-12 20:23:56	2026-05-12 20:23:56
7732	294	316	16.64	\N	2026-05-12 20:23:56	2026-05-12 20:23:56
7733	295	285	10.42	\N	2026-05-12 20:23:56	2026-05-12 20:23:56
7734	295	286	13.76	\N	2026-05-12 20:23:56	2026-05-12 20:23:56
7735	295	287	14.22	\N	2026-05-12 20:23:56	2026-05-12 20:23:56
7736	295	288	10.68	\N	2026-05-12 20:23:56	2026-05-12 20:23:56
7737	295	289	11.00	\N	2026-05-12 20:23:56	2026-05-12 20:23:56
7738	295	290	15.32	\N	2026-05-12 20:23:56	2026-05-12 20:23:56
7739	295	291	10.08	\N	2026-05-12 20:23:56	2026-05-12 20:23:56
7740	295	292	7.22	\N	2026-05-12 20:23:56	2026-05-12 20:23:56
7741	295	293	1.55	\N	2026-05-12 20:23:56	2026-05-12 20:23:56
7742	295	294	8.66	\N	2026-05-12 20:23:56	2026-05-12 20:23:56
7743	295	295	15.88	\N	2026-05-12 20:23:56	2026-05-12 20:23:56
7744	295	296	15.76	\N	2026-05-12 20:23:56	2026-05-12 20:23:56
7745	295	297	13.56	\N	2026-05-12 20:23:56	2026-05-12 20:23:56
7746	295	298	15.94	\N	2026-05-12 20:23:56	2026-05-12 20:23:56
7747	295	299	9.48	\N	2026-05-12 20:23:56	2026-05-12 20:23:56
7748	295	300	15.16	\N	2026-05-12 20:23:56	2026-05-12 20:23:56
7749	295	301	10.52	\N	2026-05-12 20:23:56	2026-05-12 20:23:56
7750	295	302	13.20	\N	2026-05-12 20:23:56	2026-05-12 20:23:56
7751	295	303	15.92	\N	2026-05-12 20:23:56	2026-05-12 20:23:56
7752	295	304	8.52	\N	2026-05-12 20:23:56	2026-05-12 20:23:56
7753	295	305	10.42	\N	2026-05-12 20:23:56	2026-05-12 20:23:56
7754	295	306	10.24	\N	2026-05-12 20:23:56	2026-05-12 20:23:56
7755	295	307	8.54	\N	2026-05-12 20:23:56	2026-05-12 20:23:56
7756	295	308	16.90	\N	2026-05-12 20:23:56	2026-05-12 20:23:56
7757	295	309	5.00	\N	2026-05-12 20:23:56	2026-05-12 20:23:56
7758	295	310	9.18	\N	2026-05-12 20:23:56	2026-05-12 20:23:56
7759	295	311	10.20	\N	2026-05-12 20:23:56	2026-05-12 20:23:56
7760	295	312	13.32	\N	2026-05-12 20:23:56	2026-05-12 20:23:56
7761	295	313	13.86	\N	2026-05-12 20:23:56	2026-05-12 20:23:56
7762	295	314	17.24	\N	2026-05-12 20:23:56	2026-05-12 20:23:56
7763	295	315	1.95	\N	2026-05-12 20:23:56	2026-05-12 20:23:56
7764	295	316	8.42	\N	2026-05-12 20:23:56	2026-05-12 20:23:56
7765	296	285	11.24	\N	2026-05-12 20:23:56	2026-05-12 20:23:56
7766	296	286	11.70	\N	2026-05-12 20:23:56	2026-05-12 20:23:56
7767	296	287	10.50	\N	2026-05-12 20:23:56	2026-05-12 20:23:56
7768	296	288	12.84	\N	2026-05-12 20:23:56	2026-05-12 20:23:56
7769	296	289	14.38	\N	2026-05-12 20:23:56	2026-05-12 20:23:56
7770	296	290	12.86	\N	2026-05-12 20:23:56	2026-05-12 20:23:56
7771	296	291	7.07	\N	2026-05-12 20:23:56	2026-05-12 20:23:56
7772	296	292	18.00	\N	2026-05-12 20:23:56	2026-05-12 20:23:56
7773	296	293	11.90	\N	2026-05-12 20:23:56	2026-05-12 20:23:56
7774	296	294	9.42	\N	2026-05-12 20:23:56	2026-05-12 20:23:56
7775	296	295	10.98	\N	2026-05-12 20:23:56	2026-05-12 20:23:56
7776	296	296	8.02	\N	2026-05-12 20:23:56	2026-05-12 20:23:56
7777	296	297	8.82	\N	2026-05-12 20:23:56	2026-05-12 20:23:56
7778	296	298	12.00	\N	2026-05-12 20:23:56	2026-05-12 20:23:56
7779	296	299	18.00	\N	2026-05-12 20:23:56	2026-05-12 20:23:56
7780	296	300	13.72	\N	2026-05-12 20:23:56	2026-05-12 20:23:56
7781	296	301	7.55	\N	2026-05-12 20:23:56	2026-05-12 20:23:56
7782	296	302	12.04	\N	2026-05-12 20:23:56	2026-05-12 20:23:56
7783	296	303	14.54	\N	2026-05-12 20:23:56	2026-05-12 20:23:56
7784	296	304	3.30	\N	2026-05-12 20:23:56	2026-05-12 20:23:56
7785	296	305	11.08	\N	2026-05-12 20:23:56	2026-05-12 20:23:56
7786	296	306	11.56	\N	2026-05-12 20:23:56	2026-05-12 20:23:56
7787	296	307	11.90	\N	2026-05-12 20:23:56	2026-05-12 20:23:56
7788	296	308	13.30	\N	2026-05-12 20:23:56	2026-05-12 20:23:56
7789	296	309	12.88	\N	2026-05-12 20:23:56	2026-05-12 20:23:56
7790	296	310	16.38	\N	2026-05-12 20:23:56	2026-05-12 20:23:56
7791	296	311	12.00	\N	2026-05-12 20:23:56	2026-05-12 20:23:56
7792	296	312	5.27	\N	2026-05-12 20:23:56	2026-05-12 20:23:56
7793	296	313	11.18	\N	2026-05-12 20:23:56	2026-05-12 20:23:56
7794	296	314	11.70	\N	2026-05-12 20:23:56	2026-05-12 20:23:56
7795	296	315	9.86	\N	2026-05-12 20:23:57	2026-05-12 20:23:57
7796	296	316	11.28	\N	2026-05-12 20:23:57	2026-05-12 20:23:57
7797	297	285	13.06	\N	2026-05-12 20:23:57	2026-05-12 20:23:57
7798	297	286	14.22	\N	2026-05-12 20:23:57	2026-05-12 20:23:57
7799	297	287	1.10	\N	2026-05-12 20:23:57	2026-05-12 20:23:57
7800	297	288	12.88	\N	2026-05-12 20:23:57	2026-05-12 20:23:57
7801	297	289	9.78	\N	2026-05-12 20:23:57	2026-05-12 20:23:57
7802	297	290	13.02	\N	2026-05-12 20:23:57	2026-05-12 20:23:57
7803	297	291	3.65	\N	2026-05-12 20:23:57	2026-05-12 20:23:57
7804	297	292	11.86	\N	2026-05-12 20:23:57	2026-05-12 20:23:57
7805	297	293	15.92	\N	2026-05-12 20:23:57	2026-05-12 20:23:57
7806	297	294	11.78	\N	2026-05-12 20:23:57	2026-05-12 20:23:57
7807	297	295	13.40	\N	2026-05-12 20:23:57	2026-05-12 20:23:57
7808	297	296	9.94	\N	2026-05-12 20:23:57	2026-05-12 20:23:57
7809	297	297	5.09	\N	2026-05-12 20:23:57	2026-05-12 20:23:57
7810	297	298	2.10	\N	2026-05-12 20:23:57	2026-05-12 20:23:57
7811	297	299	15.44	\N	2026-05-12 20:23:57	2026-05-12 20:23:57
7812	297	300	9.42	\N	2026-05-12 20:23:57	2026-05-12 20:23:57
7813	297	301	9.36	\N	2026-05-12 20:23:57	2026-05-12 20:23:57
7814	297	302	10.46	\N	2026-05-12 20:23:57	2026-05-12 20:23:57
7815	297	303	13.94	\N	2026-05-12 20:23:57	2026-05-12 20:23:57
7816	297	304	15.44	\N	2026-05-12 20:23:57	2026-05-12 20:23:57
7817	297	305	0.70	\N	2026-05-12 20:23:57	2026-05-12 20:23:57
7818	297	306	11.76	\N	2026-05-12 20:23:57	2026-05-12 20:23:57
7819	297	307	11.74	\N	2026-05-12 20:23:57	2026-05-12 20:23:57
7820	297	308	14.48	\N	2026-05-12 20:23:57	2026-05-12 20:23:57
7821	297	309	14.34	\N	2026-05-12 20:23:57	2026-05-12 20:23:57
7822	297	310	12.48	\N	2026-05-12 20:23:57	2026-05-12 20:23:57
7823	297	311	12.80	\N	2026-05-12 20:23:57	2026-05-12 20:23:57
7824	297	312	10.28	\N	2026-05-12 20:23:57	2026-05-12 20:23:57
7825	297	313	13.48	\N	2026-05-12 20:23:57	2026-05-12 20:23:57
7826	297	314	16.50	\N	2026-05-12 20:23:57	2026-05-12 20:23:57
7827	297	315	8.12	\N	2026-05-12 20:23:57	2026-05-12 20:23:57
7828	297	316	12.20	\N	2026-05-12 20:23:57	2026-05-12 20:23:57
7829	298	285	10.46	\N	2026-05-12 20:23:57	2026-05-12 20:23:57
7830	298	286	11.88	\N	2026-05-12 20:23:57	2026-05-12 20:23:57
7831	298	287	8.40	\N	2026-05-12 20:23:57	2026-05-12 20:23:57
7832	298	288	8.88	\N	2026-05-12 20:23:57	2026-05-12 20:23:57
7833	298	289	8.88	\N	2026-05-12 20:23:57	2026-05-12 20:23:57
7834	298	290	8.00	\N	2026-05-12 20:23:57	2026-05-12 20:23:57
7835	298	291	2.70	\N	2026-05-12 20:23:57	2026-05-12 20:23:57
7836	298	292	13.40	\N	2026-05-12 20:23:57	2026-05-12 20:23:57
7837	298	293	15.38	\N	2026-05-12 20:23:57	2026-05-12 20:23:57
7838	298	294	15.20	\N	2026-05-12 20:23:57	2026-05-12 20:23:57
7839	298	295	11.96	\N	2026-05-12 20:23:57	2026-05-12 20:23:57
7840	298	296	8.96	\N	2026-05-12 20:23:57	2026-05-12 20:23:57
7841	298	297	14.58	\N	2026-05-12 20:23:57	2026-05-12 20:23:57
7842	298	298	6.17	\N	2026-05-12 20:23:57	2026-05-12 20:23:57
7843	298	299	9.76	\N	2026-05-12 20:23:57	2026-05-12 20:23:57
7844	298	300	14.98	\N	2026-05-12 20:23:57	2026-05-12 20:23:57
7845	298	301	3.80	\N	2026-05-12 20:23:57	2026-05-12 20:23:57
7846	298	302	15.26	\N	2026-05-12 20:23:57	2026-05-12 20:23:57
7847	298	303	13.22	\N	2026-05-12 20:23:57	2026-05-12 20:23:57
7848	298	304	10.26	\N	2026-05-12 20:23:57	2026-05-12 20:23:57
7849	298	305	9.90	\N	2026-05-12 20:23:57	2026-05-12 20:23:57
7850	298	306	7.01	\N	2026-05-12 20:23:57	2026-05-12 20:23:57
7851	298	307	9.74	\N	2026-05-12 20:23:57	2026-05-12 20:23:57
7852	298	308	11.38	\N	2026-05-12 20:23:57	2026-05-12 20:23:57
7853	298	309	5.27	\N	2026-05-12 20:23:57	2026-05-12 20:23:57
7854	298	310	8.84	\N	2026-05-12 20:23:57	2026-05-12 20:23:57
7855	298	311	8.26	\N	2026-05-12 20:23:57	2026-05-12 20:23:57
7856	298	312	12.32	\N	2026-05-12 20:23:57	2026-05-12 20:23:57
7857	298	313	12.10	\N	2026-05-12 20:23:57	2026-05-12 20:23:57
7858	298	314	15.58	\N	2026-05-12 20:23:57	2026-05-12 20:23:57
7859	298	315	7.13	\N	2026-05-12 20:23:57	2026-05-12 20:23:57
7860	298	316	8.56	\N	2026-05-12 20:23:57	2026-05-12 20:23:57
7861	299	285	17.72	\N	2026-05-12 20:23:57	2026-05-12 20:23:57
7862	299	286	10.12	\N	2026-05-12 20:23:57	2026-05-12 20:23:57
7863	299	287	10.14	\N	2026-05-12 20:23:57	2026-05-12 20:23:57
7864	299	288	10.46	\N	2026-05-12 20:23:57	2026-05-12 20:23:57
7865	299	289	11.46	\N	2026-05-12 20:23:57	2026-05-12 20:23:57
7866	299	290	13.62	\N	2026-05-12 20:23:57	2026-05-12 20:23:57
7867	299	291	14.64	\N	2026-05-12 20:23:57	2026-05-12 20:23:57
7868	299	292	7.94	\N	2026-05-12 20:23:57	2026-05-12 20:23:57
7869	299	293	1.80	\N	2026-05-12 20:23:57	2026-05-12 20:23:57
7870	299	294	8.14	\N	2026-05-12 20:23:57	2026-05-12 20:23:57
7871	299	295	11.06	\N	2026-05-12 20:23:57	2026-05-12 20:23:57
7872	299	296	10.14	\N	2026-05-12 20:23:57	2026-05-12 20:23:57
7873	299	297	9.00	\N	2026-05-12 20:23:57	2026-05-12 20:23:57
7874	299	298	11.96	\N	2026-05-12 20:23:57	2026-05-12 20:23:57
7875	299	299	9.40	\N	2026-05-12 20:23:57	2026-05-12 20:23:57
7876	299	300	8.72	\N	2026-05-12 20:23:57	2026-05-12 20:23:57
7877	299	301	11.64	\N	2026-05-12 20:23:58	2026-05-12 20:23:58
7878	299	302	17.84	\N	2026-05-12 20:23:58	2026-05-12 20:23:58
7879	299	303	8.88	\N	2026-05-12 20:23:58	2026-05-12 20:23:58
7880	299	304	8.14	\N	2026-05-12 20:23:58	2026-05-12 20:23:58
7881	299	305	17.12	\N	2026-05-12 20:23:58	2026-05-12 20:23:58
7882	299	306	11.40	\N	2026-05-12 20:23:58	2026-05-12 20:23:58
7883	299	307	8.90	\N	2026-05-12 20:23:58	2026-05-12 20:23:58
7884	299	308	11.22	\N	2026-05-12 20:23:58	2026-05-12 20:23:58
7885	299	309	11.42	\N	2026-05-12 20:23:58	2026-05-12 20:23:58
7886	299	310	6.68	\N	2026-05-12 20:23:58	2026-05-12 20:23:58
7887	299	311	11.44	\N	2026-05-12 20:23:58	2026-05-12 20:23:58
7888	299	312	19.00	\N	2026-05-12 20:23:58	2026-05-12 20:23:58
7889	299	313	13.10	\N	2026-05-12 20:23:58	2026-05-12 20:23:58
7890	299	314	6.41	\N	2026-05-12 20:23:58	2026-05-12 20:23:58
7891	299	315	8.90	\N	2026-05-12 20:23:58	2026-05-12 20:23:58
7892	299	316	10.40	\N	2026-05-12 20:23:58	2026-05-12 20:23:58
7893	300	285	14.34	\N	2026-05-12 20:23:58	2026-05-12 20:23:58
7894	300	286	11.84	\N	2026-05-12 20:23:58	2026-05-12 20:23:58
7895	300	287	12.16	\N	2026-05-12 20:23:58	2026-05-12 20:23:58
7896	300	288	5.27	\N	2026-05-12 20:23:58	2026-05-12 20:23:58
7897	300	289	10.44	\N	2026-05-12 20:23:58	2026-05-12 20:23:58
7898	300	290	11.90	\N	2026-05-12 20:23:58	2026-05-12 20:23:58
7899	300	291	8.48	\N	2026-05-12 20:23:58	2026-05-12 20:23:58
7900	300	292	18.68	\N	2026-05-12 20:23:58	2026-05-12 20:23:58
7901	300	293	12.72	\N	2026-05-12 20:23:58	2026-05-12 20:23:58
7902	300	294	10.48	\N	2026-05-12 20:23:58	2026-05-12 20:23:58
7903	300	295	15.90	\N	2026-05-12 20:23:58	2026-05-12 20:23:58
7904	300	296	8.10	\N	2026-05-12 20:23:58	2026-05-12 20:23:58
7905	300	297	12.42	\N	2026-05-12 20:23:58	2026-05-12 20:23:58
7906	300	298	10.66	\N	2026-05-12 20:23:58	2026-05-12 20:23:58
7907	300	299	9.60	\N	2026-05-12 20:23:58	2026-05-12 20:23:58
7908	300	300	8.86	\N	2026-05-12 20:23:58	2026-05-12 20:23:58
7909	300	301	13.90	\N	2026-05-12 20:23:58	2026-05-12 20:23:58
7910	300	302	15.86	\N	2026-05-12 20:23:58	2026-05-12 20:23:58
7911	300	303	10.26	\N	2026-05-12 20:23:58	2026-05-12 20:23:58
7912	300	304	9.52	\N	2026-05-12 20:23:58	2026-05-12 20:23:58
7913	300	305	8.26	\N	2026-05-12 20:23:58	2026-05-12 20:23:58
7914	300	306	15.42	\N	2026-05-12 20:23:58	2026-05-12 20:23:58
7915	300	307	10.42	\N	2026-05-12 20:23:58	2026-05-12 20:23:58
7916	300	308	9.80	\N	2026-05-12 20:23:58	2026-05-12 20:23:58
7917	300	309	14.18	\N	2026-05-12 20:23:58	2026-05-12 20:23:58
7918	300	310	14.00	\N	2026-05-12 20:23:58	2026-05-12 20:23:58
7919	300	311	11.54	\N	2026-05-12 20:23:58	2026-05-12 20:23:58
7920	300	312	5.96	\N	2026-05-12 20:23:58	2026-05-12 20:23:58
7921	300	313	13.26	\N	2026-05-12 20:23:58	2026-05-12 20:23:58
7922	300	314	12.84	\N	2026-05-12 20:23:58	2026-05-12 20:23:58
7923	300	315	17.42	\N	2026-05-12 20:23:58	2026-05-12 20:23:58
7924	300	316	10.70	\N	2026-05-12 20:23:58	2026-05-12 20:23:58
7925	301	317	11.54	\N	2026-05-12 20:23:58	2026-05-12 20:23:58
7926	301	318	8.04	\N	2026-05-12 20:23:58	2026-05-12 20:23:58
7927	301	319	12.02	\N	2026-05-12 20:23:58	2026-05-12 20:23:58
7928	301	320	13.56	\N	2026-05-12 20:23:58	2026-05-12 20:23:58
7929	301	321	9.86	\N	2026-05-12 20:23:58	2026-05-12 20:23:58
7930	301	322	0.05	\N	2026-05-12 20:23:59	2026-05-12 20:23:59
7931	301	323	11.56	\N	2026-05-12 20:23:59	2026-05-12 20:23:59
7932	301	324	13.18	\N	2026-05-12 20:23:59	2026-05-12 20:23:59
7933	301	325	15.48	\N	2026-05-12 20:23:59	2026-05-12 20:23:59
7934	301	326	8.86	\N	2026-05-12 20:23:59	2026-05-12 20:23:59
7935	301	327	1.85	\N	2026-05-12 20:23:59	2026-05-12 20:23:59
7936	301	328	8.96	\N	2026-05-12 20:23:59	2026-05-12 20:23:59
7937	301	329	11.18	\N	2026-05-12 20:23:59	2026-05-12 20:23:59
7938	301	330	10.26	\N	2026-05-12 20:23:59	2026-05-12 20:23:59
7939	301	331	11.66	\N	2026-05-12 20:23:59	2026-05-12 20:23:59
7940	301	332	8.22	\N	2026-05-12 20:23:59	2026-05-12 20:23:59
7941	301	333	6.14	\N	2026-05-12 20:23:59	2026-05-12 20:23:59
7942	301	334	11.02	\N	2026-05-12 20:23:59	2026-05-12 20:23:59
7943	301	335	11.54	\N	2026-05-12 20:23:59	2026-05-12 20:23:59
7944	301	336	5.42	\N	2026-05-12 20:23:59	2026-05-12 20:23:59
7945	301	337	12.02	\N	2026-05-12 20:23:59	2026-05-12 20:23:59
7946	301	338	12.62	\N	2026-05-12 20:23:59	2026-05-12 20:23:59
7947	301	339	10.76	\N	2026-05-12 20:23:59	2026-05-12 20:23:59
7948	301	340	3.85	\N	2026-05-12 20:23:59	2026-05-12 20:23:59
7949	301	341	8.86	\N	2026-05-12 20:23:59	2026-05-12 20:23:59
7950	301	342	8.28	\N	2026-05-12 20:23:59	2026-05-12 20:23:59
7951	301	343	1.25	\N	2026-05-12 20:23:59	2026-05-12 20:23:59
7952	301	344	9.98	\N	2026-05-12 20:23:59	2026-05-12 20:23:59
7953	301	345	13.00	\N	2026-05-12 20:23:59	2026-05-12 20:23:59
7954	301	346	11.80	\N	2026-05-12 20:23:59	2026-05-12 20:23:59
7955	301	347	6.74	\N	2026-05-12 20:23:59	2026-05-12 20:23:59
7956	301	348	13.62	\N	2026-05-12 20:23:59	2026-05-12 20:23:59
7957	302	317	10.24	\N	2026-05-12 20:23:59	2026-05-12 20:23:59
7958	302	318	6.23	\N	2026-05-12 20:23:59	2026-05-12 20:23:59
7959	302	319	13.46	\N	2026-05-12 20:23:59	2026-05-12 20:23:59
7960	302	320	6.17	\N	2026-05-12 20:23:59	2026-05-12 20:23:59
7961	302	321	13.98	\N	2026-05-12 20:23:59	2026-05-12 20:23:59
7962	302	322	12.44	\N	2026-05-12 20:23:59	2026-05-12 20:23:59
7963	302	323	12.48	\N	2026-05-12 20:23:59	2026-05-12 20:23:59
7964	302	324	9.30	\N	2026-05-12 20:23:59	2026-05-12 20:23:59
7965	302	325	11.66	\N	2026-05-12 20:23:59	2026-05-12 20:23:59
7966	302	326	12.58	\N	2026-05-12 20:23:59	2026-05-12 20:23:59
7967	302	327	15.96	\N	2026-05-12 20:23:59	2026-05-12 20:23:59
7968	302	328	8.92	\N	2026-05-12 20:23:59	2026-05-12 20:23:59
7969	302	329	18.50	\N	2026-05-12 20:23:59	2026-05-12 20:23:59
7970	302	330	0.35	\N	2026-05-12 20:23:59	2026-05-12 20:23:59
7971	302	331	8.38	\N	2026-05-12 20:23:59	2026-05-12 20:23:59
7972	302	332	19.46	\N	2026-05-12 20:23:59	2026-05-12 20:23:59
7973	302	333	4.45	\N	2026-05-12 20:23:59	2026-05-12 20:23:59
7974	302	334	11.88	\N	2026-05-12 20:23:59	2026-05-12 20:23:59
7975	302	335	14.06	\N	2026-05-12 20:23:59	2026-05-12 20:23:59
7976	302	336	15.38	\N	2026-05-12 20:23:59	2026-05-12 20:23:59
7977	302	337	6.77	\N	2026-05-12 20:23:59	2026-05-12 20:23:59
7978	302	338	10.36	\N	2026-05-12 20:23:59	2026-05-12 20:23:59
7979	302	339	10.90	\N	2026-05-12 20:23:59	2026-05-12 20:23:59
7980	302	340	15.64	\N	2026-05-12 20:23:59	2026-05-12 20:23:59
7981	302	341	12.18	\N	2026-05-12 20:23:59	2026-05-12 20:23:59
7982	302	342	8.38	\N	2026-05-12 20:23:59	2026-05-12 20:23:59
7983	302	343	5.93	\N	2026-05-12 20:23:59	2026-05-12 20:23:59
7984	302	344	11.18	\N	2026-05-12 20:23:59	2026-05-12 20:23:59
7985	302	345	10.06	\N	2026-05-12 20:23:59	2026-05-12 20:23:59
7986	302	346	17.24	\N	2026-05-12 20:23:59	2026-05-12 20:23:59
7987	302	347	14.40	\N	2026-05-12 20:23:59	2026-05-12 20:23:59
7988	302	348	12.64	\N	2026-05-12 20:23:59	2026-05-12 20:23:59
7989	303	317	8.26	\N	2026-05-12 20:23:59	2026-05-12 20:23:59
7990	303	318	13.46	\N	2026-05-12 20:23:59	2026-05-12 20:23:59
7991	303	319	5.00	\N	2026-05-12 20:23:59	2026-05-12 20:23:59
7992	303	320	5.66	\N	2026-05-12 20:23:59	2026-05-12 20:23:59
7993	303	321	6.17	\N	2026-05-12 20:23:59	2026-05-12 20:23:59
7994	303	322	8.48	\N	2026-05-12 20:23:59	2026-05-12 20:23:59
7995	303	323	8.62	\N	2026-05-12 20:23:59	2026-05-12 20:23:59
7996	303	324	9.16	\N	2026-05-12 20:23:59	2026-05-12 20:23:59
7997	303	325	8.00	\N	2026-05-12 20:23:59	2026-05-12 20:23:59
7998	303	326	16.78	\N	2026-05-12 20:23:59	2026-05-12 20:23:59
7999	303	327	15.46	\N	2026-05-12 20:23:59	2026-05-12 20:23:59
8000	303	328	12.88	\N	2026-05-12 20:23:59	2026-05-12 20:23:59
8001	303	329	10.72	\N	2026-05-12 20:23:59	2026-05-12 20:23:59
8002	303	330	15.22	\N	2026-05-12 20:23:59	2026-05-12 20:23:59
8003	303	331	13.52	\N	2026-05-12 20:23:59	2026-05-12 20:23:59
8004	303	332	19.70	\N	2026-05-12 20:23:59	2026-05-12 20:23:59
8005	303	333	8.58	\N	2026-05-12 20:23:59	2026-05-12 20:23:59
8006	303	334	10.74	\N	2026-05-12 20:23:59	2026-05-12 20:23:59
8007	303	335	8.94	\N	2026-05-12 20:23:59	2026-05-12 20:23:59
8008	303	336	8.22	\N	2026-05-12 20:23:59	2026-05-12 20:23:59
8009	303	337	13.82	\N	2026-05-12 20:23:59	2026-05-12 20:23:59
8010	303	338	13.42	\N	2026-05-12 20:23:59	2026-05-12 20:23:59
8011	303	339	15.44	\N	2026-05-12 20:23:59	2026-05-12 20:23:59
8012	303	340	13.06	\N	2026-05-12 20:23:59	2026-05-12 20:23:59
8013	303	341	17.76	\N	2026-05-12 20:23:59	2026-05-12 20:23:59
8014	303	342	13.04	\N	2026-05-12 20:23:59	2026-05-12 20:23:59
8015	303	343	6.98	\N	2026-05-12 20:23:59	2026-05-12 20:23:59
8016	303	344	19.76	\N	2026-05-12 20:24:00	2026-05-12 20:24:00
8017	303	345	15.28	\N	2026-05-12 20:24:00	2026-05-12 20:24:00
8018	303	346	9.92	\N	2026-05-12 20:24:00	2026-05-12 20:24:00
8019	303	347	10.64	\N	2026-05-12 20:24:00	2026-05-12 20:24:00
8020	303	348	8.68	\N	2026-05-12 20:24:00	2026-05-12 20:24:00
8021	304	317	11.74	\N	2026-05-12 20:24:00	2026-05-12 20:24:00
8022	304	318	10.72	\N	2026-05-12 20:24:00	2026-05-12 20:24:00
8023	304	319	14.24	\N	2026-05-12 20:24:00	2026-05-12 20:24:00
8024	304	320	17.80	\N	2026-05-12 20:24:00	2026-05-12 20:24:00
8025	304	321	7.49	\N	2026-05-12 20:24:00	2026-05-12 20:24:00
8026	304	322	12.56	\N	2026-05-12 20:24:00	2026-05-12 20:24:00
8027	304	323	9.04	\N	2026-05-12 20:24:00	2026-05-12 20:24:00
8028	304	324	8.20	\N	2026-05-12 20:24:00	2026-05-12 20:24:00
8029	304	325	19.94	\N	2026-05-12 20:24:00	2026-05-12 20:24:00
8030	304	326	8.22	\N	2026-05-12 20:24:00	2026-05-12 20:24:00
8031	304	327	13.08	\N	2026-05-12 20:24:00	2026-05-12 20:24:00
8032	304	328	8.24	\N	2026-05-12 20:24:00	2026-05-12 20:24:00
8033	304	329	9.90	\N	2026-05-12 20:24:00	2026-05-12 20:24:00
8034	304	330	11.74	\N	2026-05-12 20:24:00	2026-05-12 20:24:00
8035	304	331	11.06	\N	2026-05-12 20:24:00	2026-05-12 20:24:00
8036	304	332	13.66	\N	2026-05-12 20:24:00	2026-05-12 20:24:00
8037	304	333	7.76	\N	2026-05-12 20:24:00	2026-05-12 20:24:00
8038	304	334	10.38	\N	2026-05-12 20:24:00	2026-05-12 20:24:00
8039	304	335	5.48	\N	2026-05-12 20:24:00	2026-05-12 20:24:00
8040	304	336	12.38	\N	2026-05-12 20:24:00	2026-05-12 20:24:00
8041	304	337	19.62	\N	2026-05-12 20:24:00	2026-05-12 20:24:00
8042	304	338	14.86	\N	2026-05-12 20:24:00	2026-05-12 20:24:00
8043	304	339	12.08	\N	2026-05-12 20:24:00	2026-05-12 20:24:00
8044	304	340	13.30	\N	2026-05-12 20:24:00	2026-05-12 20:24:00
8045	304	341	11.94	\N	2026-05-12 20:24:00	2026-05-12 20:24:00
8046	304	342	14.64	\N	2026-05-12 20:24:00	2026-05-12 20:24:00
8047	304	343	10.62	\N	2026-05-12 20:24:00	2026-05-12 20:24:00
8048	304	344	16.90	\N	2026-05-12 20:24:00	2026-05-12 20:24:00
8049	304	345	15.54	\N	2026-05-12 20:24:00	2026-05-12 20:24:00
8050	304	346	10.00	\N	2026-05-12 20:24:00	2026-05-12 20:24:00
8051	304	347	11.60	\N	2026-05-12 20:24:00	2026-05-12 20:24:00
8052	304	348	10.56	\N	2026-05-12 20:24:00	2026-05-12 20:24:00
8053	305	317	9.24	\N	2026-05-12 20:24:00	2026-05-12 20:24:00
8054	305	318	13.48	\N	2026-05-12 20:24:00	2026-05-12 20:24:00
8055	305	319	11.90	\N	2026-05-12 20:24:00	2026-05-12 20:24:00
8056	305	320	8.10	\N	2026-05-12 20:24:00	2026-05-12 20:24:00
8057	305	321	12.20	\N	2026-05-12 20:24:00	2026-05-12 20:24:00
8058	305	322	11.50	\N	2026-05-12 20:24:00	2026-05-12 20:24:00
8059	305	323	9.82	\N	2026-05-12 20:24:00	2026-05-12 20:24:00
8060	305	324	7.97	\N	2026-05-12 20:24:00	2026-05-12 20:24:00
8061	305	325	13.46	\N	2026-05-12 20:24:00	2026-05-12 20:24:00
8062	305	326	7.43	\N	2026-05-12 20:24:00	2026-05-12 20:24:00
8063	305	327	10.72	\N	2026-05-12 20:24:00	2026-05-12 20:24:00
8064	305	328	11.14	\N	2026-05-12 20:24:00	2026-05-12 20:24:00
8065	305	329	19.86	\N	2026-05-12 20:24:00	2026-05-12 20:24:00
8066	305	330	10.80	\N	2026-05-12 20:24:00	2026-05-12 20:24:00
8067	305	331	9.88	\N	2026-05-12 20:24:00	2026-05-12 20:24:00
8068	305	332	12.00	\N	2026-05-12 20:24:00	2026-05-12 20:24:00
8069	305	333	17.46	\N	2026-05-12 20:24:00	2026-05-12 20:24:00
8070	305	334	9.72	\N	2026-05-12 20:24:00	2026-05-12 20:24:00
8071	305	335	12.42	\N	2026-05-12 20:24:00	2026-05-12 20:24:00
8072	305	336	15.24	\N	2026-05-12 20:24:00	2026-05-12 20:24:00
8073	305	337	14.70	\N	2026-05-12 20:24:00	2026-05-12 20:24:00
8074	305	338	12.34	\N	2026-05-12 20:24:00	2026-05-12 20:24:00
8075	305	339	5.99	\N	2026-05-12 20:24:00	2026-05-12 20:24:00
8076	305	340	11.70	\N	2026-05-12 20:24:00	2026-05-12 20:24:00
8077	305	341	15.90	\N	2026-05-12 20:24:00	2026-05-12 20:24:00
8078	305	342	9.64	\N	2026-05-12 20:24:01	2026-05-12 20:24:01
8079	305	343	4.10	\N	2026-05-12 20:24:01	2026-05-12 20:24:01
8080	305	344	10.88	\N	2026-05-12 20:24:01	2026-05-12 20:24:01
8081	305	345	10.74	\N	2026-05-12 20:24:01	2026-05-12 20:24:01
8082	305	346	12.26	\N	2026-05-12 20:24:01	2026-05-12 20:24:01
8083	305	347	19.76	\N	2026-05-12 20:24:01	2026-05-12 20:24:01
8084	305	348	15.30	\N	2026-05-12 20:24:01	2026-05-12 20:24:01
8085	306	317	12.32	\N	2026-05-12 20:24:01	2026-05-12 20:24:01
8086	306	318	15.02	\N	2026-05-12 20:24:01	2026-05-12 20:24:01
8087	306	319	14.22	\N	2026-05-12 20:24:01	2026-05-12 20:24:01
8088	306	320	11.46	\N	2026-05-12 20:24:01	2026-05-12 20:24:01
8089	306	321	15.54	\N	2026-05-12 20:24:01	2026-05-12 20:24:01
8090	306	322	9.92	\N	2026-05-12 20:24:01	2026-05-12 20:24:01
8091	306	323	13.02	\N	2026-05-12 20:24:01	2026-05-12 20:24:01
8092	306	324	6.41	\N	2026-05-12 20:24:01	2026-05-12 20:24:01
8093	306	325	16.44	\N	2026-05-12 20:24:01	2026-05-12 20:24:01
8094	306	326	8.86	\N	2026-05-12 20:24:01	2026-05-12 20:24:01
8095	306	327	14.88	\N	2026-05-12 20:24:01	2026-05-12 20:24:01
8096	306	328	2.60	\N	2026-05-12 20:24:01	2026-05-12 20:24:01
8097	306	329	13.32	\N	2026-05-12 20:24:01	2026-05-12 20:24:01
8098	306	330	1.50	\N	2026-05-12 20:24:01	2026-05-12 20:24:01
8099	306	331	13.52	\N	2026-05-12 20:24:01	2026-05-12 20:24:01
8100	306	332	8.40	\N	2026-05-12 20:24:01	2026-05-12 20:24:01
8101	306	333	14.80	\N	2026-05-12 20:24:01	2026-05-12 20:24:01
8102	306	334	12.26	\N	2026-05-12 20:24:01	2026-05-12 20:24:01
8103	306	335	12.44	\N	2026-05-12 20:24:01	2026-05-12 20:24:01
8104	306	336	11.54	\N	2026-05-12 20:24:01	2026-05-12 20:24:01
8105	306	337	13.32	\N	2026-05-12 20:24:01	2026-05-12 20:24:01
8106	306	338	6.92	\N	2026-05-12 20:24:01	2026-05-12 20:24:01
8107	306	339	10.88	\N	2026-05-12 20:24:01	2026-05-12 20:24:01
8108	306	340	9.26	\N	2026-05-12 20:24:01	2026-05-12 20:24:01
8109	306	341	14.14	\N	2026-05-12 20:24:01	2026-05-12 20:24:01
8110	306	342	14.12	\N	2026-05-12 20:24:01	2026-05-12 20:24:01
8111	306	343	9.82	\N	2026-05-12 20:24:01	2026-05-12 20:24:01
8112	306	344	4.40	\N	2026-05-12 20:24:01	2026-05-12 20:24:01
8113	306	345	10.02	\N	2026-05-12 20:24:01	2026-05-12 20:24:01
8114	306	346	8.18	\N	2026-05-12 20:24:01	2026-05-12 20:24:01
8115	306	347	5.27	\N	2026-05-12 20:24:01	2026-05-12 20:24:01
8116	306	348	1.70	\N	2026-05-12 20:24:01	2026-05-12 20:24:01
8117	307	317	13.32	\N	2026-05-12 20:24:01	2026-05-12 20:24:01
8118	307	318	10.84	\N	2026-05-12 20:24:01	2026-05-12 20:24:01
8119	307	319	15.50	\N	2026-05-12 20:24:01	2026-05-12 20:24:01
8120	307	320	9.82	\N	2026-05-12 20:24:01	2026-05-12 20:24:01
8121	307	321	11.36	\N	2026-05-12 20:24:01	2026-05-12 20:24:01
8122	307	322	13.00	\N	2026-05-12 20:24:01	2026-05-12 20:24:01
8123	307	323	8.70	\N	2026-05-12 20:24:01	2026-05-12 20:24:01
8124	307	324	10.82	\N	2026-05-12 20:24:01	2026-05-12 20:24:01
8125	307	325	10.68	\N	2026-05-12 20:24:01	2026-05-12 20:24:01
8126	307	326	8.74	\N	2026-05-12 20:24:01	2026-05-12 20:24:01
8127	307	327	10.28	\N	2026-05-12 20:24:01	2026-05-12 20:24:01
8128	307	328	16.90	\N	2026-05-12 20:24:01	2026-05-12 20:24:01
8129	307	329	10.48	\N	2026-05-12 20:24:01	2026-05-12 20:24:01
8130	307	330	5.00	\N	2026-05-12 20:24:01	2026-05-12 20:24:01
8131	307	331	11.40	\N	2026-05-12 20:24:01	2026-05-12 20:24:01
8132	307	332	15.16	\N	2026-05-12 20:24:01	2026-05-12 20:24:01
8133	307	333	9.64	\N	2026-05-12 20:24:01	2026-05-12 20:24:01
8134	307	334	14.90	\N	2026-05-12 20:24:01	2026-05-12 20:24:01
8135	307	335	13.40	\N	2026-05-12 20:24:01	2026-05-12 20:24:01
8136	307	336	11.98	\N	2026-05-12 20:24:01	2026-05-12 20:24:01
8137	307	337	8.00	\N	2026-05-12 20:24:01	2026-05-12 20:24:01
8138	307	338	7.31	\N	2026-05-12 20:24:01	2026-05-12 20:24:01
8139	307	339	17.98	\N	2026-05-12 20:24:01	2026-05-12 20:24:01
8140	307	340	11.34	\N	2026-05-12 20:24:01	2026-05-12 20:24:01
8141	307	341	10.62	\N	2026-05-12 20:24:01	2026-05-12 20:24:01
8142	307	342	11.06	\N	2026-05-12 20:24:01	2026-05-12 20:24:01
8143	307	343	12.16	\N	2026-05-12 20:24:01	2026-05-12 20:24:01
8144	307	344	8.56	\N	2026-05-12 20:24:01	2026-05-12 20:24:01
8145	307	345	13.28	\N	2026-05-12 20:24:01	2026-05-12 20:24:01
8146	307	346	2.10	\N	2026-05-12 20:24:01	2026-05-12 20:24:01
8147	307	347	10.48	\N	2026-05-12 20:24:01	2026-05-12 20:24:01
8148	307	348	8.00	\N	2026-05-12 20:24:01	2026-05-12 20:24:01
8149	308	317	7.13	\N	2026-05-12 20:24:01	2026-05-12 20:24:01
8150	308	318	11.86	\N	2026-05-12 20:24:01	2026-05-12 20:24:01
8151	308	319	9.18	\N	2026-05-12 20:24:01	2026-05-12 20:24:01
8152	308	320	17.92	\N	2026-05-12 20:24:01	2026-05-12 20:24:01
8153	308	321	12.46	\N	2026-05-12 20:24:01	2026-05-12 20:24:01
8154	308	322	10.26	\N	2026-05-12 20:24:01	2026-05-12 20:24:01
8155	308	323	9.00	\N	2026-05-12 20:24:01	2026-05-12 20:24:01
8156	308	324	11.14	\N	2026-05-12 20:24:01	2026-05-12 20:24:01
8157	308	325	13.40	\N	2026-05-12 20:24:01	2026-05-12 20:24:01
8158	308	326	0.45	\N	2026-05-12 20:24:01	2026-05-12 20:24:01
8159	308	327	16.76	\N	2026-05-12 20:24:01	2026-05-12 20:24:01
8160	308	328	12.94	\N	2026-05-12 20:24:01	2026-05-12 20:24:01
8161	308	329	14.44	\N	2026-05-12 20:24:02	2026-05-12 20:24:02
8162	308	330	5.45	\N	2026-05-12 20:24:02	2026-05-12 20:24:02
8163	308	331	9.14	\N	2026-05-12 20:24:02	2026-05-12 20:24:02
8164	308	332	17.64	\N	2026-05-12 20:24:02	2026-05-12 20:24:02
8165	308	333	7.04	\N	2026-05-12 20:24:02	2026-05-12 20:24:02
8166	308	334	11.46	\N	2026-05-12 20:24:02	2026-05-12 20:24:02
8167	308	335	5.30	\N	2026-05-12 20:24:02	2026-05-12 20:24:02
8168	308	336	13.72	\N	2026-05-12 20:24:02	2026-05-12 20:24:02
8169	308	337	13.40	\N	2026-05-12 20:24:02	2026-05-12 20:24:02
8170	308	338	12.26	\N	2026-05-12 20:24:02	2026-05-12 20:24:02
8171	308	339	16.78	\N	2026-05-12 20:24:02	2026-05-12 20:24:02
8172	308	340	12.92	\N	2026-05-12 20:24:02	2026-05-12 20:24:02
8173	308	341	12.04	\N	2026-05-12 20:24:02	2026-05-12 20:24:02
8174	308	342	8.40	\N	2026-05-12 20:24:02	2026-05-12 20:24:02
8175	308	343	11.44	\N	2026-05-12 20:24:02	2026-05-12 20:24:02
8176	308	344	6.89	\N	2026-05-12 20:24:02	2026-05-12 20:24:02
8177	308	345	14.14	\N	2026-05-12 20:24:02	2026-05-12 20:24:02
8178	308	346	5.15	\N	2026-05-12 20:24:02	2026-05-12 20:24:02
8179	308	347	11.84	\N	2026-05-12 20:24:02	2026-05-12 20:24:02
8180	308	348	15.90	\N	2026-05-12 20:24:02	2026-05-12 20:24:02
8181	309	317	8.00	\N	2026-05-12 20:24:02	2026-05-12 20:24:02
8182	309	318	6.83	\N	2026-05-12 20:24:02	2026-05-12 20:24:02
8183	309	319	10.66	\N	2026-05-12 20:24:02	2026-05-12 20:24:02
8184	309	320	12.80	\N	2026-05-12 20:24:02	2026-05-12 20:24:02
8185	309	321	8.18	\N	2026-05-12 20:24:02	2026-05-12 20:24:02
8186	309	322	3.90	\N	2026-05-12 20:24:02	2026-05-12 20:24:02
8187	309	323	10.76	\N	2026-05-12 20:24:02	2026-05-12 20:24:02
8188	309	324	6.14	\N	2026-05-12 20:24:02	2026-05-12 20:24:02
8189	309	325	11.86	\N	2026-05-12 20:24:02	2026-05-12 20:24:02
8190	309	326	10.60	\N	2026-05-12 20:24:02	2026-05-12 20:24:02
8191	309	327	10.28	\N	2026-05-12 20:24:02	2026-05-12 20:24:02
8192	309	328	14.54	\N	2026-05-12 20:24:02	2026-05-12 20:24:02
8193	309	329	11.72	\N	2026-05-12 20:24:02	2026-05-12 20:24:02
8194	309	330	5.39	\N	2026-05-12 20:24:02	2026-05-12 20:24:02
8195	309	331	11.36	\N	2026-05-12 20:24:02	2026-05-12 20:24:02
8196	309	332	10.74	\N	2026-05-12 20:24:02	2026-05-12 20:24:02
8197	309	333	10.34	\N	2026-05-12 20:24:02	2026-05-12 20:24:02
8198	309	334	8.24	\N	2026-05-12 20:24:02	2026-05-12 20:24:02
8199	309	335	17.00	\N	2026-05-12 20:24:02	2026-05-12 20:24:02
8200	309	336	14.64	\N	2026-05-12 20:24:02	2026-05-12 20:24:02
8201	309	337	12.08	\N	2026-05-12 20:24:02	2026-05-12 20:24:02
8202	309	338	12.64	\N	2026-05-12 20:24:02	2026-05-12 20:24:02
8203	309	339	4.70	\N	2026-05-12 20:24:02	2026-05-12 20:24:02
8204	309	340	10.58	\N	2026-05-12 20:24:02	2026-05-12 20:24:02
8205	309	341	5.57	\N	2026-05-12 20:24:02	2026-05-12 20:24:02
8206	309	342	7.61	\N	2026-05-12 20:24:02	2026-05-12 20:24:02
8207	309	343	10.02	\N	2026-05-12 20:24:02	2026-05-12 20:24:02
8208	309	344	11.22	\N	2026-05-12 20:24:02	2026-05-12 20:24:02
8209	309	345	11.26	\N	2026-05-12 20:24:02	2026-05-12 20:24:02
8210	309	346	12.12	\N	2026-05-12 20:24:02	2026-05-12 20:24:02
8211	309	347	12.34	\N	2026-05-12 20:24:02	2026-05-12 20:24:02
8212	309	348	8.10	\N	2026-05-12 20:24:02	2026-05-12 20:24:02
8213	310	317	14.66	\N	2026-05-12 20:24:02	2026-05-12 20:24:02
8214	310	318	5.09	\N	2026-05-12 20:24:02	2026-05-12 20:24:02
8215	310	319	14.22	\N	2026-05-12 20:24:02	2026-05-12 20:24:02
8216	310	320	11.08	\N	2026-05-12 20:24:02	2026-05-12 20:24:02
8217	310	321	11.98	\N	2026-05-12 20:24:02	2026-05-12 20:24:02
8218	310	322	13.94	\N	2026-05-12 20:24:02	2026-05-12 20:24:02
8219	310	323	17.48	\N	2026-05-12 20:24:02	2026-05-12 20:24:02
8220	310	324	12.38	\N	2026-05-12 20:24:02	2026-05-12 20:24:02
8221	310	325	12.38	\N	2026-05-12 20:24:02	2026-05-12 20:24:02
8222	310	326	10.26	\N	2026-05-12 20:24:02	2026-05-12 20:24:02
8223	310	327	13.32	\N	2026-05-12 20:24:02	2026-05-12 20:24:02
8224	310	328	8.50	\N	2026-05-12 20:24:02	2026-05-12 20:24:02
8225	310	329	5.96	\N	2026-05-12 20:24:02	2026-05-12 20:24:02
8226	310	330	12.54	\N	2026-05-12 20:24:02	2026-05-12 20:24:02
8227	310	331	12.04	\N	2026-05-12 20:24:02	2026-05-12 20:24:02
8228	310	332	9.36	\N	2026-05-12 20:24:02	2026-05-12 20:24:02
8229	310	333	12.54	\N	2026-05-12 20:24:02	2026-05-12 20:24:02
8230	310	334	11.50	\N	2026-05-12 20:24:02	2026-05-12 20:24:02
8231	310	335	14.82	\N	2026-05-12 20:24:02	2026-05-12 20:24:02
8232	310	336	9.46	\N	2026-05-12 20:24:02	2026-05-12 20:24:02
8233	310	337	8.08	\N	2026-05-12 20:24:02	2026-05-12 20:24:02
8234	310	338	10.80	\N	2026-05-12 20:24:02	2026-05-12 20:24:02
8235	310	339	13.08	\N	2026-05-12 20:24:02	2026-05-12 20:24:02
8236	310	340	13.76	\N	2026-05-12 20:24:02	2026-05-12 20:24:02
8237	310	341	6.38	\N	2026-05-12 20:24:02	2026-05-12 20:24:02
8238	310	342	7.82	\N	2026-05-12 20:24:02	2026-05-12 20:24:02
8239	310	343	17.96	\N	2026-05-12 20:24:02	2026-05-12 20:24:02
8240	310	344	10.42	\N	2026-05-12 20:24:03	2026-05-12 20:24:03
8241	310	345	15.06	\N	2026-05-12 20:24:03	2026-05-12 20:24:03
8242	310	346	7.61	\N	2026-05-12 20:24:03	2026-05-12 20:24:03
8243	310	347	12.98	\N	2026-05-12 20:24:03	2026-05-12 20:24:03
8244	310	348	14.22	\N	2026-05-12 20:24:03	2026-05-12 20:24:03
8245	311	317	11.22	\N	2026-05-12 20:24:03	2026-05-12 20:24:03
8246	311	318	13.04	\N	2026-05-12 20:24:03	2026-05-12 20:24:03
8247	311	319	7.52	\N	2026-05-12 20:24:03	2026-05-12 20:24:03
8248	311	320	3.60	\N	2026-05-12 20:24:03	2026-05-12 20:24:03
8249	311	321	11.38	\N	2026-05-12 20:24:03	2026-05-12 20:24:03
8250	311	322	11.64	\N	2026-05-12 20:24:03	2026-05-12 20:24:03
8251	311	323	13.00	\N	2026-05-12 20:24:03	2026-05-12 20:24:03
8252	311	324	12.54	\N	2026-05-12 20:24:03	2026-05-12 20:24:03
8253	311	325	10.88	\N	2026-05-12 20:24:03	2026-05-12 20:24:03
8254	311	326	15.00	\N	2026-05-12 20:24:03	2026-05-12 20:24:03
8255	311	327	16.06	\N	2026-05-12 20:24:03	2026-05-12 20:24:03
8256	311	328	9.30	\N	2026-05-12 20:24:03	2026-05-12 20:24:03
8257	311	329	10.38	\N	2026-05-12 20:24:03	2026-05-12 20:24:03
8258	311	330	12.22	\N	2026-05-12 20:24:03	2026-05-12 20:24:03
8259	311	331	13.24	\N	2026-05-12 20:24:03	2026-05-12 20:24:03
8260	311	332	13.88	\N	2026-05-12 20:24:03	2026-05-12 20:24:03
8261	311	333	7.73	\N	2026-05-12 20:24:03	2026-05-12 20:24:03
8262	311	334	13.18	\N	2026-05-12 20:24:03	2026-05-12 20:24:03
8263	311	335	10.32	\N	2026-05-12 20:24:03	2026-05-12 20:24:03
8264	311	336	12.84	\N	2026-05-12 20:24:03	2026-05-12 20:24:03
8265	311	337	8.60	\N	2026-05-12 20:24:03	2026-05-12 20:24:03
8266	311	338	14.42	\N	2026-05-12 20:24:03	2026-05-12 20:24:03
8267	311	339	10.74	\N	2026-05-12 20:24:03	2026-05-12 20:24:03
8268	311	340	13.76	\N	2026-05-12 20:24:03	2026-05-12 20:24:03
8269	311	341	11.28	\N	2026-05-12 20:24:03	2026-05-12 20:24:03
8270	311	342	12.66	\N	2026-05-12 20:24:03	2026-05-12 20:24:03
8271	311	343	11.24	\N	2026-05-12 20:24:03	2026-05-12 20:24:03
8272	311	344	9.26	\N	2026-05-12 20:24:03	2026-05-12 20:24:03
8273	311	345	10.34	\N	2026-05-12 20:24:03	2026-05-12 20:24:03
8274	311	346	15.80	\N	2026-05-12 20:24:03	2026-05-12 20:24:03
8275	311	347	17.72	\N	2026-05-12 20:24:03	2026-05-12 20:24:03
8276	311	348	10.70	\N	2026-05-12 20:24:03	2026-05-12 20:24:03
8277	312	317	11.28	\N	2026-05-12 20:24:03	2026-05-12 20:24:03
8278	312	318	12.36	\N	2026-05-12 20:24:03	2026-05-12 20:24:03
8279	312	319	12.22	\N	2026-05-12 20:24:03	2026-05-12 20:24:03
8280	312	320	8.60	\N	2026-05-12 20:24:03	2026-05-12 20:24:03
8281	312	321	7.34	\N	2026-05-12 20:24:03	2026-05-12 20:24:03
8282	312	322	11.00	\N	2026-05-12 20:24:03	2026-05-12 20:24:03
8283	312	323	13.32	\N	2026-05-12 20:24:03	2026-05-12 20:24:03
8284	312	324	9.14	\N	2026-05-12 20:24:03	2026-05-12 20:24:03
8285	312	325	18.78	\N	2026-05-12 20:24:03	2026-05-12 20:24:03
8286	312	326	10.06	\N	2026-05-12 20:24:03	2026-05-12 20:24:03
8287	312	327	9.64	\N	2026-05-12 20:24:03	2026-05-12 20:24:03
8288	312	328	1.95	\N	2026-05-12 20:24:03	2026-05-12 20:24:03
8289	312	329	12.96	\N	2026-05-12 20:24:03	2026-05-12 20:24:03
8290	312	330	4.55	\N	2026-05-12 20:24:03	2026-05-12 20:24:03
8291	312	331	12.14	\N	2026-05-12 20:24:03	2026-05-12 20:24:03
8292	312	332	12.98	\N	2026-05-12 20:24:03	2026-05-12 20:24:03
8293	312	333	12.74	\N	2026-05-12 20:24:03	2026-05-12 20:24:03
8294	312	334	11.66	\N	2026-05-12 20:24:03	2026-05-12 20:24:03
8295	312	335	5.99	\N	2026-05-12 20:24:03	2026-05-12 20:24:03
8296	312	336	12.54	\N	2026-05-12 20:24:03	2026-05-12 20:24:03
8297	312	337	9.70	\N	2026-05-12 20:24:03	2026-05-12 20:24:03
8298	312	338	5.51	\N	2026-05-12 20:24:03	2026-05-12 20:24:03
8299	312	339	11.48	\N	2026-05-12 20:24:03	2026-05-12 20:24:03
8300	312	340	12.58	\N	2026-05-12 20:24:03	2026-05-12 20:24:03
8301	312	341	13.74	\N	2026-05-12 20:24:04	2026-05-12 20:24:04
8302	312	342	8.60	\N	2026-05-12 20:24:04	2026-05-12 20:24:04
8303	312	343	12.94	\N	2026-05-12 20:24:04	2026-05-12 20:24:04
8304	312	344	15.40	\N	2026-05-12 20:24:04	2026-05-12 20:24:04
8305	312	345	10.48	\N	2026-05-12 20:24:04	2026-05-12 20:24:04
8306	312	346	13.14	\N	2026-05-12 20:24:04	2026-05-12 20:24:04
8307	312	347	10.18	\N	2026-05-12 20:24:04	2026-05-12 20:24:04
8308	312	348	17.34	\N	2026-05-12 20:24:04	2026-05-12 20:24:04
8309	313	317	11.00	\N	2026-05-12 20:24:04	2026-05-12 20:24:04
8310	313	318	13.20	\N	2026-05-12 20:24:04	2026-05-12 20:24:04
8311	313	319	9.22	\N	2026-05-12 20:24:04	2026-05-12 20:24:04
8312	313	320	8.96	\N	2026-05-12 20:24:04	2026-05-12 20:24:04
8313	313	321	16.94	\N	2026-05-12 20:24:04	2026-05-12 20:24:04
8314	313	322	15.80	\N	2026-05-12 20:24:04	2026-05-12 20:24:04
8315	313	323	12.44	\N	2026-05-12 20:24:04	2026-05-12 20:24:04
8316	313	324	9.56	\N	2026-05-12 20:24:04	2026-05-12 20:24:04
8317	313	325	6.77	\N	2026-05-12 20:24:04	2026-05-12 20:24:04
8318	313	326	6.08	\N	2026-05-12 20:24:04	2026-05-12 20:24:04
8319	313	327	14.06	\N	2026-05-12 20:24:04	2026-05-12 20:24:04
8320	313	328	12.38	\N	2026-05-12 20:24:04	2026-05-12 20:24:04
8321	313	329	11.86	\N	2026-05-12 20:24:04	2026-05-12 20:24:04
8322	313	330	17.02	\N	2026-05-12 20:24:04	2026-05-12 20:24:04
8323	313	331	10.08	\N	2026-05-12 20:24:04	2026-05-12 20:24:04
8324	313	332	9.98	\N	2026-05-12 20:24:04	2026-05-12 20:24:04
8325	313	333	11.48	\N	2026-05-12 20:24:04	2026-05-12 20:24:04
8326	313	334	18.00	\N	2026-05-12 20:24:04	2026-05-12 20:24:04
8327	313	335	11.04	\N	2026-05-12 20:24:04	2026-05-12 20:24:04
8328	313	336	11.02	\N	2026-05-12 20:24:04	2026-05-12 20:24:04
8329	313	337	10.18	\N	2026-05-12 20:24:04	2026-05-12 20:24:04
8330	313	338	9.32	\N	2026-05-12 20:24:04	2026-05-12 20:24:04
8331	313	339	10.54	\N	2026-05-12 20:24:04	2026-05-12 20:24:04
8332	313	340	12.64	\N	2026-05-12 20:24:04	2026-05-12 20:24:04
8333	313	341	15.42	\N	2026-05-12 20:24:04	2026-05-12 20:24:04
8334	313	342	11.34	\N	2026-05-12 20:24:04	2026-05-12 20:24:04
8335	313	343	12.42	\N	2026-05-12 20:24:04	2026-05-12 20:24:04
8336	313	344	0.85	\N	2026-05-12 20:24:04	2026-05-12 20:24:04
8337	313	345	8.14	\N	2026-05-12 20:24:04	2026-05-12 20:24:04
8338	313	346	13.04	\N	2026-05-12 20:24:04	2026-05-12 20:24:04
8339	313	347	10.82	\N	2026-05-12 20:24:04	2026-05-12 20:24:04
8340	313	348	10.30	\N	2026-05-12 20:24:04	2026-05-12 20:24:04
8341	314	317	1.05	\N	2026-05-12 20:24:04	2026-05-12 20:24:04
8342	314	318	13.82	\N	2026-05-12 20:24:04	2026-05-12 20:24:04
8343	314	319	14.74	\N	2026-05-12 20:24:04	2026-05-12 20:24:04
8344	314	320	11.78	\N	2026-05-12 20:24:04	2026-05-12 20:24:04
8345	314	321	3.75	\N	2026-05-12 20:24:04	2026-05-12 20:24:04
8346	314	322	13.08	\N	2026-05-12 20:24:04	2026-05-12 20:24:04
8347	314	323	11.66	\N	2026-05-12 20:24:04	2026-05-12 20:24:04
8348	314	324	9.06	\N	2026-05-12 20:24:04	2026-05-12 20:24:04
8349	314	325	13.88	\N	2026-05-12 20:24:04	2026-05-12 20:24:04
8350	314	326	11.66	\N	2026-05-12 20:24:04	2026-05-12 20:24:04
8351	314	327	14.36	\N	2026-05-12 20:24:04	2026-05-12 20:24:04
8352	314	328	8.96	\N	2026-05-12 20:24:04	2026-05-12 20:24:04
8353	314	329	13.66	\N	2026-05-12 20:24:04	2026-05-12 20:24:04
8354	314	330	15.18	\N	2026-05-12 20:24:04	2026-05-12 20:24:04
8355	314	331	9.72	\N	2026-05-12 20:24:04	2026-05-12 20:24:04
8356	314	332	8.24	\N	2026-05-12 20:24:04	2026-05-12 20:24:04
8357	314	333	11.54	\N	2026-05-12 20:24:04	2026-05-12 20:24:04
8358	314	334	10.02	\N	2026-05-12 20:24:04	2026-05-12 20:24:04
8359	314	335	8.96	\N	2026-05-12 20:24:04	2026-05-12 20:24:04
8360	314	336	10.50	\N	2026-05-12 20:24:04	2026-05-12 20:24:04
8361	314	337	11.48	\N	2026-05-12 20:24:04	2026-05-12 20:24:04
8362	314	338	17.76	\N	2026-05-12 20:24:04	2026-05-12 20:24:04
8363	314	339	13.34	\N	2026-05-12 20:24:04	2026-05-12 20:24:04
8364	314	340	17.16	\N	2026-05-12 20:24:04	2026-05-12 20:24:04
8365	314	341	11.00	\N	2026-05-12 20:24:04	2026-05-12 20:24:04
8366	314	342	3.00	\N	2026-05-12 20:24:04	2026-05-12 20:24:04
8367	314	343	11.88	\N	2026-05-12 20:24:04	2026-05-12 20:24:04
8368	314	344	9.02	\N	2026-05-12 20:24:04	2026-05-12 20:24:04
8369	314	345	12.22	\N	2026-05-12 20:24:04	2026-05-12 20:24:04
8370	314	346	11.46	\N	2026-05-12 20:24:04	2026-05-12 20:24:04
8371	314	347	15.04	\N	2026-05-12 20:24:04	2026-05-12 20:24:04
8372	314	348	12.64	\N	2026-05-12 20:24:04	2026-05-12 20:24:04
8373	315	317	9.58	\N	2026-05-12 20:24:04	2026-05-12 20:24:04
8374	315	318	6.59	\N	2026-05-12 20:24:04	2026-05-12 20:24:04
8375	315	319	15.16	\N	2026-05-12 20:24:04	2026-05-12 20:24:04
8376	315	320	5.90	\N	2026-05-12 20:24:04	2026-05-12 20:24:04
8377	315	321	13.06	\N	2026-05-12 20:24:04	2026-05-12 20:24:04
8378	315	322	11.68	\N	2026-05-12 20:24:04	2026-05-12 20:24:04
8379	315	323	13.22	\N	2026-05-12 20:24:04	2026-05-12 20:24:04
8380	315	324	8.78	\N	2026-05-12 20:24:04	2026-05-12 20:24:04
8381	315	325	12.22	\N	2026-05-12 20:24:04	2026-05-12 20:24:04
8382	315	326	13.92	\N	2026-05-12 20:24:04	2026-05-12 20:24:04
8383	315	327	6.95	\N	2026-05-12 20:24:04	2026-05-12 20:24:04
8384	315	328	10.64	\N	2026-05-12 20:24:04	2026-05-12 20:24:04
8385	315	329	13.52	\N	2026-05-12 20:24:04	2026-05-12 20:24:04
8386	315	330	12.24	\N	2026-05-12 20:24:05	2026-05-12 20:24:05
8387	315	331	15.22	\N	2026-05-12 20:24:05	2026-05-12 20:24:05
8388	315	332	11.36	\N	2026-05-12 20:24:05	2026-05-12 20:24:05
8389	315	333	12.38	\N	2026-05-12 20:24:05	2026-05-12 20:24:05
8390	315	334	14.62	\N	2026-05-12 20:24:05	2026-05-12 20:24:05
8391	315	335	16.78	\N	2026-05-12 20:24:05	2026-05-12 20:24:05
8392	315	336	9.92	\N	2026-05-12 20:24:05	2026-05-12 20:24:05
8393	315	337	8.78	\N	2026-05-12 20:24:05	2026-05-12 20:24:05
8394	315	338	18.88	\N	2026-05-12 20:24:05	2026-05-12 20:24:05
8395	315	339	9.12	\N	2026-05-12 20:24:05	2026-05-12 20:24:05
8396	315	340	8.02	\N	2026-05-12 20:24:05	2026-05-12 20:24:05
8397	315	341	8.32	\N	2026-05-12 20:24:05	2026-05-12 20:24:05
8398	315	342	13.78	\N	2026-05-12 20:24:05	2026-05-12 20:24:05
8399	315	343	14.34	\N	2026-05-12 20:24:05	2026-05-12 20:24:05
8400	315	344	7.34	\N	2026-05-12 20:24:05	2026-05-12 20:24:05
8401	315	345	9.16	\N	2026-05-12 20:24:05	2026-05-12 20:24:05
8402	315	346	5.18	\N	2026-05-12 20:24:05	2026-05-12 20:24:05
8403	315	347	12.00	\N	2026-05-12 20:24:05	2026-05-12 20:24:05
8404	315	348	10.46	\N	2026-05-12 20:24:05	2026-05-12 20:24:05
8405	316	317	11.76	\N	2026-05-12 20:24:05	2026-05-12 20:24:05
8406	316	318	14.40	\N	2026-05-12 20:24:05	2026-05-12 20:24:05
8407	316	319	15.04	\N	2026-05-12 20:24:05	2026-05-12 20:24:05
8408	316	320	16.12	\N	2026-05-12 20:24:05	2026-05-12 20:24:05
8409	316	321	14.92	\N	2026-05-12 20:24:05	2026-05-12 20:24:05
8410	316	322	8.42	\N	2026-05-12 20:24:05	2026-05-12 20:24:05
8411	316	323	16.64	\N	2026-05-12 20:24:05	2026-05-12 20:24:05
8412	316	324	11.58	\N	2026-05-12 20:24:05	2026-05-12 20:24:05
8413	316	325	11.88	\N	2026-05-12 20:24:05	2026-05-12 20:24:05
8414	316	326	11.70	\N	2026-05-12 20:24:05	2026-05-12 20:24:05
8415	316	327	10.26	\N	2026-05-12 20:24:05	2026-05-12 20:24:05
8416	316	328	15.64	\N	2026-05-12 20:24:05	2026-05-12 20:24:05
8417	316	329	13.98	\N	2026-05-12 20:24:05	2026-05-12 20:24:05
8418	316	330	14.82	\N	2026-05-12 20:24:05	2026-05-12 20:24:05
8419	316	331	14.20	\N	2026-05-12 20:24:05	2026-05-12 20:24:05
8420	316	332	8.44	\N	2026-05-12 20:24:05	2026-05-12 20:24:05
8421	316	333	11.24	\N	2026-05-12 20:24:05	2026-05-12 20:24:05
8422	316	334	9.48	\N	2026-05-12 20:24:05	2026-05-12 20:24:05
8423	316	335	10.84	\N	2026-05-12 20:24:05	2026-05-12 20:24:05
8424	316	336	13.18	\N	2026-05-12 20:24:05	2026-05-12 20:24:05
8425	316	337	13.82	\N	2026-05-12 20:24:05	2026-05-12 20:24:05
8426	316	338	10.38	\N	2026-05-12 20:24:05	2026-05-12 20:24:05
8427	316	339	16.34	\N	2026-05-12 20:24:05	2026-05-12 20:24:05
8428	316	340	5.75	\N	2026-05-12 20:24:05	2026-05-12 20:24:05
8429	316	341	16.18	\N	2026-05-12 20:24:05	2026-05-12 20:24:05
8430	316	342	3.85	\N	2026-05-12 20:24:05	2026-05-12 20:24:05
8431	316	343	14.46	\N	2026-05-12 20:24:05	2026-05-12 20:24:05
8432	316	344	17.34	\N	2026-05-12 20:24:05	2026-05-12 20:24:05
8433	316	345	15.72	\N	2026-05-12 20:24:05	2026-05-12 20:24:05
8434	316	346	10.66	\N	2026-05-12 20:24:05	2026-05-12 20:24:05
8435	316	347	11.86	\N	2026-05-12 20:24:05	2026-05-12 20:24:05
8436	316	348	14.26	\N	2026-05-12 20:24:05	2026-05-12 20:24:05
8437	317	317	11.08	\N	2026-05-12 20:24:05	2026-05-12 20:24:05
8438	317	318	15.12	\N	2026-05-12 20:24:05	2026-05-12 20:24:05
8439	317	319	8.88	\N	2026-05-12 20:24:05	2026-05-12 20:24:05
8440	317	320	11.82	\N	2026-05-12 20:24:05	2026-05-12 20:24:05
8441	317	321	10.56	\N	2026-05-12 20:24:05	2026-05-12 20:24:05
8442	317	322	7.67	\N	2026-05-12 20:24:05	2026-05-12 20:24:05
8443	317	323	12.44	\N	2026-05-12 20:24:05	2026-05-12 20:24:05
8444	317	324	10.46	\N	2026-05-12 20:24:05	2026-05-12 20:24:05
8445	317	325	16.38	\N	2026-05-12 20:24:05	2026-05-12 20:24:05
8446	317	326	15.72	\N	2026-05-12 20:24:05	2026-05-12 20:24:05
8447	317	327	11.26	\N	2026-05-12 20:24:05	2026-05-12 20:24:05
8448	317	328	9.88	\N	2026-05-12 20:24:05	2026-05-12 20:24:05
8449	317	329	16.74	\N	2026-05-12 20:24:05	2026-05-12 20:24:05
8450	317	330	8.98	\N	2026-05-12 20:24:05	2026-05-12 20:24:05
8451	317	331	13.94	\N	2026-05-12 20:24:05	2026-05-12 20:24:05
8452	317	332	12.02	\N	2026-05-12 20:24:05	2026-05-12 20:24:05
8453	317	333	9.94	\N	2026-05-12 20:24:05	2026-05-12 20:24:05
8454	317	334	14.28	\N	2026-05-12 20:24:05	2026-05-12 20:24:05
8455	317	335	12.28	\N	2026-05-12 20:24:05	2026-05-12 20:24:05
8456	317	336	10.58	\N	2026-05-12 20:24:05	2026-05-12 20:24:05
8457	317	337	10.94	\N	2026-05-12 20:24:05	2026-05-12 20:24:05
8458	317	338	11.88	\N	2026-05-12 20:24:05	2026-05-12 20:24:05
8459	317	339	10.34	\N	2026-05-12 20:24:05	2026-05-12 20:24:05
8460	317	340	14.98	\N	2026-05-12 20:24:05	2026-05-12 20:24:05
8461	317	341	12.24	\N	2026-05-12 20:24:05	2026-05-12 20:24:05
8462	317	342	11.28	\N	2026-05-12 20:24:05	2026-05-12 20:24:05
8463	317	343	9.76	\N	2026-05-12 20:24:05	2026-05-12 20:24:05
8464	317	344	4.45	\N	2026-05-12 20:24:05	2026-05-12 20:24:05
8465	317	345	10.68	\N	2026-05-12 20:24:05	2026-05-12 20:24:05
8466	317	346	7.31	\N	2026-05-12 20:24:05	2026-05-12 20:24:05
8467	317	347	9.90	\N	2026-05-12 20:24:05	2026-05-12 20:24:05
8468	317	348	14.10	\N	2026-05-12 20:24:05	2026-05-12 20:24:05
8469	318	317	12.54	\N	2026-05-12 20:24:05	2026-05-12 20:24:05
8470	318	318	15.86	\N	2026-05-12 20:24:05	2026-05-12 20:24:05
8471	318	319	15.98	\N	2026-05-12 20:24:06	2026-05-12 20:24:06
8472	318	320	12.86	\N	2026-05-12 20:24:06	2026-05-12 20:24:06
8473	318	321	10.90	\N	2026-05-12 20:24:06	2026-05-12 20:24:06
8474	318	322	7.52	\N	2026-05-12 20:24:06	2026-05-12 20:24:06
8475	318	323	10.96	\N	2026-05-12 20:24:06	2026-05-12 20:24:06
8476	318	324	14.02	\N	2026-05-12 20:24:06	2026-05-12 20:24:06
8477	318	325	14.50	\N	2026-05-12 20:24:06	2026-05-12 20:24:06
8478	318	326	7.37	\N	2026-05-12 20:24:06	2026-05-12 20:24:06
8479	318	327	11.72	\N	2026-05-12 20:24:06	2026-05-12 20:24:06
8480	318	328	5.12	\N	2026-05-12 20:24:06	2026-05-12 20:24:06
8481	318	329	14.92	\N	2026-05-12 20:24:06	2026-05-12 20:24:06
8482	318	330	11.46	\N	2026-05-12 20:24:06	2026-05-12 20:24:06
8483	318	331	17.40	\N	2026-05-12 20:24:06	2026-05-12 20:24:06
8484	318	332	11.30	\N	2026-05-12 20:24:06	2026-05-12 20:24:06
8485	318	333	6.05	\N	2026-05-12 20:24:06	2026-05-12 20:24:06
8486	318	334	14.04	\N	2026-05-12 20:24:06	2026-05-12 20:24:06
8487	318	335	12.32	\N	2026-05-12 20:24:06	2026-05-12 20:24:06
8488	318	336	11.72	\N	2026-05-12 20:24:06	2026-05-12 20:24:06
8489	318	337	8.04	\N	2026-05-12 20:24:06	2026-05-12 20:24:06
8490	318	338	16.88	\N	2026-05-12 20:24:06	2026-05-12 20:24:06
8491	318	339	8.92	\N	2026-05-12 20:24:06	2026-05-12 20:24:06
8492	318	340	8.38	\N	2026-05-12 20:24:06	2026-05-12 20:24:06
8493	318	341	6.98	\N	2026-05-12 20:24:06	2026-05-12 20:24:06
8494	318	342	10.06	\N	2026-05-12 20:24:06	2026-05-12 20:24:06
8495	318	343	3.30	\N	2026-05-12 20:24:06	2026-05-12 20:24:06
8496	318	344	15.90	\N	2026-05-12 20:24:06	2026-05-12 20:24:06
8497	318	345	8.66	\N	2026-05-12 20:24:06	2026-05-12 20:24:06
8498	318	346	8.14	\N	2026-05-12 20:24:06	2026-05-12 20:24:06
8499	318	347	11.22	\N	2026-05-12 20:24:06	2026-05-12 20:24:06
8500	318	348	11.92	\N	2026-05-12 20:24:06	2026-05-12 20:24:06
8501	319	317	10.70	\N	2026-05-12 20:24:06	2026-05-12 20:24:06
8502	319	318	13.44	\N	2026-05-12 20:24:06	2026-05-12 20:24:06
8503	319	319	12.40	\N	2026-05-12 20:24:06	2026-05-12 20:24:06
8504	319	320	9.66	\N	2026-05-12 20:24:06	2026-05-12 20:24:06
8505	319	321	17.52	\N	2026-05-12 20:24:06	2026-05-12 20:24:06
8506	319	322	15.36	\N	2026-05-12 20:24:06	2026-05-12 20:24:06
8507	319	323	12.94	\N	2026-05-12 20:24:06	2026-05-12 20:24:06
8508	319	324	12.54	\N	2026-05-12 20:24:06	2026-05-12 20:24:06
8509	319	325	6.56	\N	2026-05-12 20:24:06	2026-05-12 20:24:06
8510	319	326	5.51	\N	2026-05-12 20:24:06	2026-05-12 20:24:06
8511	319	327	13.20	\N	2026-05-12 20:24:06	2026-05-12 20:24:06
8512	319	328	9.52	\N	2026-05-12 20:24:06	2026-05-12 20:24:06
8513	319	329	10.72	\N	2026-05-12 20:24:06	2026-05-12 20:24:06
8514	319	330	10.18	\N	2026-05-12 20:24:06	2026-05-12 20:24:06
8515	319	331	15.82	\N	2026-05-12 20:24:06	2026-05-12 20:24:06
8516	319	332	7.46	\N	2026-05-12 20:24:06	2026-05-12 20:24:06
8517	319	333	9.08	\N	2026-05-12 20:24:06	2026-05-12 20:24:06
8518	319	334	13.12	\N	2026-05-12 20:24:06	2026-05-12 20:24:06
8519	319	335	8.28	\N	2026-05-12 20:24:06	2026-05-12 20:24:06
8520	319	336	14.52	\N	2026-05-12 20:24:06	2026-05-12 20:24:06
8521	319	337	11.48	\N	2026-05-12 20:24:06	2026-05-12 20:24:06
8522	319	338	8.74	\N	2026-05-12 20:24:06	2026-05-12 20:24:06
8523	319	339	11.82	\N	2026-05-12 20:24:06	2026-05-12 20:24:06
8524	319	340	13.64	\N	2026-05-12 20:24:06	2026-05-12 20:24:06
8525	319	341	9.68	\N	2026-05-12 20:24:06	2026-05-12 20:24:06
8526	319	342	10.26	\N	2026-05-12 20:24:06	2026-05-12 20:24:06
8527	319	343	10.84	\N	2026-05-12 20:24:06	2026-05-12 20:24:06
8528	319	344	6.86	\N	2026-05-12 20:24:06	2026-05-12 20:24:06
8529	319	345	8.84	\N	2026-05-12 20:24:06	2026-05-12 20:24:06
8530	319	346	9.10	\N	2026-05-12 20:24:06	2026-05-12 20:24:06
8531	319	347	14.80	\N	2026-05-12 20:24:06	2026-05-12 20:24:06
8532	319	348	15.94	\N	2026-05-12 20:24:06	2026-05-12 20:24:06
8533	320	317	17.08	\N	2026-05-12 20:24:06	2026-05-12 20:24:06
8534	320	318	10.00	\N	2026-05-12 20:24:06	2026-05-12 20:24:06
8535	320	319	16.30	\N	2026-05-12 20:24:06	2026-05-12 20:24:06
8536	320	320	10.00	\N	2026-05-12 20:24:06	2026-05-12 20:24:06
8537	320	321	11.40	\N	2026-05-12 20:24:06	2026-05-12 20:24:06
8538	320	322	14.94	\N	2026-05-12 20:24:06	2026-05-12 20:24:06
8539	320	323	9.98	\N	2026-05-12 20:24:06	2026-05-12 20:24:06
8540	320	324	8.24	\N	2026-05-12 20:24:06	2026-05-12 20:24:06
8541	320	325	14.40	\N	2026-05-12 20:24:06	2026-05-12 20:24:06
8542	320	326	9.94	\N	2026-05-12 20:24:06	2026-05-12 20:24:06
8543	320	327	2.75	\N	2026-05-12 20:24:06	2026-05-12 20:24:06
8544	320	328	8.88	\N	2026-05-12 20:24:06	2026-05-12 20:24:06
8545	320	329	7.07	\N	2026-05-12 20:24:06	2026-05-12 20:24:06
8546	320	330	11.30	\N	2026-05-12 20:24:06	2026-05-12 20:24:06
8547	320	331	12.88	\N	2026-05-12 20:24:06	2026-05-12 20:24:06
8548	320	332	12.34	\N	2026-05-12 20:24:06	2026-05-12 20:24:06
8549	320	333	8.72	\N	2026-05-12 20:24:06	2026-05-12 20:24:06
8550	320	334	11.32	\N	2026-05-12 20:24:06	2026-05-12 20:24:06
8551	320	335	12.66	\N	2026-05-12 20:24:06	2026-05-12 20:24:06
8552	320	336	13.04	\N	2026-05-12 20:24:06	2026-05-12 20:24:06
8553	320	337	14.28	\N	2026-05-12 20:24:06	2026-05-12 20:24:06
8554	320	338	10.82	\N	2026-05-12 20:24:06	2026-05-12 20:24:06
8555	320	339	13.90	\N	2026-05-12 20:24:06	2026-05-12 20:24:06
8556	320	340	10.52	\N	2026-05-12 20:24:06	2026-05-12 20:24:06
8557	320	341	19.82	\N	2026-05-12 20:24:06	2026-05-12 20:24:06
8558	320	342	12.30	\N	2026-05-12 20:24:07	2026-05-12 20:24:07
8559	320	343	12.44	\N	2026-05-12 20:24:07	2026-05-12 20:24:07
8560	320	344	15.64	\N	2026-05-12 20:24:07	2026-05-12 20:24:07
8561	320	345	13.22	\N	2026-05-12 20:24:07	2026-05-12 20:24:07
8562	320	346	4.10	\N	2026-05-12 20:24:07	2026-05-12 20:24:07
8563	320	347	12.08	\N	2026-05-12 20:24:07	2026-05-12 20:24:07
8564	320	348	11.76	\N	2026-05-12 20:24:07	2026-05-12 20:24:07
8565	321	317	17.62	\N	2026-05-12 20:24:07	2026-05-12 20:24:07
8566	321	318	6.83	\N	2026-05-12 20:24:07	2026-05-12 20:24:07
8567	321	319	11.02	\N	2026-05-12 20:24:07	2026-05-12 20:24:07
8568	321	320	9.32	\N	2026-05-12 20:24:07	2026-05-12 20:24:07
8569	321	321	13.34	\N	2026-05-12 20:24:07	2026-05-12 20:24:07
8570	321	322	14.14	\N	2026-05-12 20:24:07	2026-05-12 20:24:07
8571	321	323	9.90	\N	2026-05-12 20:24:07	2026-05-12 20:24:07
8572	321	324	17.00	\N	2026-05-12 20:24:07	2026-05-12 20:24:07
8573	321	325	9.68	\N	2026-05-12 20:24:07	2026-05-12 20:24:07
8574	321	326	15.24	\N	2026-05-12 20:24:07	2026-05-12 20:24:07
8575	321	327	9.24	\N	2026-05-12 20:24:07	2026-05-12 20:24:07
8576	321	328	12.92	\N	2026-05-12 20:24:07	2026-05-12 20:24:07
8577	321	329	5.99	\N	2026-05-12 20:24:07	2026-05-12 20:24:07
8578	321	330	10.90	\N	2026-05-12 20:24:07	2026-05-12 20:24:07
8579	321	331	16.54	\N	2026-05-12 20:24:07	2026-05-12 20:24:07
8580	321	332	11.60	\N	2026-05-12 20:24:07	2026-05-12 20:24:07
8581	321	333	8.12	\N	2026-05-12 20:24:07	2026-05-12 20:24:07
8582	321	334	6.80	\N	2026-05-12 20:24:07	2026-05-12 20:24:07
8583	321	335	9.24	\N	2026-05-12 20:24:07	2026-05-12 20:24:07
8584	321	336	13.54	\N	2026-05-12 20:24:07	2026-05-12 20:24:07
8585	321	337	12.02	\N	2026-05-12 20:24:07	2026-05-12 20:24:07
8586	321	338	1.85	\N	2026-05-12 20:24:07	2026-05-12 20:24:07
8587	321	339	8.58	\N	2026-05-12 20:24:07	2026-05-12 20:24:07
8588	321	340	11.10	\N	2026-05-12 20:24:07	2026-05-12 20:24:07
8589	321	341	18.44	\N	2026-05-12 20:24:07	2026-05-12 20:24:07
8590	321	342	8.96	\N	2026-05-12 20:24:07	2026-05-12 20:24:07
8591	321	343	12.70	\N	2026-05-12 20:24:07	2026-05-12 20:24:07
8592	321	344	17.48	\N	2026-05-12 20:24:07	2026-05-12 20:24:07
8593	321	345	12.72	\N	2026-05-12 20:24:07	2026-05-12 20:24:07
8594	321	346	11.66	\N	2026-05-12 20:24:07	2026-05-12 20:24:07
8595	321	347	14.86	\N	2026-05-12 20:24:07	2026-05-12 20:24:07
8596	321	348	8.52	\N	2026-05-12 20:24:07	2026-05-12 20:24:07
8597	322	317	13.78	\N	2026-05-12 20:24:07	2026-05-12 20:24:07
8598	322	318	12.22	\N	2026-05-12 20:24:07	2026-05-12 20:24:07
8599	322	319	11.00	\N	2026-05-12 20:24:07	2026-05-12 20:24:07
8600	322	320	7.55	\N	2026-05-12 20:24:07	2026-05-12 20:24:07
8601	322	321	10.62	\N	2026-05-12 20:24:07	2026-05-12 20:24:07
8602	322	322	6.44	\N	2026-05-12 20:24:07	2026-05-12 20:24:07
8603	322	323	11.80	\N	2026-05-12 20:24:07	2026-05-12 20:24:07
8604	322	324	10.14	\N	2026-05-12 20:24:07	2026-05-12 20:24:07
8605	322	325	4.55	\N	2026-05-12 20:24:07	2026-05-12 20:24:07
8606	322	326	15.96	\N	2026-05-12 20:24:07	2026-05-12 20:24:07
8607	322	327	10.02	\N	2026-05-12 20:24:07	2026-05-12 20:24:07
8608	322	328	8.88	\N	2026-05-12 20:24:07	2026-05-12 20:24:07
8609	322	329	11.26	\N	2026-05-12 20:24:07	2026-05-12 20:24:07
8610	322	330	7.31	\N	2026-05-12 20:24:07	2026-05-12 20:24:07
8611	322	331	5.39	\N	2026-05-12 20:24:07	2026-05-12 20:24:07
8612	322	332	8.08	\N	2026-05-12 20:24:07	2026-05-12 20:24:07
8613	322	333	10.22	\N	2026-05-12 20:24:07	2026-05-12 20:24:07
8614	322	334	16.86	\N	2026-05-12 20:24:07	2026-05-12 20:24:07
8615	322	335	11.18	\N	2026-05-12 20:24:07	2026-05-12 20:24:07
8616	322	336	13.46	\N	2026-05-12 20:24:07	2026-05-12 20:24:07
8617	322	337	8.80	\N	2026-05-12 20:24:07	2026-05-12 20:24:07
8618	322	338	13.64	\N	2026-05-12 20:24:07	2026-05-12 20:24:07
8619	322	339	11.32	\N	2026-05-12 20:24:07	2026-05-12 20:24:07
8620	322	340	9.06	\N	2026-05-12 20:24:07	2026-05-12 20:24:07
8621	322	341	7.67	\N	2026-05-12 20:24:07	2026-05-12 20:24:07
8622	322	342	11.50	\N	2026-05-12 20:24:07	2026-05-12 20:24:07
8623	322	343	6.86	\N	2026-05-12 20:24:07	2026-05-12 20:24:07
8624	322	344	12.80	\N	2026-05-12 20:24:07	2026-05-12 20:24:07
8625	322	345	9.60	\N	2026-05-12 20:24:07	2026-05-12 20:24:07
8626	322	346	14.14	\N	2026-05-12 20:24:07	2026-05-12 20:24:07
8627	322	347	8.80	\N	2026-05-12 20:24:07	2026-05-12 20:24:07
8628	322	348	10.78	\N	2026-05-12 20:24:07	2026-05-12 20:24:07
8629	323	317	14.22	\N	2026-05-12 20:24:07	2026-05-12 20:24:07
8630	323	318	8.96	\N	2026-05-12 20:24:07	2026-05-12 20:24:07
8631	323	319	10.88	\N	2026-05-12 20:24:07	2026-05-12 20:24:07
8632	323	320	11.24	\N	2026-05-12 20:24:07	2026-05-12 20:24:07
8633	323	321	11.34	\N	2026-05-12 20:24:07	2026-05-12 20:24:07
8634	323	322	2.25	\N	2026-05-12 20:24:07	2026-05-12 20:24:07
8635	323	323	8.50	\N	2026-05-12 20:24:07	2026-05-12 20:24:07
8636	323	324	14.88	\N	2026-05-12 20:24:07	2026-05-12 20:24:07
8637	323	325	14.32	\N	2026-05-12 20:24:07	2026-05-12 20:24:07
8638	323	326	8.70	\N	2026-05-12 20:24:07	2026-05-12 20:24:07
8639	323	327	13.34	\N	2026-05-12 20:24:07	2026-05-12 20:24:07
8640	323	328	10.96	\N	2026-05-12 20:24:07	2026-05-12 20:24:07
8641	323	329	13.06	\N	2026-05-12 20:24:07	2026-05-12 20:24:07
8642	323	330	14.76	\N	2026-05-12 20:24:07	2026-05-12 20:24:07
8643	323	331	18.30	\N	2026-05-12 20:24:08	2026-05-12 20:24:08
8644	323	332	15.44	\N	2026-05-12 20:24:08	2026-05-12 20:24:08
8645	323	333	9.22	\N	2026-05-12 20:24:08	2026-05-12 20:24:08
8646	323	334	13.26	\N	2026-05-12 20:24:08	2026-05-12 20:24:08
8647	323	335	9.34	\N	2026-05-12 20:24:08	2026-05-12 20:24:08
8648	323	336	15.10	\N	2026-05-12 20:24:08	2026-05-12 20:24:08
8649	323	337	13.10	\N	2026-05-12 20:24:08	2026-05-12 20:24:08
8650	323	338	11.26	\N	2026-05-12 20:24:08	2026-05-12 20:24:08
8651	323	339	9.52	\N	2026-05-12 20:24:08	2026-05-12 20:24:08
8652	323	340	8.06	\N	2026-05-12 20:24:08	2026-05-12 20:24:08
8653	323	341	13.06	\N	2026-05-12 20:24:08	2026-05-12 20:24:08
8654	323	342	0.65	\N	2026-05-12 20:24:08	2026-05-12 20:24:08
8655	323	343	8.36	\N	2026-05-12 20:24:08	2026-05-12 20:24:08
8656	323	344	12.26	\N	2026-05-12 20:24:08	2026-05-12 20:24:08
8657	323	345	15.24	\N	2026-05-12 20:24:08	2026-05-12 20:24:08
8658	323	346	7.67	\N	2026-05-12 20:24:08	2026-05-12 20:24:08
8659	323	347	15.80	\N	2026-05-12 20:24:08	2026-05-12 20:24:08
8660	323	348	11.60	\N	2026-05-12 20:24:08	2026-05-12 20:24:08
8661	324	317	8.56	\N	2026-05-12 20:24:08	2026-05-12 20:24:08
8662	324	318	12.52	\N	2026-05-12 20:24:08	2026-05-12 20:24:08
8663	324	319	10.32	\N	2026-05-12 20:24:08	2026-05-12 20:24:08
8664	324	320	8.76	\N	2026-05-12 20:24:08	2026-05-12 20:24:08
8665	324	321	11.26	\N	2026-05-12 20:24:08	2026-05-12 20:24:08
8666	324	322	13.02	\N	2026-05-12 20:24:08	2026-05-12 20:24:08
8667	324	323	8.74	\N	2026-05-12 20:24:08	2026-05-12 20:24:08
8668	324	324	9.54	\N	2026-05-12 20:24:08	2026-05-12 20:24:08
8669	324	325	11.90	\N	2026-05-12 20:24:08	2026-05-12 20:24:08
8670	324	326	14.18	\N	2026-05-12 20:24:08	2026-05-12 20:24:08
8671	324	327	7.25	\N	2026-05-12 20:24:08	2026-05-12 20:24:08
8672	324	328	10.92	\N	2026-05-12 20:24:08	2026-05-12 20:24:08
8673	324	329	9.82	\N	2026-05-12 20:24:08	2026-05-12 20:24:08
8674	324	330	13.46	\N	2026-05-12 20:24:08	2026-05-12 20:24:08
8675	324	331	7.37	\N	2026-05-12 20:24:08	2026-05-12 20:24:08
8676	324	332	9.52	\N	2026-05-12 20:24:08	2026-05-12 20:24:08
8677	324	333	11.66	\N	2026-05-12 20:24:08	2026-05-12 20:24:08
8678	324	334	11.06	\N	2026-05-12 20:24:08	2026-05-12 20:24:08
8679	324	335	11.50	\N	2026-05-12 20:24:08	2026-05-12 20:24:08
8680	324	336	13.80	\N	2026-05-12 20:24:08	2026-05-12 20:24:08
8681	324	337	12.50	\N	2026-05-12 20:24:08	2026-05-12 20:24:08
8682	324	338	10.40	\N	2026-05-12 20:24:08	2026-05-12 20:24:08
8683	324	339	14.90	\N	2026-05-12 20:24:08	2026-05-12 20:24:08
8684	324	340	13.76	\N	2026-05-12 20:24:08	2026-05-12 20:24:08
8685	324	341	12.18	\N	2026-05-12 20:24:08	2026-05-12 20:24:08
8686	324	342	11.40	\N	2026-05-12 20:24:08	2026-05-12 20:24:08
8687	324	343	9.28	\N	2026-05-12 20:24:08	2026-05-12 20:24:08
8688	324	344	11.62	\N	2026-05-12 20:24:08	2026-05-12 20:24:08
8689	324	345	10.46	\N	2026-05-12 20:24:08	2026-05-12 20:24:08
8690	324	346	14.28	\N	2026-05-12 20:24:08	2026-05-12 20:24:08
8691	324	347	8.34	\N	2026-05-12 20:24:09	2026-05-12 20:24:09
8692	324	348	11.12	\N	2026-05-12 20:24:09	2026-05-12 20:24:09
8693	325	317	12.96	\N	2026-05-12 20:24:09	2026-05-12 20:24:09
8694	325	318	13.84	\N	2026-05-12 20:24:09	2026-05-12 20:24:09
8695	325	319	5.84	\N	2026-05-12 20:24:09	2026-05-12 20:24:09
8696	325	320	11.20	\N	2026-05-12 20:24:09	2026-05-12 20:24:09
8697	325	321	12.16	\N	2026-05-12 20:24:09	2026-05-12 20:24:09
8698	325	322	11.18	\N	2026-05-12 20:24:09	2026-05-12 20:24:09
8699	325	323	10.76	\N	2026-05-12 20:24:09	2026-05-12 20:24:09
8700	325	324	5.57	\N	2026-05-12 20:24:09	2026-05-12 20:24:09
8701	325	325	12.80	\N	2026-05-12 20:24:09	2026-05-12 20:24:09
8702	325	326	14.90	\N	2026-05-12 20:24:09	2026-05-12 20:24:09
8703	325	327	15.78	\N	2026-05-12 20:24:09	2026-05-12 20:24:09
8704	325	328	14.84	\N	2026-05-12 20:24:09	2026-05-12 20:24:09
8705	325	329	8.56	\N	2026-05-12 20:24:09	2026-05-12 20:24:09
8706	325	330	6.65	\N	2026-05-12 20:24:09	2026-05-12 20:24:09
8707	325	331	3.35	\N	2026-05-12 20:24:09	2026-05-12 20:24:09
8708	325	332	12.70	\N	2026-05-12 20:24:09	2026-05-12 20:24:09
8709	325	333	8.92	\N	2026-05-12 20:24:09	2026-05-12 20:24:09
8710	325	334	4.25	\N	2026-05-12 20:24:09	2026-05-12 20:24:09
8711	325	335	15.42	\N	2026-05-12 20:24:09	2026-05-12 20:24:09
8712	325	336	5.72	\N	2026-05-12 20:24:09	2026-05-12 20:24:09
8713	325	337	5.51	\N	2026-05-12 20:24:09	2026-05-12 20:24:09
8714	325	338	16.90	\N	2026-05-12 20:24:09	2026-05-12 20:24:09
8715	325	339	14.96	\N	2026-05-12 20:24:09	2026-05-12 20:24:09
8716	325	340	14.64	\N	2026-05-12 20:24:09	2026-05-12 20:24:09
8717	325	341	13.18	\N	2026-05-12 20:24:09	2026-05-12 20:24:09
8718	325	342	10.14	\N	2026-05-12 20:24:09	2026-05-12 20:24:09
8719	325	343	17.66	\N	2026-05-12 20:24:09	2026-05-12 20:24:09
8720	325	344	13.92	\N	2026-05-12 20:24:09	2026-05-12 20:24:09
8721	325	345	13.62	\N	2026-05-12 20:24:09	2026-05-12 20:24:09
8722	325	346	13.76	\N	2026-05-12 20:24:09	2026-05-12 20:24:09
8723	325	347	6.11	\N	2026-05-12 20:24:09	2026-05-12 20:24:09
8724	325	348	11.06	\N	2026-05-12 20:24:09	2026-05-12 20:24:09
8725	326	317	7.88	\N	2026-05-12 20:24:09	2026-05-12 20:24:09
8726	326	318	10.54	\N	2026-05-12 20:24:09	2026-05-12 20:24:09
8727	326	319	10.04	\N	2026-05-12 20:24:09	2026-05-12 20:24:09
8728	326	320	10.74	\N	2026-05-12 20:24:09	2026-05-12 20:24:09
8729	326	321	10.36	\N	2026-05-12 20:24:09	2026-05-12 20:24:09
8730	326	322	12.56	\N	2026-05-12 20:24:09	2026-05-12 20:24:09
8731	326	323	8.28	\N	2026-05-12 20:24:09	2026-05-12 20:24:09
8732	326	324	3.05	\N	2026-05-12 20:24:09	2026-05-12 20:24:09
8733	326	325	12.62	\N	2026-05-12 20:24:09	2026-05-12 20:24:09
8734	326	326	17.36	\N	2026-05-12 20:24:09	2026-05-12 20:24:09
8735	326	327	9.10	\N	2026-05-12 20:24:09	2026-05-12 20:24:09
8736	326	328	16.16	\N	2026-05-12 20:24:09	2026-05-12 20:24:09
8737	326	329	8.58	\N	2026-05-12 20:24:09	2026-05-12 20:24:09
8738	326	330	13.58	\N	2026-05-12 20:24:09	2026-05-12 20:24:09
8739	326	331	9.90	\N	2026-05-12 20:24:09	2026-05-12 20:24:09
8740	326	332	10.02	\N	2026-05-12 20:24:09	2026-05-12 20:24:09
8741	326	333	9.50	\N	2026-05-12 20:24:09	2026-05-12 20:24:09
8742	326	334	11.20	\N	2026-05-12 20:24:09	2026-05-12 20:24:09
8743	326	335	6.71	\N	2026-05-12 20:24:09	2026-05-12 20:24:09
8744	326	336	12.04	\N	2026-05-12 20:24:09	2026-05-12 20:24:09
8745	326	337	0.05	\N	2026-05-12 20:24:09	2026-05-12 20:24:09
8746	326	338	13.88	\N	2026-05-12 20:24:09	2026-05-12 20:24:09
8747	326	339	14.34	\N	2026-05-12 20:24:09	2026-05-12 20:24:09
8748	326	340	10.88	\N	2026-05-12 20:24:09	2026-05-12 20:24:09
8749	326	341	8.08	\N	2026-05-12 20:24:09	2026-05-12 20:24:09
8750	326	342	11.52	\N	2026-05-12 20:24:09	2026-05-12 20:24:09
8751	326	343	12.42	\N	2026-05-12 20:24:09	2026-05-12 20:24:09
8752	326	344	13.82	\N	2026-05-12 20:24:09	2026-05-12 20:24:09
8753	326	345	9.00	\N	2026-05-12 20:24:09	2026-05-12 20:24:09
8754	326	346	14.98	\N	2026-05-12 20:24:09	2026-05-12 20:24:09
8755	326	347	11.74	\N	2026-05-12 20:24:09	2026-05-12 20:24:09
8756	326	348	10.02	\N	2026-05-12 20:24:09	2026-05-12 20:24:09
8757	327	317	11.44	\N	2026-05-12 20:24:09	2026-05-12 20:24:09
8758	327	318	8.80	\N	2026-05-12 20:24:09	2026-05-12 20:24:09
8759	327	319	18.54	\N	2026-05-12 20:24:09	2026-05-12 20:24:09
8760	327	320	15.96	\N	2026-05-12 20:24:09	2026-05-12 20:24:09
8761	327	321	12.72	\N	2026-05-12 20:24:09	2026-05-12 20:24:09
8762	327	322	6.32	\N	2026-05-12 20:24:09	2026-05-12 20:24:09
8763	327	323	8.50	\N	2026-05-12 20:24:09	2026-05-12 20:24:09
8764	327	324	10.94	\N	2026-05-12 20:24:09	2026-05-12 20:24:09
8765	327	325	10.86	\N	2026-05-12 20:24:09	2026-05-12 20:24:09
8766	327	326	11.36	\N	2026-05-12 20:24:09	2026-05-12 20:24:09
8767	327	327	12.38	\N	2026-05-12 20:24:09	2026-05-12 20:24:09
8768	327	328	14.62	\N	2026-05-12 20:24:09	2026-05-12 20:24:09
8769	327	329	10.28	\N	2026-05-12 20:24:09	2026-05-12 20:24:09
8770	327	330	8.20	\N	2026-05-12 20:24:09	2026-05-12 20:24:09
8771	327	331	5.24	\N	2026-05-12 20:24:09	2026-05-12 20:24:09
8772	327	332	18.38	\N	2026-05-12 20:24:09	2026-05-12 20:24:09
8773	327	333	15.52	\N	2026-05-12 20:24:09	2026-05-12 20:24:09
8774	327	334	18.58	\N	2026-05-12 20:24:09	2026-05-12 20:24:09
8775	327	335	12.50	\N	2026-05-12 20:24:09	2026-05-12 20:24:09
8776	327	336	10.32	\N	2026-05-12 20:24:10	2026-05-12 20:24:10
8777	327	337	12.24	\N	2026-05-12 20:24:10	2026-05-12 20:24:10
8778	327	338	0.10	\N	2026-05-12 20:24:10	2026-05-12 20:24:10
8779	327	339	11.14	\N	2026-05-12 20:24:10	2026-05-12 20:24:10
8780	327	340	15.88	\N	2026-05-12 20:24:10	2026-05-12 20:24:10
8781	327	341	12.56	\N	2026-05-12 20:24:10	2026-05-12 20:24:10
8782	327	342	12.10	\N	2026-05-12 20:24:10	2026-05-12 20:24:10
8783	327	343	8.98	\N	2026-05-12 20:24:10	2026-05-12 20:24:10
8784	327	344	5.30	\N	2026-05-12 20:24:10	2026-05-12 20:24:10
8785	327	345	10.18	\N	2026-05-12 20:24:10	2026-05-12 20:24:10
8786	327	346	5.06	\N	2026-05-12 20:24:10	2026-05-12 20:24:10
8787	327	347	15.08	\N	2026-05-12 20:24:10	2026-05-12 20:24:10
8788	327	348	10.04	\N	2026-05-12 20:24:10	2026-05-12 20:24:10
8789	328	317	8.58	\N	2026-05-12 20:24:10	2026-05-12 20:24:10
8790	328	318	14.94	\N	2026-05-12 20:24:10	2026-05-12 20:24:10
8791	328	319	10.20	\N	2026-05-12 20:24:10	2026-05-12 20:24:10
8792	328	320	13.48	\N	2026-05-12 20:24:10	2026-05-12 20:24:10
8793	328	321	14.42	\N	2026-05-12 20:24:10	2026-05-12 20:24:10
8794	328	322	11.80	\N	2026-05-12 20:24:10	2026-05-12 20:24:10
8795	328	323	18.42	\N	2026-05-12 20:24:10	2026-05-12 20:24:10
8796	328	324	15.68	\N	2026-05-12 20:24:10	2026-05-12 20:24:10
8797	328	325	10.04	\N	2026-05-12 20:24:10	2026-05-12 20:24:10
8798	328	326	8.02	\N	2026-05-12 20:24:10	2026-05-12 20:24:10
8799	328	327	10.56	\N	2026-05-12 20:24:10	2026-05-12 20:24:10
8800	328	328	10.08	\N	2026-05-12 20:24:10	2026-05-12 20:24:10
8801	328	329	17.58	\N	2026-05-12 20:24:10	2026-05-12 20:24:10
8802	328	330	10.32	\N	2026-05-12 20:24:10	2026-05-12 20:24:10
8803	328	331	4.30	\N	2026-05-12 20:24:10	2026-05-12 20:24:10
8804	328	332	13.36	\N	2026-05-12 20:24:10	2026-05-12 20:24:10
8805	328	333	3.50	\N	2026-05-12 20:24:10	2026-05-12 20:24:10
8806	328	334	13.46	\N	2026-05-12 20:24:10	2026-05-12 20:24:10
8807	328	335	11.26	\N	2026-05-12 20:24:10	2026-05-12 20:24:10
8808	328	336	11.90	\N	2026-05-12 20:24:10	2026-05-12 20:24:10
8809	328	337	13.70	\N	2026-05-12 20:24:10	2026-05-12 20:24:10
8810	328	338	5.00	\N	2026-05-12 20:24:10	2026-05-12 20:24:10
8811	328	339	12.40	\N	2026-05-12 20:24:10	2026-05-12 20:24:10
8812	328	340	6.05	\N	2026-05-12 20:24:10	2026-05-12 20:24:10
8813	328	341	4.90	\N	2026-05-12 20:24:10	2026-05-12 20:24:10
8814	328	342	14.56	\N	2026-05-12 20:24:10	2026-05-12 20:24:10
8815	328	343	10.20	\N	2026-05-12 20:24:10	2026-05-12 20:24:10
8816	328	344	1.60	\N	2026-05-12 20:24:10	2026-05-12 20:24:10
8817	328	345	17.12	\N	2026-05-12 20:24:10	2026-05-12 20:24:10
8818	328	346	8.76	\N	2026-05-12 20:24:10	2026-05-12 20:24:10
8819	328	347	10.10	\N	2026-05-12 20:24:10	2026-05-12 20:24:10
8820	328	348	8.50	\N	2026-05-12 20:24:10	2026-05-12 20:24:10
\.


--
-- Data for Name: guardians; Type: TABLE DATA; Schema: public; Owner: -
--

COPY public.guardians (id, first_name, last_name, phone, email, profession, address, is_active, deleted_at, created_at, updated_at, user_id) FROM stdin;
1	Zara	OUMAR	+235 66 01 00 01	parent1@edupilot.td	\N	\N	t	\N	2026-05-12 21:49:10	2026-05-12 21:49:10	131
2	Moussa	HASSAN	+235 66 01 00 02	parent2@edupilot.td	\N	\N	t	\N	2026-05-12 21:49:10	2026-05-12 21:49:10	132
\.


--
-- Data for Name: job_batches; Type: TABLE DATA; Schema: public; Owner: -
--

COPY public.job_batches (id, name, total_jobs, pending_jobs, failed_jobs, failed_job_ids, options, cancelled_at, created_at, finished_at) FROM stdin;
\.


--
-- Data for Name: jobs; Type: TABLE DATA; Schema: public; Owner: -
--

COPY public.jobs (id, queue, payload, attempts, reserved_at, available_at, created_at) FROM stdin;
\.


--
-- Data for Name: localities; Type: TABLE DATA; Schema: public; Owner: -
--

COPY public.localities (id, commune_id, name, is_active, created_at, updated_at) FROM stdin;
1	1	Centre de N'Djamena	t	2026-05-12 20:04:42	2026-05-12 20:04:42
2	2	Centre de Chari-Baguirmi	t	2026-05-12 20:04:42	2026-05-12 20:04:42
3	3	Centre de Logone Occidental	t	2026-05-12 20:04:42	2026-05-12 20:04:42
4	4	Centre de Logone Oriental	t	2026-05-12 20:04:42	2026-05-12 20:04:42
5	5	Centre de Mayo-Kebbi Est	t	2026-05-12 20:04:42	2026-05-12 20:04:42
6	6	Centre de Mayo-Kebbi Ouest	t	2026-05-12 20:04:42	2026-05-12 20:04:42
7	7	Centre de Moyen-Chari	t	2026-05-12 20:04:42	2026-05-12 20:04:42
8	8	Centre de Ouaddaï	t	2026-05-12 20:04:42	2026-05-12 20:04:42
9	9	Centre de Borkou	t	2026-05-12 20:04:42	2026-05-12 20:04:42
10	10	Centre de Ennedi Est	t	2026-05-12 20:04:42	2026-05-12 20:04:42
11	11	Centre de Ennedi Ouest	t	2026-05-12 20:04:42	2026-05-12 20:04:42
12	12	Centre de Tibesti	t	2026-05-12 20:04:42	2026-05-12 20:04:42
13	13	Centre de Kanem	t	2026-05-12 20:04:42	2026-05-12 20:04:42
14	14	Centre de Lac	t	2026-05-12 20:04:42	2026-05-12 20:04:42
15	15	Centre de Bahr El Gazel	t	2026-05-12 20:04:42	2026-05-12 20:04:42
16	16	Centre de Batha	t	2026-05-12 20:04:42	2026-05-12 20:04:42
17	17	Centre de Wadi Fira	t	2026-05-12 20:04:42	2026-05-12 20:04:42
18	18	Centre de Sila	t	2026-05-12 20:04:42	2026-05-12 20:04:42
19	19	Centre de Hadjer-Lamis	t	2026-05-12 20:04:42	2026-05-12 20:04:42
20	20	Centre de Guéra	t	2026-05-12 20:04:42	2026-05-12 20:04:42
21	21	Centre de Salamat	t	2026-05-12 20:04:42	2026-05-12 20:04:42
22	22	Centre de Mandoul	t	2026-05-12 20:04:43	2026-05-12 20:04:43
23	23	Centre de Tandjilé	t	2026-05-12 20:04:43	2026-05-12 20:04:43
\.


--
-- Data for Name: migrations; Type: TABLE DATA; Schema: public; Owner: -
--

COPY public.migrations (id, migration, batch) FROM stdin;
1	0001_01_01_000000_create_users_table	1
2	0001_01_01_000001_create_cache_table	1
3	0001_01_01_000002_create_jobs_table	1
4	2026_05_12_074617_create_permission_tables	1
5	2026_05_12_074618_create_activity_log_table	1
6	2026_05_12_074619_add_event_column_to_activity_log_table	1
7	2026_05_12_074620_add_batch_uuid_column_to_activity_log_table	1
8	2026_05_12_080000_create_countries_table	1
9	2026_05_12_080001_create_regions_table	1
10	2026_05_12_080002_create_departments_table	1
11	2026_05_12_080003_create_communes_table	1
12	2026_05_12_080004_create_localities_table	1
13	2026_05_12_080005_create_schools_table	1
14	2026_05_12_080006_create_school_years_table	1
15	2026_05_12_080007_add_foreign_keys_to_users_table	1
16	2026_05_12_090000_create_classes_table	1
17	2026_05_12_090001_create_guardians_table	1
18	2026_05_12_090002_create_students_table	1
19	2026_05_12_090003_create_student_guardian_table	1
20	2026_05_12_090004_create_enrollments_table	1
21	2026_05_12_100000_create_teachers_table	1
22	2026_05_12_100001_create_subjects_table	1
23	2026_05_12_100002_create_teacher_assignments_table	1
24	2026_05_12_110000_create_attendances_table	1
25	2026_05_12_120000_create_evaluations_table	1
26	2026_05_12_120001_create_grades_table	1
27	2026_05_12_130000_create_report_cards_table	1
28	2026_05_12_140000_create_exams_table	1
29	2026_05_12_140001_create_exam_candidates_table	1
30	2026_05_12_150000_add_user_id_to_guardians_table	2
31	2026_05_12_150001_add_user_id_to_students_table	2
\.


--
-- Data for Name: model_has_permissions; Type: TABLE DATA; Schema: public; Owner: -
--

COPY public.model_has_permissions (permission_id, model_type, model_id) FROM stdin;
\.


--
-- Data for Name: model_has_roles; Type: TABLE DATA; Schema: public; Owner: -
--

COPY public.model_has_roles (role_id, model_type, model_id) FROM stdin;
97	App\\Models\\User	11
98	App\\Models\\User	12
99	App\\Models\\User	13
99	App\\Models\\User	14
103	App\\Models\\User	131
103	App\\Models\\User	132
104	App\\Models\\User	133
104	App\\Models\\User	134
104	App\\Models\\User	135
102	App\\Models\\User	33
102	App\\Models\\User	34
102	App\\Models\\User	35
102	App\\Models\\User	36
102	App\\Models\\User	37
102	App\\Models\\User	38
102	App\\Models\\User	39
102	App\\Models\\User	40
102	App\\Models\\User	41
102	App\\Models\\User	42
102	App\\Models\\User	43
102	App\\Models\\User	44
102	App\\Models\\User	45
102	App\\Models\\User	46
102	App\\Models\\User	47
102	App\\Models\\User	48
102	App\\Models\\User	49
102	App\\Models\\User	50
102	App\\Models\\User	51
102	App\\Models\\User	52
102	App\\Models\\User	53
102	App\\Models\\User	54
102	App\\Models\\User	55
102	App\\Models\\User	56
\.


--
-- Data for Name: permissions; Type: TABLE DATA; Schema: public; Owner: -
--

COPY public.permissions (id, name, guard_name, created_at, updated_at) FROM stdin;
973	territory.view-any	web	2026-05-12 19:45:25	2026-05-12 19:45:25
974	territory.create	web	2026-05-12 19:45:25	2026-05-12 19:45:25
975	territory.update	web	2026-05-12 19:45:25	2026-05-12 19:45:25
976	territory.delete	web	2026-05-12 19:45:25	2026-05-12 19:45:25
977	schools.view-any	web	2026-05-12 19:45:25	2026-05-12 19:45:25
978	schools.view	web	2026-05-12 19:45:25	2026-05-12 19:45:25
979	schools.create	web	2026-05-12 19:45:25	2026-05-12 19:45:25
980	schools.update	web	2026-05-12 19:45:25	2026-05-12 19:45:25
981	schools.delete	web	2026-05-12 19:45:25	2026-05-12 19:45:25
982	schools.activate	web	2026-05-12 19:45:25	2026-05-12 19:45:25
983	schools.assign-director	web	2026-05-12 19:45:25	2026-05-12 19:45:25
984	school-years.view-any	web	2026-05-12 19:45:25	2026-05-12 19:45:25
985	school-years.create	web	2026-05-12 19:45:25	2026-05-12 19:45:25
986	school-years.update	web	2026-05-12 19:45:25	2026-05-12 19:45:25
987	school-years.activate	web	2026-05-12 19:45:25	2026-05-12 19:45:25
988	classes.view-any	web	2026-05-12 19:45:25	2026-05-12 19:45:25
989	classes.view	web	2026-05-12 19:45:25	2026-05-12 19:45:25
990	classes.create	web	2026-05-12 19:45:25	2026-05-12 19:45:25
991	classes.update	web	2026-05-12 19:45:25	2026-05-12 19:45:25
992	classes.delete	web	2026-05-12 19:45:25	2026-05-12 19:45:25
993	classes.assign-teacher	web	2026-05-12 19:45:25	2026-05-12 19:45:25
994	students.view-any	web	2026-05-12 19:45:25	2026-05-12 19:45:25
995	students.view	web	2026-05-12 19:45:25	2026-05-12 19:45:25
996	students.create	web	2026-05-12 19:45:25	2026-05-12 19:45:25
997	students.update	web	2026-05-12 19:45:25	2026-05-12 19:45:25
998	students.delete	web	2026-05-12 19:45:25	2026-05-12 19:45:25
999	students.transfer	web	2026-05-12 19:45:25	2026-05-12 19:45:25
1000	students.print	web	2026-05-12 19:45:25	2026-05-12 19:45:25
1001	guardians.view-any	web	2026-05-12 19:45:25	2026-05-12 19:45:25
1002	guardians.view	web	2026-05-12 19:45:25	2026-05-12 19:45:25
1003	guardians.create	web	2026-05-12 19:45:25	2026-05-12 19:45:25
1004	guardians.update	web	2026-05-12 19:45:25	2026-05-12 19:45:25
1005	teachers.view-any	web	2026-05-12 19:45:25	2026-05-12 19:45:25
1006	teachers.view	web	2026-05-12 19:45:25	2026-05-12 19:45:25
1007	teachers.create	web	2026-05-12 19:45:25	2026-05-12 19:45:25
1008	teachers.update	web	2026-05-12 19:45:25	2026-05-12 19:45:25
1009	teachers.delete	web	2026-05-12 19:45:25	2026-05-12 19:45:25
1010	teachers.assign	web	2026-05-12 19:45:25	2026-05-12 19:45:25
1011	teachers.unassign	web	2026-05-12 19:45:25	2026-05-12 19:45:25
1012	subjects.view-any	web	2026-05-12 19:45:25	2026-05-12 19:45:25
1013	subjects.view	web	2026-05-12 19:45:25	2026-05-12 19:45:25
1014	subjects.create	web	2026-05-12 19:45:25	2026-05-12 19:45:25
1015	subjects.update	web	2026-05-12 19:45:25	2026-05-12 19:45:25
1016	subjects.delete	web	2026-05-12 19:45:25	2026-05-12 19:45:25
1017	subjects.assign	web	2026-05-12 19:45:25	2026-05-12 19:45:25
1018	enrollments.view-any	web	2026-05-12 19:45:25	2026-05-12 19:45:25
1019	enrollments.view	web	2026-05-12 19:45:25	2026-05-12 19:45:25
1020	enrollments.create	web	2026-05-12 19:45:25	2026-05-12 19:45:25
1021	enrollments.update	web	2026-05-12 19:45:25	2026-05-12 19:45:25
1022	enrollments.transfer	web	2026-05-12 19:45:25	2026-05-12 19:45:25
1023	enrollments.cancel	web	2026-05-12 19:45:25	2026-05-12 19:45:25
1024	attendances.view-any	web	2026-05-12 19:45:26	2026-05-12 19:45:26
1025	attendances.view	web	2026-05-12 19:45:26	2026-05-12 19:45:26
1026	attendances.create	web	2026-05-12 19:45:26	2026-05-12 19:45:26
1027	attendances.update	web	2026-05-12 19:45:26	2026-05-12 19:45:26
1028	grades.view-any	web	2026-05-12 19:45:26	2026-05-12 19:45:26
1029	grades.view	web	2026-05-12 19:45:26	2026-05-12 19:45:26
1030	grades.create	web	2026-05-12 19:45:26	2026-05-12 19:45:26
1031	grades.update	web	2026-05-12 19:45:26	2026-05-12 19:45:26
1032	grades.lock	web	2026-05-12 19:45:26	2026-05-12 19:45:26
1033	grades.unlock	web	2026-05-12 19:45:26	2026-05-12 19:45:26
1034	report-cards.view-any	web	2026-05-12 19:45:26	2026-05-12 19:45:26
1035	report-cards.view	web	2026-05-12 19:45:26	2026-05-12 19:45:26
1036	report-cards.generate	web	2026-05-12 19:45:26	2026-05-12 19:45:26
1037	report-cards.print	web	2026-05-12 19:45:26	2026-05-12 19:45:26
1038	exams.view-any	web	2026-05-12 19:45:26	2026-05-12 19:45:26
1039	exams.view	web	2026-05-12 19:45:26	2026-05-12 19:45:26
1040	exams.create	web	2026-05-12 19:45:26	2026-05-12 19:45:26
1041	exams.update	web	2026-05-12 19:45:26	2026-05-12 19:45:26
1042	exams.delete	web	2026-05-12 19:45:26	2026-05-12 19:45:26
1043	exams.register	web	2026-05-12 19:45:26	2026-05-12 19:45:26
1044	exams.results	web	2026-05-12 19:45:26	2026-05-12 19:45:26
1045	reports.view	web	2026-05-12 19:45:26	2026-05-12 19:45:26
1046	reports.export	web	2026-05-12 19:45:26	2026-05-12 19:45:26
1047	audit.view	web	2026-05-12 19:45:26	2026-05-12 19:45:26
1048	users.view-any	web	2026-05-12 19:45:26	2026-05-12 19:45:26
1049	users.view	web	2026-05-12 19:45:26	2026-05-12 19:45:26
1050	users.create	web	2026-05-12 19:45:26	2026-05-12 19:45:26
1051	users.update	web	2026-05-12 19:45:26	2026-05-12 19:45:26
1052	users.delete	web	2026-05-12 19:45:26	2026-05-12 19:45:26
1053	users.assign-role	web	2026-05-12 19:45:26	2026-05-12 19:45:26
\.


--
-- Data for Name: regions; Type: TABLE DATA; Schema: public; Owner: -
--

COPY public.regions (id, country_id, name, code, is_active, created_at, updated_at) FROM stdin;
1	1	N'Djamena	NDJ	t	2026-05-12 20:04:41	2026-05-12 20:04:41
2	1	Chari-Baguirmi	CB	t	2026-05-12 20:04:42	2026-05-12 20:04:42
3	1	Logone Occidental	LO	t	2026-05-12 20:04:42	2026-05-12 20:04:42
4	1	Logone Oriental	LOR	t	2026-05-12 20:04:42	2026-05-12 20:04:42
5	1	Mayo-Kebbi Est	MKE	t	2026-05-12 20:04:42	2026-05-12 20:04:42
6	1	Mayo-Kebbi Ouest	MKO	t	2026-05-12 20:04:42	2026-05-12 20:04:42
7	1	Moyen-Chari	MC	t	2026-05-12 20:04:42	2026-05-12 20:04:42
8	1	Ouaddaï	OUA	t	2026-05-12 20:04:42	2026-05-12 20:04:42
9	1	Borkou	BOR	t	2026-05-12 20:04:42	2026-05-12 20:04:42
10	1	Ennedi Est	ENE	t	2026-05-12 20:04:42	2026-05-12 20:04:42
11	1	Ennedi Ouest	ENO	t	2026-05-12 20:04:42	2026-05-12 20:04:42
12	1	Tibesti	TIB	t	2026-05-12 20:04:42	2026-05-12 20:04:42
13	1	Kanem	KAN	t	2026-05-12 20:04:42	2026-05-12 20:04:42
14	1	Lac	LAC	t	2026-05-12 20:04:42	2026-05-12 20:04:42
15	1	Bahr El Gazel	BEG	t	2026-05-12 20:04:42	2026-05-12 20:04:42
16	1	Batha	BAT	t	2026-05-12 20:04:42	2026-05-12 20:04:42
17	1	Wadi Fira	WFI	t	2026-05-12 20:04:42	2026-05-12 20:04:42
18	1	Sila	SIL	t	2026-05-12 20:04:42	2026-05-12 20:04:42
19	1	Hadjer-Lamis	HLM	t	2026-05-12 20:04:42	2026-05-12 20:04:42
20	1	Guéra	GUE	t	2026-05-12 20:04:42	2026-05-12 20:04:42
21	1	Salamat	SAL	t	2026-05-12 20:04:42	2026-05-12 20:04:42
22	1	Mandoul	MAN	t	2026-05-12 20:04:42	2026-05-12 20:04:42
23	1	Tandjilé	TAN	t	2026-05-12 20:04:43	2026-05-12 20:04:43
\.


--
-- Data for Name: report_cards; Type: TABLE DATA; Schema: public; Owner: -
--

COPY public.report_cards (id, student_id, school_class_id, school_year_id, period, overall_average, rank, absences_count, director_comment, is_published, published_at, created_at, updated_at, deleted_at) FROM stdin;
22	22	2	2	trimester_1	10.40	18	0	\N	t	2026-05-12 20:24:11	2026-05-12 20:24:11	2026-05-12 20:24:11	\N
23	23	2	2	trimester_1	11.52	9	0	\N	t	2026-05-12 20:24:11	2026-05-12 20:24:11	2026-05-12 20:24:11	\N
24	24	2	2	trimester_1	11.20	14	0	\N	t	2026-05-12 20:24:11	2026-05-12 20:24:11	2026-05-12 20:24:11	\N
25	25	2	2	trimester_1	12.60	3	0	\N	t	2026-05-12 20:24:11	2026-05-12 20:24:11	2026-05-12 20:24:11	\N
26	26	2	2	trimester_1	11.26	12	0	\N	t	2026-05-12 20:24:11	2026-05-12 20:24:11	2026-05-12 20:24:11	\N
27	27	2	2	trimester_1	10.25	19	0	\N	t	2026-05-12 20:24:11	2026-05-12 20:24:11	2026-05-12 20:24:11	\N
28	28	2	2	trimester_1	9.34	22	0	\N	t	2026-05-12 20:24:11	2026-05-12 20:24:11	2026-05-12 20:24:11	\N
29	29	2	2	trimester_1	14.13	1	0	\N	t	2026-05-12 20:24:11	2026-05-12 20:24:11	2026-05-12 20:24:11	\N
1	1	1	2	trimester_1	10.26	16	0	\N	t	2026-05-12 20:24:11	2026-05-12 20:24:10	2026-05-12 20:24:11	\N
2	2	1	2	trimester_1	8.56	20	0	\N	t	2026-05-12 20:24:11	2026-05-12 20:24:10	2026-05-12 20:24:11	\N
3	3	1	2	trimester_1	10.68	15	0	\N	t	2026-05-12 20:24:11	2026-05-12 20:24:10	2026-05-12 20:24:11	\N
4	4	1	2	trimester_1	11.67	6	0	\N	t	2026-05-12 20:24:11	2026-05-12 20:24:10	2026-05-12 20:24:11	\N
5	5	1	2	trimester_1	11.29	8	0	\N	t	2026-05-12 20:24:11	2026-05-12 20:24:10	2026-05-12 20:24:11	\N
6	6	1	2	trimester_1	7.55	21	0	\N	t	2026-05-12 20:24:11	2026-05-12 20:24:10	2026-05-12 20:24:11	\N
7	7	1	2	trimester_1	12.92	1	0	\N	t	2026-05-12 20:24:11	2026-05-12 20:24:10	2026-05-12 20:24:11	\N
8	8	1	2	trimester_1	11.35	7	0	\N	t	2026-05-12 20:24:11	2026-05-12 20:24:10	2026-05-12 20:24:11	\N
9	9	1	2	trimester_1	11.00	12	0	\N	t	2026-05-12 20:24:11	2026-05-12 20:24:10	2026-05-12 20:24:11	\N
10	10	1	2	trimester_1	9.75	19	0	\N	t	2026-05-12 20:24:11	2026-05-12 20:24:10	2026-05-12 20:24:11	\N
11	11	1	2	trimester_1	10.00	17	0	\N	t	2026-05-12 20:24:11	2026-05-12 20:24:10	2026-05-12 20:24:11	\N
12	12	1	2	trimester_1	11.94	4	0	\N	t	2026-05-12 20:24:11	2026-05-12 20:24:10	2026-05-12 20:24:11	\N
13	13	1	2	trimester_1	11.18	9	0	\N	t	2026-05-12 20:24:11	2026-05-12 20:24:10	2026-05-12 20:24:11	\N
14	14	1	2	trimester_1	11.12	10	0	\N	t	2026-05-12 20:24:11	2026-05-12 20:24:10	2026-05-12 20:24:11	\N
15	15	1	2	trimester_1	9.79	18	0	\N	t	2026-05-12 20:24:11	2026-05-12 20:24:10	2026-05-12 20:24:11	\N
16	16	1	2	trimester_1	12.09	2	0	\N	t	2026-05-12 20:24:11	2026-05-12 20:24:10	2026-05-12 20:24:11	\N
17	17	1	2	trimester_1	11.76	5	0	\N	t	2026-05-12 20:24:11	2026-05-12 20:24:10	2026-05-12 20:24:11	\N
18	18	1	2	trimester_1	10.88	13	0	\N	t	2026-05-12 20:24:11	2026-05-12 20:24:10	2026-05-12 20:24:11	\N
19	19	1	2	trimester_1	11.95	3	0	\N	t	2026-05-12 20:24:11	2026-05-12 20:24:10	2026-05-12 20:24:11	\N
20	20	1	2	trimester_1	11.04	11	0	\N	t	2026-05-12 20:24:11	2026-05-12 20:24:10	2026-05-12 20:24:11	\N
21	21	1	2	trimester_1	10.70	14	0	\N	t	2026-05-12 20:24:11	2026-05-12 20:24:10	2026-05-12 20:24:11	\N
30	30	2	2	trimester_1	12.01	5	0	\N	t	2026-05-12 20:24:11	2026-05-12 20:24:11	2026-05-12 20:24:11	\N
31	31	2	2	trimester_1	10.83	15	0	\N	t	2026-05-12 20:24:11	2026-05-12 20:24:11	2026-05-12 20:24:11	\N
32	32	2	2	trimester_1	11.80	8	0	\N	t	2026-05-12 20:24:11	2026-05-12 20:24:11	2026-05-12 20:24:11	\N
33	33	2	2	trimester_1	10.78	16	0	\N	t	2026-05-12 20:24:11	2026-05-12 20:24:11	2026-05-12 20:24:11	\N
34	34	2	2	trimester_1	13.59	2	0	\N	t	2026-05-12 20:24:11	2026-05-12 20:24:11	2026-05-12 20:24:11	\N
35	35	2	2	trimester_1	10.49	17	0	\N	t	2026-05-12 20:24:11	2026-05-12 20:24:11	2026-05-12 20:24:11	\N
36	36	2	2	trimester_1	11.33	10	0	\N	t	2026-05-12 20:24:11	2026-05-12 20:24:11	2026-05-12 20:24:11	\N
37	37	2	2	trimester_1	9.85	21	0	\N	t	2026-05-12 20:24:11	2026-05-12 20:24:11	2026-05-12 20:24:11	\N
38	38	2	2	trimester_1	11.30	11	0	\N	t	2026-05-12 20:24:11	2026-05-12 20:24:11	2026-05-12 20:24:11	\N
39	39	2	2	trimester_1	11.96	6	0	\N	t	2026-05-12 20:24:11	2026-05-12 20:24:11	2026-05-12 20:24:11	\N
40	40	2	2	trimester_1	11.83	7	0	\N	t	2026-05-12 20:24:11	2026-05-12 20:24:11	2026-05-12 20:24:11	\N
41	41	2	2	trimester_1	12.02	4	0	\N	t	2026-05-12 20:24:11	2026-05-12 20:24:11	2026-05-12 20:24:11	\N
42	42	2	2	trimester_1	11.25	13	0	\N	t	2026-05-12 20:24:11	2026-05-12 20:24:11	2026-05-12 20:24:11	\N
43	43	2	2	trimester_1	10.14	20	0	\N	t	2026-05-12 20:24:11	2026-05-12 20:24:11	2026-05-12 20:24:11	\N
44	44	3	2	trimester_1	13.75	1	0	\N	t	2026-05-12 20:24:12	2026-05-12 20:24:11	2026-05-12 20:24:12	\N
45	45	3	2	trimester_1	10.17	25	0	\N	t	2026-05-12 20:24:12	2026-05-12 20:24:11	2026-05-12 20:24:12	\N
46	46	3	2	trimester_1	11.36	14	0	\N	t	2026-05-12 20:24:12	2026-05-12 20:24:11	2026-05-12 20:24:12	\N
47	47	3	2	trimester_1	11.23	15	0	\N	t	2026-05-12 20:24:12	2026-05-12 20:24:11	2026-05-12 20:24:12	\N
48	48	3	2	trimester_1	11.76	9	0	\N	t	2026-05-12 20:24:12	2026-05-12 20:24:11	2026-05-12 20:24:12	\N
49	49	3	2	trimester_1	11.10	17	0	\N	t	2026-05-12 20:24:12	2026-05-12 20:24:11	2026-05-12 20:24:12	\N
50	50	3	2	trimester_1	10.91	18	0	\N	t	2026-05-12 20:24:12	2026-05-12 20:24:11	2026-05-12 20:24:12	\N
51	51	3	2	trimester_1	9.25	28	0	\N	t	2026-05-12 20:24:12	2026-05-12 20:24:11	2026-05-12 20:24:12	\N
52	52	3	2	trimester_1	11.90	8	0	\N	t	2026-05-12 20:24:12	2026-05-12 20:24:11	2026-05-12 20:24:12	\N
53	53	3	2	trimester_1	11.66	11	0	\N	t	2026-05-12 20:24:12	2026-05-12 20:24:11	2026-05-12 20:24:12	\N
54	54	3	2	trimester_1	11.95	6	0	\N	t	2026-05-12 20:24:12	2026-05-12 20:24:11	2026-05-12 20:24:12	\N
55	55	3	2	trimester_1	10.90	20	0	\N	t	2026-05-12 20:24:12	2026-05-12 20:24:11	2026-05-12 20:24:12	\N
56	56	3	2	trimester_1	10.91	19	0	\N	t	2026-05-12 20:24:12	2026-05-12 20:24:11	2026-05-12 20:24:12	\N
57	57	3	2	trimester_1	10.12	26	0	\N	t	2026-05-12 20:24:12	2026-05-12 20:24:11	2026-05-12 20:24:12	\N
58	58	3	2	trimester_1	11.67	10	0	\N	t	2026-05-12 20:24:12	2026-05-12 20:24:11	2026-05-12 20:24:12	\N
59	59	3	2	trimester_1	10.71	21	0	\N	t	2026-05-12 20:24:12	2026-05-12 20:24:11	2026-05-12 20:24:12	\N
60	60	3	2	trimester_1	12.82	3	0	\N	t	2026-05-12 20:24:12	2026-05-12 20:24:11	2026-05-12 20:24:12	\N
61	61	3	2	trimester_1	11.14	16	0	\N	t	2026-05-12 20:24:12	2026-05-12 20:24:11	2026-05-12 20:24:12	\N
62	62	3	2	trimester_1	10.34	23	0	\N	t	2026-05-12 20:24:12	2026-05-12 20:24:11	2026-05-12 20:24:12	\N
63	63	3	2	trimester_1	12.93	2	0	\N	t	2026-05-12 20:24:12	2026-05-12 20:24:11	2026-05-12 20:24:12	\N
64	64	3	2	trimester_1	10.31	24	0	\N	t	2026-05-12 20:24:12	2026-05-12 20:24:11	2026-05-12 20:24:12	\N
65	65	3	2	trimester_1	12.34	4	0	\N	t	2026-05-12 20:24:12	2026-05-12 20:24:11	2026-05-12 20:24:12	\N
66	66	3	2	trimester_1	9.64	27	0	\N	t	2026-05-12 20:24:12	2026-05-12 20:24:12	2026-05-12 20:24:12	\N
67	67	3	2	trimester_1	11.63	12	0	\N	t	2026-05-12 20:24:12	2026-05-12 20:24:12	2026-05-12 20:24:12	\N
68	68	3	2	trimester_1	11.93	7	0	\N	t	2026-05-12 20:24:12	2026-05-12 20:24:12	2026-05-12 20:24:12	\N
69	69	3	2	trimester_1	11.48	13	0	\N	t	2026-05-12 20:24:12	2026-05-12 20:24:12	2026-05-12 20:24:12	\N
70	70	3	2	trimester_1	10.46	22	0	\N	t	2026-05-12 20:24:12	2026-05-12 20:24:12	2026-05-12 20:24:12	\N
71	71	3	2	trimester_1	12.27	5	0	\N	t	2026-05-12 20:24:12	2026-05-12 20:24:12	2026-05-12 20:24:12	\N
103	103	5	2	trimester_1	11.20	9	0	\N	t	2026-05-12 20:24:13	2026-05-12 20:24:12	2026-05-12 20:24:13	\N
72	72	4	2	trimester_1	7.62	31	0	\N	t	2026-05-12 20:24:12	2026-05-12 20:24:12	2026-05-12 20:24:12	\N
73	73	4	2	trimester_1	9.33	30	0	\N	t	2026-05-12 20:24:12	2026-05-12 20:24:12	2026-05-12 20:24:12	\N
74	74	4	2	trimester_1	11.42	18	0	\N	t	2026-05-12 20:24:12	2026-05-12 20:24:12	2026-05-12 20:24:12	\N
75	75	4	2	trimester_1	11.72	14	0	\N	t	2026-05-12 20:24:12	2026-05-12 20:24:12	2026-05-12 20:24:12	\N
76	76	4	2	trimester_1	10.32	25	0	\N	t	2026-05-12 20:24:12	2026-05-12 20:24:12	2026-05-12 20:24:12	\N
77	77	4	2	trimester_1	12.44	7	0	\N	t	2026-05-12 20:24:12	2026-05-12 20:24:12	2026-05-12 20:24:12	\N
78	78	4	2	trimester_1	11.37	19	0	\N	t	2026-05-12 20:24:12	2026-05-12 20:24:12	2026-05-12 20:24:12	\N
79	79	4	2	trimester_1	9.53	29	0	\N	t	2026-05-12 20:24:12	2026-05-12 20:24:12	2026-05-12 20:24:12	\N
80	80	4	2	trimester_1	12.35	8	0	\N	t	2026-05-12 20:24:12	2026-05-12 20:24:12	2026-05-12 20:24:12	\N
81	81	4	2	trimester_1	10.60	23	0	\N	t	2026-05-12 20:24:12	2026-05-12 20:24:12	2026-05-12 20:24:12	\N
82	82	4	2	trimester_1	13.94	2	0	\N	t	2026-05-12 20:24:12	2026-05-12 20:24:12	2026-05-12 20:24:12	\N
83	83	4	2	trimester_1	13.27	4	0	\N	t	2026-05-12 20:24:12	2026-05-12 20:24:12	2026-05-12 20:24:12	\N
84	84	4	2	trimester_1	10.45	24	0	\N	t	2026-05-12 20:24:12	2026-05-12 20:24:12	2026-05-12 20:24:12	\N
85	85	4	2	trimester_1	11.28	20	0	\N	t	2026-05-12 20:24:12	2026-05-12 20:24:12	2026-05-12 20:24:12	\N
86	86	4	2	trimester_1	12.56	6	0	\N	t	2026-05-12 20:24:12	2026-05-12 20:24:12	2026-05-12 20:24:12	\N
87	87	4	2	trimester_1	11.91	12	0	\N	t	2026-05-12 20:24:12	2026-05-12 20:24:12	2026-05-12 20:24:12	\N
88	88	4	2	trimester_1	9.99	27	0	\N	t	2026-05-12 20:24:12	2026-05-12 20:24:12	2026-05-12 20:24:12	\N
89	89	4	2	trimester_1	12.01	11	0	\N	t	2026-05-12 20:24:12	2026-05-12 20:24:12	2026-05-12 20:24:12	\N
90	90	4	2	trimester_1	9.65	28	0	\N	t	2026-05-12 20:24:12	2026-05-12 20:24:12	2026-05-12 20:24:12	\N
91	91	4	2	trimester_1	13.50	3	0	\N	t	2026-05-12 20:24:12	2026-05-12 20:24:12	2026-05-12 20:24:12	\N
92	92	4	2	trimester_1	14.84	1	0	\N	t	2026-05-12 20:24:12	2026-05-12 20:24:12	2026-05-12 20:24:12	\N
93	93	4	2	trimester_1	10.61	22	0	\N	t	2026-05-12 20:24:12	2026-05-12 20:24:12	2026-05-12 20:24:12	\N
94	94	4	2	trimester_1	10.86	21	0	\N	t	2026-05-12 20:24:12	2026-05-12 20:24:12	2026-05-12 20:24:12	\N
95	95	4	2	trimester_1	11.68	15	0	\N	t	2026-05-12 20:24:12	2026-05-12 20:24:12	2026-05-12 20:24:12	\N
96	96	4	2	trimester_1	10.11	26	0	\N	t	2026-05-12 20:24:12	2026-05-12 20:24:12	2026-05-12 20:24:12	\N
97	97	4	2	trimester_1	11.67	16	0	\N	t	2026-05-12 20:24:12	2026-05-12 20:24:12	2026-05-12 20:24:12	\N
98	98	4	2	trimester_1	11.64	17	0	\N	t	2026-05-12 20:24:12	2026-05-12 20:24:12	2026-05-12 20:24:12	\N
99	99	4	2	trimester_1	11.88	13	0	\N	t	2026-05-12 20:24:12	2026-05-12 20:24:12	2026-05-12 20:24:12	\N
100	100	4	2	trimester_1	12.12	10	0	\N	t	2026-05-12 20:24:12	2026-05-12 20:24:12	2026-05-12 20:24:12	\N
101	101	4	2	trimester_1	12.68	5	0	\N	t	2026-05-12 20:24:12	2026-05-12 20:24:12	2026-05-12 20:24:12	\N
102	102	4	2	trimester_1	12.25	9	0	\N	t	2026-05-12 20:24:12	2026-05-12 20:24:12	2026-05-12 20:24:12	\N
124	124	6	2	trimester_1	9.86	24	0	\N	t	2026-05-12 20:24:13	2026-05-12 20:24:13	2026-05-12 20:24:13	\N
125	125	6	2	trimester_1	9.93	23	0	\N	t	2026-05-12 20:24:13	2026-05-12 20:24:13	2026-05-12 20:24:13	\N
126	126	6	2	trimester_1	11.27	18	0	\N	t	2026-05-12 20:24:13	2026-05-12 20:24:13	2026-05-12 20:24:13	\N
127	127	6	2	trimester_1	12.26	6	0	\N	t	2026-05-12 20:24:13	2026-05-12 20:24:13	2026-05-12 20:24:13	\N
128	128	6	2	trimester_1	11.17	20	0	\N	t	2026-05-12 20:24:13	2026-05-12 20:24:13	2026-05-12 20:24:13	\N
129	129	6	2	trimester_1	11.20	19	0	\N	t	2026-05-12 20:24:13	2026-05-12 20:24:13	2026-05-12 20:24:13	\N
130	130	6	2	trimester_1	12.28	5	0	\N	t	2026-05-12 20:24:13	2026-05-12 20:24:13	2026-05-12 20:24:13	\N
131	131	6	2	trimester_1	10.53	21	0	\N	t	2026-05-12 20:24:13	2026-05-12 20:24:13	2026-05-12 20:24:13	\N
132	132	6	2	trimester_1	15.00	1	0	\N	t	2026-05-12 20:24:13	2026-05-12 20:24:13	2026-05-12 20:24:13	\N
104	104	5	2	trimester_1	11.04	10	0	\N	t	2026-05-12 20:24:13	2026-05-12 20:24:12	2026-05-12 20:24:13	\N
105	105	5	2	trimester_1	11.21	8	0	\N	t	2026-05-12 20:24:13	2026-05-12 20:24:12	2026-05-12 20:24:13	\N
106	106	5	2	trimester_1	10.88	11	0	\N	t	2026-05-12 20:24:13	2026-05-12 20:24:12	2026-05-12 20:24:13	\N
107	107	5	2	trimester_1	9.41	21	0	\N	t	2026-05-12 20:24:13	2026-05-12 20:24:13	2026-05-12 20:24:13	\N
108	108	5	2	trimester_1	9.81	18	0	\N	t	2026-05-12 20:24:13	2026-05-12 20:24:13	2026-05-12 20:24:13	\N
109	109	5	2	trimester_1	9.51	20	0	\N	t	2026-05-12 20:24:13	2026-05-12 20:24:13	2026-05-12 20:24:13	\N
110	110	5	2	trimester_1	10.57	14	0	\N	t	2026-05-12 20:24:13	2026-05-12 20:24:13	2026-05-12 20:24:13	\N
111	111	5	2	trimester_1	9.88	17	0	\N	t	2026-05-12 20:24:13	2026-05-12 20:24:13	2026-05-12 20:24:13	\N
112	112	5	2	trimester_1	13.66	1	0	\N	t	2026-05-12 20:24:13	2026-05-12 20:24:13	2026-05-12 20:24:13	\N
113	113	5	2	trimester_1	10.61	13	0	\N	t	2026-05-12 20:24:13	2026-05-12 20:24:13	2026-05-12 20:24:13	\N
114	114	5	2	trimester_1	11.67	5	0	\N	t	2026-05-12 20:24:13	2026-05-12 20:24:13	2026-05-12 20:24:13	\N
115	115	5	2	trimester_1	11.28	7	0	\N	t	2026-05-12 20:24:13	2026-05-12 20:24:13	2026-05-12 20:24:13	\N
116	116	5	2	trimester_1	10.54	16	0	\N	t	2026-05-12 20:24:13	2026-05-12 20:24:13	2026-05-12 20:24:13	\N
117	117	5	2	trimester_1	12.90	2	0	\N	t	2026-05-12 20:24:13	2026-05-12 20:24:13	2026-05-12 20:24:13	\N
118	118	5	2	trimester_1	10.54	15	0	\N	t	2026-05-12 20:24:13	2026-05-12 20:24:13	2026-05-12 20:24:13	\N
119	119	5	2	trimester_1	12.07	3	0	\N	t	2026-05-12 20:24:13	2026-05-12 20:24:13	2026-05-12 20:24:13	\N
120	120	5	2	trimester_1	10.79	12	0	\N	t	2026-05-12 20:24:13	2026-05-12 20:24:13	2026-05-12 20:24:13	\N
121	121	5	2	trimester_1	9.71	19	0	\N	t	2026-05-12 20:24:13	2026-05-12 20:24:13	2026-05-12 20:24:13	\N
122	122	5	2	trimester_1	11.44	6	0	\N	t	2026-05-12 20:24:13	2026-05-12 20:24:13	2026-05-12 20:24:13	\N
123	123	5	2	trimester_1	11.91	4	0	\N	t	2026-05-12 20:24:13	2026-05-12 20:24:13	2026-05-12 20:24:13	\N
133	133	6	2	trimester_1	8.29	27	0	\N	t	2026-05-12 20:24:13	2026-05-12 20:24:13	2026-05-12 20:24:13	\N
134	134	6	2	trimester_1	11.44	14	0	\N	t	2026-05-12 20:24:13	2026-05-12 20:24:13	2026-05-12 20:24:13	\N
135	135	6	2	trimester_1	12.75	3	0	\N	t	2026-05-12 20:24:13	2026-05-12 20:24:13	2026-05-12 20:24:13	\N
136	136	6	2	trimester_1	10.14	22	0	\N	t	2026-05-12 20:24:13	2026-05-12 20:24:13	2026-05-12 20:24:13	\N
137	137	6	2	trimester_1	12.07	7	0	\N	t	2026-05-12 20:24:13	2026-05-12 20:24:13	2026-05-12 20:24:13	\N
138	138	6	2	trimester_1	9.75	26	0	\N	t	2026-05-12 20:24:13	2026-05-12 20:24:13	2026-05-12 20:24:13	\N
139	139	6	2	trimester_1	11.42	15	0	\N	t	2026-05-12 20:24:13	2026-05-12 20:24:13	2026-05-12 20:24:13	\N
140	140	6	2	trimester_1	12.46	4	0	\N	t	2026-05-12 20:24:13	2026-05-12 20:24:13	2026-05-12 20:24:13	\N
141	141	6	2	trimester_1	11.60	11	0	\N	t	2026-05-12 20:24:13	2026-05-12 20:24:13	2026-05-12 20:24:13	\N
142	142	6	2	trimester_1	11.72	9	0	\N	t	2026-05-12 20:24:13	2026-05-12 20:24:13	2026-05-12 20:24:13	\N
143	143	6	2	trimester_1	11.27	17	0	\N	t	2026-05-12 20:24:13	2026-05-12 20:24:13	2026-05-12 20:24:13	\N
144	144	6	2	trimester_1	9.80	25	0	\N	t	2026-05-12 20:24:13	2026-05-12 20:24:13	2026-05-12 20:24:13	\N
145	145	6	2	trimester_1	11.29	16	0	\N	t	2026-05-12 20:24:13	2026-05-12 20:24:13	2026-05-12 20:24:13	\N
146	146	6	2	trimester_1	13.49	2	0	\N	t	2026-05-12 20:24:13	2026-05-12 20:24:13	2026-05-12 20:24:13	\N
147	147	6	2	trimester_1	11.97	8	0	\N	t	2026-05-12 20:24:13	2026-05-12 20:24:13	2026-05-12 20:24:13	\N
148	148	6	2	trimester_1	11.52	12	0	\N	t	2026-05-12 20:24:13	2026-05-12 20:24:13	2026-05-12 20:24:13	\N
149	149	6	2	trimester_1	11.61	10	0	\N	t	2026-05-12 20:24:13	2026-05-12 20:24:13	2026-05-12 20:24:13	\N
150	150	6	2	trimester_1	11.50	13	0	\N	t	2026-05-12 20:24:13	2026-05-12 20:24:13	2026-05-12 20:24:13	\N
151	151	7	2	trimester_1	11.98	6	0	\N	t	2026-05-12 20:24:14	2026-05-12 20:24:13	2026-05-12 20:24:14	\N
152	152	7	2	trimester_1	10.22	24	0	\N	t	2026-05-12 20:24:14	2026-05-12 20:24:13	2026-05-12 20:24:14	\N
153	153	7	2	trimester_1	10.19	25	0	\N	t	2026-05-12 20:24:14	2026-05-12 20:24:13	2026-05-12 20:24:14	\N
154	154	7	2	trimester_1	10.56	22	0	\N	t	2026-05-12 20:24:14	2026-05-12 20:24:13	2026-05-12 20:24:14	\N
155	155	7	2	trimester_1	10.67	17	0	\N	t	2026-05-12 20:24:14	2026-05-12 20:24:13	2026-05-12 20:24:14	\N
156	156	7	2	trimester_1	10.75	15	0	\N	t	2026-05-12 20:24:14	2026-05-12 20:24:13	2026-05-12 20:24:14	\N
157	157	7	2	trimester_1	8.18	29	0	\N	t	2026-05-12 20:24:14	2026-05-12 20:24:13	2026-05-12 20:24:14	\N
158	158	7	2	trimester_1	10.56	21	0	\N	t	2026-05-12 20:24:14	2026-05-12 20:24:13	2026-05-12 20:24:14	\N
159	159	7	2	trimester_1	10.15	26	0	\N	t	2026-05-12 20:24:14	2026-05-12 20:24:13	2026-05-12 20:24:14	\N
160	160	7	2	trimester_1	11.09	12	0	\N	t	2026-05-12 20:24:14	2026-05-12 20:24:13	2026-05-12 20:24:14	\N
161	161	7	2	trimester_1	11.07	13	0	\N	t	2026-05-12 20:24:14	2026-05-12 20:24:13	2026-05-12 20:24:14	\N
162	162	7	2	trimester_1	10.59	20	0	\N	t	2026-05-12 20:24:14	2026-05-12 20:24:14	2026-05-12 20:24:14	\N
163	163	7	2	trimester_1	12.30	4	0	\N	t	2026-05-12 20:24:14	2026-05-12 20:24:14	2026-05-12 20:24:14	\N
164	164	7	2	trimester_1	10.61	19	0	\N	t	2026-05-12 20:24:14	2026-05-12 20:24:14	2026-05-12 20:24:14	\N
165	165	7	2	trimester_1	12.35	2	0	\N	t	2026-05-12 20:24:14	2026-05-12 20:24:14	2026-05-12 20:24:14	\N
166	166	7	2	trimester_1	12.31	3	0	\N	t	2026-05-12 20:24:14	2026-05-12 20:24:14	2026-05-12 20:24:14	\N
167	167	7	2	trimester_1	11.48	8	0	\N	t	2026-05-12 20:24:14	2026-05-12 20:24:14	2026-05-12 20:24:14	\N
168	168	7	2	trimester_1	11.31	9	0	\N	t	2026-05-12 20:24:14	2026-05-12 20:24:14	2026-05-12 20:24:14	\N
169	169	7	2	trimester_1	10.55	23	0	\N	t	2026-05-12 20:24:14	2026-05-12 20:24:14	2026-05-12 20:24:14	\N
170	170	7	2	trimester_1	11.30	10	0	\N	t	2026-05-12 20:24:14	2026-05-12 20:24:14	2026-05-12 20:24:14	\N
171	171	7	2	trimester_1	11.07	14	0	\N	t	2026-05-12 20:24:14	2026-05-12 20:24:14	2026-05-12 20:24:14	\N
172	172	7	2	trimester_1	9.79	27	0	\N	t	2026-05-12 20:24:14	2026-05-12 20:24:14	2026-05-12 20:24:14	\N
173	173	7	2	trimester_1	12.04	5	0	\N	t	2026-05-12 20:24:14	2026-05-12 20:24:14	2026-05-12 20:24:14	\N
174	174	7	2	trimester_1	10.65	18	0	\N	t	2026-05-12 20:24:14	2026-05-12 20:24:14	2026-05-12 20:24:14	\N
180	180	8	2	trimester_1	12.05	6	0	\N	t	2026-05-12 20:24:14	2026-05-12 20:24:14	2026-05-12 20:24:14	\N
181	181	8	2	trimester_1	10.50	19	0	\N	t	2026-05-12 20:24:14	2026-05-12 20:24:14	2026-05-12 20:24:14	\N
182	182	8	2	trimester_1	10.54	18	0	\N	t	2026-05-12 20:24:14	2026-05-12 20:24:14	2026-05-12 20:24:14	\N
183	183	8	2	trimester_1	12.69	4	0	\N	t	2026-05-12 20:24:14	2026-05-12 20:24:14	2026-05-12 20:24:14	\N
175	175	7	2	trimester_1	11.11	11	0	\N	t	2026-05-12 20:24:14	2026-05-12 20:24:14	2026-05-12 20:24:14	\N
176	176	7	2	trimester_1	9.08	28	0	\N	t	2026-05-12 20:24:14	2026-05-12 20:24:14	2026-05-12 20:24:14	\N
177	177	7	2	trimester_1	12.64	1	0	\N	t	2026-05-12 20:24:14	2026-05-12 20:24:14	2026-05-12 20:24:14	\N
178	178	7	2	trimester_1	11.95	7	0	\N	t	2026-05-12 20:24:14	2026-05-12 20:24:14	2026-05-12 20:24:14	\N
179	179	7	2	trimester_1	10.69	16	0	\N	t	2026-05-12 20:24:14	2026-05-12 20:24:14	2026-05-12 20:24:14	\N
184	184	8	2	trimester_1	11.02	13	0	\N	t	2026-05-12 20:24:14	2026-05-12 20:24:14	2026-05-12 20:24:14	\N
185	185	8	2	trimester_1	10.08	23	0	\N	t	2026-05-12 20:24:14	2026-05-12 20:24:14	2026-05-12 20:24:14	\N
186	186	8	2	trimester_1	9.96	24	0	\N	t	2026-05-12 20:24:14	2026-05-12 20:24:14	2026-05-12 20:24:14	\N
187	187	8	2	trimester_1	11.81	8	0	\N	t	2026-05-12 20:24:14	2026-05-12 20:24:14	2026-05-12 20:24:14	\N
188	188	8	2	trimester_1	10.65	16	0	\N	t	2026-05-12 20:24:14	2026-05-12 20:24:14	2026-05-12 20:24:14	\N
189	189	8	2	trimester_1	11.17	12	0	\N	t	2026-05-12 20:24:14	2026-05-12 20:24:14	2026-05-12 20:24:14	\N
190	190	8	2	trimester_1	10.82	14	0	\N	t	2026-05-12 20:24:14	2026-05-12 20:24:14	2026-05-12 20:24:14	\N
191	191	8	2	trimester_1	10.72	15	0	\N	t	2026-05-12 20:24:14	2026-05-12 20:24:14	2026-05-12 20:24:14	\N
192	192	8	2	trimester_1	10.64	17	0	\N	t	2026-05-12 20:24:14	2026-05-12 20:24:14	2026-05-12 20:24:14	\N
193	193	8	2	trimester_1	12.50	5	0	\N	t	2026-05-12 20:24:14	2026-05-12 20:24:14	2026-05-12 20:24:14	\N
194	194	8	2	trimester_1	11.25	10	0	\N	t	2026-05-12 20:24:14	2026-05-12 20:24:14	2026-05-12 20:24:14	\N
195	195	8	2	trimester_1	13.15	1	0	\N	t	2026-05-12 20:24:14	2026-05-12 20:24:14	2026-05-12 20:24:14	\N
196	196	8	2	trimester_1	11.19	11	0	\N	t	2026-05-12 20:24:14	2026-05-12 20:24:14	2026-05-12 20:24:14	\N
197	197	8	2	trimester_1	10.25	20	0	\N	t	2026-05-12 20:24:14	2026-05-12 20:24:14	2026-05-12 20:24:14	\N
198	198	8	2	trimester_1	9.25	25	0	\N	t	2026-05-12 20:24:14	2026-05-12 20:24:14	2026-05-12 20:24:14	\N
199	199	8	2	trimester_1	8.92	26	0	\N	t	2026-05-12 20:24:14	2026-05-12 20:24:14	2026-05-12 20:24:14	\N
200	200	8	2	trimester_1	10.09	22	0	\N	t	2026-05-12 20:24:14	2026-05-12 20:24:14	2026-05-12 20:24:14	\N
201	201	8	2	trimester_1	13.14	2	0	\N	t	2026-05-12 20:24:14	2026-05-12 20:24:14	2026-05-12 20:24:14	\N
202	202	8	2	trimester_1	11.39	9	0	\N	t	2026-05-12 20:24:14	2026-05-12 20:24:14	2026-05-12 20:24:14	\N
203	203	8	2	trimester_1	12.92	3	0	\N	t	2026-05-12 20:24:14	2026-05-12 20:24:14	2026-05-12 20:24:14	\N
204	204	8	2	trimester_1	11.94	7	0	\N	t	2026-05-12 20:24:14	2026-05-12 20:24:14	2026-05-12 20:24:14	\N
205	205	8	2	trimester_1	10.15	21	0	\N	t	2026-05-12 20:24:14	2026-05-12 20:24:14	2026-05-12 20:24:14	\N
232	232	10	2	trimester_1	11.67	9	0	\N	t	2026-05-12 20:24:15	2026-05-12 20:24:14	2026-05-12 20:24:15	\N
233	233	10	2	trimester_1	8.95	28	0	\N	t	2026-05-12 20:24:15	2026-05-12 20:24:14	2026-05-12 20:24:15	\N
206	206	9	2	trimester_1	12.41	4	0	\N	t	2026-05-12 20:24:14	2026-05-12 20:24:14	2026-05-12 20:24:14	\N
207	207	9	2	trimester_1	12.20	7	0	\N	t	2026-05-12 20:24:14	2026-05-12 20:24:14	2026-05-12 20:24:14	\N
208	208	9	2	trimester_1	12.04	9	0	\N	t	2026-05-12 20:24:14	2026-05-12 20:24:14	2026-05-12 20:24:14	\N
209	209	9	2	trimester_1	12.60	3	0	\N	t	2026-05-12 20:24:14	2026-05-12 20:24:14	2026-05-12 20:24:14	\N
210	210	9	2	trimester_1	10.99	19	0	\N	t	2026-05-12 20:24:14	2026-05-12 20:24:14	2026-05-12 20:24:14	\N
211	211	9	2	trimester_1	10.79	20	0	\N	t	2026-05-12 20:24:14	2026-05-12 20:24:14	2026-05-12 20:24:14	\N
212	212	9	2	trimester_1	11.69	11	0	\N	t	2026-05-12 20:24:14	2026-05-12 20:24:14	2026-05-12 20:24:14	\N
213	213	9	2	trimester_1	12.92	2	0	\N	t	2026-05-12 20:24:14	2026-05-12 20:24:14	2026-05-12 20:24:14	\N
214	214	9	2	trimester_1	12.97	1	0	\N	t	2026-05-12 20:24:14	2026-05-12 20:24:14	2026-05-12 20:24:14	\N
215	215	9	2	trimester_1	11.06	18	0	\N	t	2026-05-12 20:24:14	2026-05-12 20:24:14	2026-05-12 20:24:14	\N
216	216	9	2	trimester_1	10.23	24	0	\N	t	2026-05-12 20:24:14	2026-05-12 20:24:14	2026-05-12 20:24:14	\N
217	217	9	2	trimester_1	10.71	21	0	\N	t	2026-05-12 20:24:14	2026-05-12 20:24:14	2026-05-12 20:24:14	\N
218	218	9	2	trimester_1	11.09	16	0	\N	t	2026-05-12 20:24:14	2026-05-12 20:24:14	2026-05-12 20:24:14	\N
219	219	9	2	trimester_1	12.24	6	0	\N	t	2026-05-12 20:24:14	2026-05-12 20:24:14	2026-05-12 20:24:14	\N
220	220	9	2	trimester_1	9.64	25	0	\N	t	2026-05-12 20:24:14	2026-05-12 20:24:14	2026-05-12 20:24:14	\N
221	221	9	2	trimester_1	10.53	22	0	\N	t	2026-05-12 20:24:14	2026-05-12 20:24:14	2026-05-12 20:24:14	\N
222	222	9	2	trimester_1	10.37	23	0	\N	t	2026-05-12 20:24:14	2026-05-12 20:24:14	2026-05-12 20:24:14	\N
223	223	9	2	trimester_1	11.21	13	0	\N	t	2026-05-12 20:24:14	2026-05-12 20:24:14	2026-05-12 20:24:14	\N
224	224	9	2	trimester_1	11.17	14	0	\N	t	2026-05-12 20:24:14	2026-05-12 20:24:14	2026-05-12 20:24:14	\N
225	225	9	2	trimester_1	11.37	12	0	\N	t	2026-05-12 20:24:14	2026-05-12 20:24:14	2026-05-12 20:24:14	\N
226	226	9	2	trimester_1	8.00	26	0	\N	t	2026-05-12 20:24:14	2026-05-12 20:24:14	2026-05-12 20:24:14	\N
227	227	9	2	trimester_1	12.33	5	0	\N	t	2026-05-12 20:24:14	2026-05-12 20:24:14	2026-05-12 20:24:14	\N
228	228	9	2	trimester_1	11.86	10	0	\N	t	2026-05-12 20:24:14	2026-05-12 20:24:14	2026-05-12 20:24:14	\N
229	229	9	2	trimester_1	11.09	17	0	\N	t	2026-05-12 20:24:14	2026-05-12 20:24:14	2026-05-12 20:24:14	\N
230	230	9	2	trimester_1	12.19	8	0	\N	t	2026-05-12 20:24:14	2026-05-12 20:24:14	2026-05-12 20:24:14	\N
231	231	9	2	trimester_1	11.13	15	0	\N	t	2026-05-12 20:24:14	2026-05-12 20:24:14	2026-05-12 20:24:14	\N
234	234	10	2	trimester_1	12.32	3	0	\N	t	2026-05-12 20:24:15	2026-05-12 20:24:14	2026-05-12 20:24:15	\N
235	235	10	2	trimester_1	11.96	6	0	\N	t	2026-05-12 20:24:15	2026-05-12 20:24:14	2026-05-12 20:24:15	\N
236	236	10	2	trimester_1	9.63	25	0	\N	t	2026-05-12 20:24:15	2026-05-12 20:24:14	2026-05-12 20:24:15	\N
237	237	10	2	trimester_1	12.97	2	0	\N	t	2026-05-12 20:24:15	2026-05-12 20:24:14	2026-05-12 20:24:15	\N
238	238	10	2	trimester_1	10.84	15	0	\N	t	2026-05-12 20:24:15	2026-05-12 20:24:14	2026-05-12 20:24:15	\N
239	239	10	2	trimester_1	11.20	12	0	\N	t	2026-05-12 20:24:15	2026-05-12 20:24:14	2026-05-12 20:24:15	\N
240	240	10	2	trimester_1	9.88	23	0	\N	t	2026-05-12 20:24:15	2026-05-12 20:24:14	2026-05-12 20:24:15	\N
241	241	10	2	trimester_1	12.17	4	0	\N	t	2026-05-12 20:24:15	2026-05-12 20:24:14	2026-05-12 20:24:15	\N
242	242	10	2	trimester_1	11.66	10	0	\N	t	2026-05-12 20:24:15	2026-05-12 20:24:14	2026-05-12 20:24:15	\N
243	243	10	2	trimester_1	10.75	17	0	\N	t	2026-05-12 20:24:15	2026-05-12 20:24:14	2026-05-12 20:24:15	\N
244	244	10	2	trimester_1	11.70	8	0	\N	t	2026-05-12 20:24:15	2026-05-12 20:24:14	2026-05-12 20:24:15	\N
245	245	10	2	trimester_1	11.38	11	0	\N	t	2026-05-12 20:24:15	2026-05-12 20:24:14	2026-05-12 20:24:15	\N
246	246	10	2	trimester_1	11.14	13	0	\N	t	2026-05-12 20:24:15	2026-05-12 20:24:14	2026-05-12 20:24:15	\N
247	247	10	2	trimester_1	11.01	14	0	\N	t	2026-05-12 20:24:15	2026-05-12 20:24:14	2026-05-12 20:24:15	\N
248	248	10	2	trimester_1	12.04	5	0	\N	t	2026-05-12 20:24:15	2026-05-12 20:24:14	2026-05-12 20:24:15	\N
249	249	10	2	trimester_1	10.73	18	0	\N	t	2026-05-12 20:24:15	2026-05-12 20:24:14	2026-05-12 20:24:15	\N
250	250	10	2	trimester_1	10.79	16	0	\N	t	2026-05-12 20:24:15	2026-05-12 20:24:14	2026-05-12 20:24:15	\N
251	251	10	2	trimester_1	10.05	21	0	\N	t	2026-05-12 20:24:15	2026-05-12 20:24:14	2026-05-12 20:24:15	\N
252	252	10	2	trimester_1	9.53	26	0	\N	t	2026-05-12 20:24:15	2026-05-12 20:24:14	2026-05-12 20:24:15	\N
253	253	10	2	trimester_1	8.04	29	0	\N	t	2026-05-12 20:24:15	2026-05-12 20:24:14	2026-05-12 20:24:15	\N
254	254	10	2	trimester_1	11.94	7	0	\N	t	2026-05-12 20:24:15	2026-05-12 20:24:14	2026-05-12 20:24:15	\N
255	255	10	2	trimester_1	10.08	20	0	\N	t	2026-05-12 20:24:15	2026-05-12 20:24:14	2026-05-12 20:24:15	\N
256	256	10	2	trimester_1	9.49	27	0	\N	t	2026-05-12 20:24:15	2026-05-12 20:24:15	2026-05-12 20:24:15	\N
257	257	10	2	trimester_1	13.05	1	0	\N	t	2026-05-12 20:24:15	2026-05-12 20:24:15	2026-05-12 20:24:15	\N
258	258	10	2	trimester_1	10.52	19	0	\N	t	2026-05-12 20:24:15	2026-05-12 20:24:15	2026-05-12 20:24:15	\N
259	259	10	2	trimester_1	9.71	24	0	\N	t	2026-05-12 20:24:15	2026-05-12 20:24:15	2026-05-12 20:24:15	\N
260	260	10	2	trimester_1	9.88	22	0	\N	t	2026-05-12 20:24:15	2026-05-12 20:24:15	2026-05-12 20:24:15	\N
261	261	11	2	trimester_1	12.05	5	0	\N	t	2026-05-12 20:24:15	2026-05-12 20:24:15	2026-05-12 20:24:15	\N
262	262	11	2	trimester_1	12.27	4	0	\N	t	2026-05-12 20:24:15	2026-05-12 20:24:15	2026-05-12 20:24:15	\N
263	263	11	2	trimester_1	11.39	12	0	\N	t	2026-05-12 20:24:15	2026-05-12 20:24:15	2026-05-12 20:24:15	\N
264	264	11	2	trimester_1	10.70	17	0	\N	t	2026-05-12 20:24:15	2026-05-12 20:24:15	2026-05-12 20:24:15	\N
265	265	11	2	trimester_1	13.21	2	0	\N	t	2026-05-12 20:24:15	2026-05-12 20:24:15	2026-05-12 20:24:15	\N
266	266	11	2	trimester_1	10.92	15	0	\N	t	2026-05-12 20:24:15	2026-05-12 20:24:15	2026-05-12 20:24:15	\N
267	267	11	2	trimester_1	10.99	14	0	\N	t	2026-05-12 20:24:15	2026-05-12 20:24:15	2026-05-12 20:24:15	\N
268	268	11	2	trimester_1	9.25	23	0	\N	t	2026-05-12 20:24:15	2026-05-12 20:24:15	2026-05-12 20:24:15	\N
269	269	11	2	trimester_1	10.76	16	0	\N	t	2026-05-12 20:24:15	2026-05-12 20:24:15	2026-05-12 20:24:15	\N
270	270	11	2	trimester_1	13.90	1	0	\N	t	2026-05-12 20:24:15	2026-05-12 20:24:15	2026-05-12 20:24:15	\N
271	271	11	2	trimester_1	12.00	6	0	\N	t	2026-05-12 20:24:15	2026-05-12 20:24:15	2026-05-12 20:24:15	\N
272	272	11	2	trimester_1	9.48	22	0	\N	t	2026-05-12 20:24:15	2026-05-12 20:24:15	2026-05-12 20:24:15	\N
273	273	11	2	trimester_1	11.80	9	0	\N	t	2026-05-12 20:24:15	2026-05-12 20:24:15	2026-05-12 20:24:15	\N
274	274	11	2	trimester_1	11.36	13	0	\N	t	2026-05-12 20:24:15	2026-05-12 20:24:15	2026-05-12 20:24:15	\N
275	275	11	2	trimester_1	11.49	11	0	\N	t	2026-05-12 20:24:15	2026-05-12 20:24:15	2026-05-12 20:24:15	\N
276	276	11	2	trimester_1	10.53	20	0	\N	t	2026-05-12 20:24:15	2026-05-12 20:24:15	2026-05-12 20:24:15	\N
277	277	11	2	trimester_1	8.92	24	0	\N	t	2026-05-12 20:24:15	2026-05-12 20:24:15	2026-05-12 20:24:15	\N
278	278	11	2	trimester_1	11.68	10	0	\N	t	2026-05-12 20:24:15	2026-05-12 20:24:15	2026-05-12 20:24:15	\N
279	279	11	2	trimester_1	12.71	3	0	\N	t	2026-05-12 20:24:15	2026-05-12 20:24:15	2026-05-12 20:24:15	\N
280	280	11	2	trimester_1	10.58	19	0	\N	t	2026-05-12 20:24:15	2026-05-12 20:24:15	2026-05-12 20:24:15	\N
281	281	11	2	trimester_1	11.94	7	0	\N	t	2026-05-12 20:24:15	2026-05-12 20:24:15	2026-05-12 20:24:15	\N
282	282	11	2	trimester_1	10.62	18	0	\N	t	2026-05-12 20:24:15	2026-05-12 20:24:15	2026-05-12 20:24:15	\N
283	283	11	2	trimester_1	9.61	21	0	\N	t	2026-05-12 20:24:15	2026-05-12 20:24:15	2026-05-12 20:24:15	\N
284	284	11	2	trimester_1	11.91	8	0	\N	t	2026-05-12 20:24:15	2026-05-12 20:24:15	2026-05-12 20:24:15	\N
285	285	12	2	trimester_1	12.01	7	0	\N	t	2026-05-12 20:24:15	2026-05-12 20:24:15	2026-05-12 20:24:15	\N
287	287	12	2	trimester_1	11.43	14	0	\N	t	2026-05-12 20:24:15	2026-05-12 20:24:15	2026-05-12 20:24:15	\N
288	288	12	2	trimester_1	11.85	11	0	\N	t	2026-05-12 20:24:15	2026-05-12 20:24:15	2026-05-12 20:24:15	\N
289	289	12	2	trimester_1	11.04	18	0	\N	t	2026-05-12 20:24:15	2026-05-12 20:24:15	2026-05-12 20:24:15	\N
290	290	12	2	trimester_1	10.11	26	0	\N	t	2026-05-12 20:24:15	2026-05-12 20:24:15	2026-05-12 20:24:15	\N
291	291	12	2	trimester_1	12.13	5	0	\N	t	2026-05-12 20:24:15	2026-05-12 20:24:15	2026-05-12 20:24:15	\N
293	293	12	2	trimester_1	10.55	20	0	\N	t	2026-05-12 20:24:15	2026-05-12 20:24:15	2026-05-12 20:24:15	\N
294	294	12	2	trimester_1	13.95	1	0	\N	t	2026-05-12 20:24:15	2026-05-12 20:24:15	2026-05-12 20:24:15	\N
295	295	12	2	trimester_1	11.89	10	0	\N	t	2026-05-12 20:24:15	2026-05-12 20:24:15	2026-05-12 20:24:15	\N
296	296	12	2	trimester_1	12.70	3	0	\N	t	2026-05-12 20:24:15	2026-05-12 20:24:15	2026-05-12 20:24:15	\N
297	297	12	2	trimester_1	10.12	25	0	\N	t	2026-05-12 20:24:15	2026-05-12 20:24:15	2026-05-12 20:24:15	\N
299	299	12	2	trimester_1	12.13	6	0	\N	t	2026-05-12 20:24:15	2026-05-12 20:24:15	2026-05-12 20:24:15	\N
300	300	12	2	trimester_1	10.52	22	0	\N	t	2026-05-12 20:24:15	2026-05-12 20:24:15	2026-05-12 20:24:15	\N
301	301	12	2	trimester_1	12.00	8	0	\N	t	2026-05-12 20:24:15	2026-05-12 20:24:15	2026-05-12 20:24:15	\N
302	302	12	2	trimester_1	9.67	27	0	\N	t	2026-05-12 20:24:15	2026-05-12 20:24:15	2026-05-12 20:24:15	\N
303	303	12	2	trimester_1	10.36	24	0	\N	t	2026-05-12 20:24:15	2026-05-12 20:24:15	2026-05-12 20:24:15	\N
304	304	12	2	trimester_1	11.28	15	0	\N	t	2026-05-12 20:24:15	2026-05-12 20:24:15	2026-05-12 20:24:15	\N
305	305	12	2	trimester_1	13.49	2	0	\N	t	2026-05-12 20:24:15	2026-05-12 20:24:15	2026-05-12 20:24:15	\N
307	307	12	2	trimester_1	11.07	16	0	\N	t	2026-05-12 20:24:15	2026-05-12 20:24:15	2026-05-12 20:24:15	\N
308	308	12	2	trimester_1	11.06	17	0	\N	t	2026-05-12 20:24:15	2026-05-12 20:24:15	2026-05-12 20:24:15	\N
309	309	12	2	trimester_1	11.56	12	0	\N	t	2026-05-12 20:24:15	2026-05-12 20:24:15	2026-05-12 20:24:15	\N
310	310	12	2	trimester_1	10.71	19	0	\N	t	2026-05-12 20:24:15	2026-05-12 20:24:15	2026-05-12 20:24:15	\N
311	311	12	2	trimester_1	11.46	13	0	\N	t	2026-05-12 20:24:15	2026-05-12 20:24:15	2026-05-12 20:24:15	\N
312	312	12	2	trimester_1	10.37	23	0	\N	t	2026-05-12 20:24:15	2026-05-12 20:24:15	2026-05-12 20:24:15	\N
314	314	12	2	trimester_1	10.54	21	0	\N	t	2026-05-12 20:24:15	2026-05-12 20:24:15	2026-05-12 20:24:15	\N
315	315	12	2	trimester_1	11.99	9	0	\N	t	2026-05-12 20:24:15	2026-05-12 20:24:15	2026-05-12 20:24:15	\N
316	316	12	2	trimester_1	12.21	4	0	\N	t	2026-05-12 20:24:15	2026-05-12 20:24:15	2026-05-12 20:24:15	\N
313	313	12	2	trimester_1	9.58	28	0	\N	t	2026-05-12 20:24:15	2026-05-12 20:24:15	2026-05-12 20:24:15	\N
292	292	12	2	trimester_1	9.47	29	0	\N	t	2026-05-12 20:24:15	2026-05-12 20:24:15	2026-05-12 20:24:15	\N
286	286	12	2	trimester_1	9.22	30	0	\N	t	2026-05-12 20:24:15	2026-05-12 20:24:15	2026-05-12 20:24:15	\N
306	306	12	2	trimester_1	9.20	31	0	\N	t	2026-05-12 20:24:15	2026-05-12 20:24:15	2026-05-12 20:24:15	\N
298	298	12	2	trimester_1	8.51	32	0	\N	t	2026-05-12 20:24:15	2026-05-12 20:24:15	2026-05-12 20:24:15	\N
317	317	13	2	trimester_1	10.43	24	0	\N	t	2026-05-12 20:24:16	2026-05-12 20:24:15	2026-05-12 20:24:16	\N
318	318	13	2	trimester_1	10.64	21	0	\N	t	2026-05-12 20:24:16	2026-05-12 20:24:15	2026-05-12 20:24:16	\N
319	319	13	2	trimester_1	12.16	8	0	\N	t	2026-05-12 20:24:16	2026-05-12 20:24:15	2026-05-12 20:24:16	\N
320	320	13	2	trimester_1	11.28	17	0	\N	t	2026-05-12 20:24:16	2026-05-12 20:24:15	2026-05-12 20:24:16	\N
321	321	13	2	trimester_1	10.80	20	0	\N	t	2026-05-12 20:24:16	2026-05-12 20:24:15	2026-05-12 20:24:16	\N
322	322	13	2	trimester_1	10.55	23	0	\N	t	2026-05-12 20:24:16	2026-05-12 20:24:15	2026-05-12 20:24:16	\N
323	323	13	2	trimester_1	11.35	15	0	\N	t	2026-05-12 20:24:16	2026-05-12 20:24:15	2026-05-12 20:24:16	\N
324	324	13	2	trimester_1	9.51	28	0	\N	t	2026-05-12 20:24:16	2026-05-12 20:24:15	2026-05-12 20:24:16	\N
325	325	13	2	trimester_1	14.08	1	0	\N	t	2026-05-12 20:24:16	2026-05-12 20:24:16	2026-05-12 20:24:16	\N
326	326	13	2	trimester_1	9.39	30	0	\N	t	2026-05-12 20:24:16	2026-05-12 20:24:16	2026-05-12 20:24:16	\N
327	327	13	2	trimester_1	13.01	3	0	\N	t	2026-05-12 20:24:16	2026-05-12 20:24:16	2026-05-12 20:24:16	\N
328	328	13	2	trimester_1	9.15	31	0	\N	t	2026-05-12 20:24:16	2026-05-12 20:24:16	2026-05-12 20:24:16	\N
329	329	13	2	trimester_1	12.83	4	0	\N	t	2026-05-12 20:24:16	2026-05-12 20:24:16	2026-05-12 20:24:16	\N
330	330	13	2	trimester_1	7.70	32	0	\N	t	2026-05-12 20:24:16	2026-05-12 20:24:16	2026-05-12 20:24:16	\N
331	331	13	2	trimester_1	11.08	19	0	\N	t	2026-05-12 20:24:16	2026-05-12 20:24:16	2026-05-12 20:24:16	\N
332	332	13	2	trimester_1	13.67	2	0	\N	t	2026-05-12 20:24:16	2026-05-12 20:24:16	2026-05-12 20:24:16	\N
333	333	13	2	trimester_1	9.49	29	0	\N	t	2026-05-12 20:24:16	2026-05-12 20:24:16	2026-05-12 20:24:16	\N
334	334	13	2	trimester_1	11.49	13	0	\N	t	2026-05-12 20:24:16	2026-05-12 20:24:16	2026-05-12 20:24:16	\N
335	335	13	2	trimester_1	10.33	26	0	\N	t	2026-05-12 20:24:16	2026-05-12 20:24:16	2026-05-12 20:24:16	\N
336	336	13	2	trimester_1	12.01	11	0	\N	t	2026-05-12 20:24:16	2026-05-12 20:24:16	2026-05-12 20:24:16	\N
337	337	13	2	trimester_1	12.08	9	0	\N	t	2026-05-12 20:24:16	2026-05-12 20:24:16	2026-05-12 20:24:16	\N
338	338	13	2	trimester_1	11.30	16	0	\N	t	2026-05-12 20:24:16	2026-05-12 20:24:16	2026-05-12 20:24:16	\N
339	339	13	2	trimester_1	12.16	7	0	\N	t	2026-05-12 20:24:16	2026-05-12 20:24:16	2026-05-12 20:24:16	\N
340	340	13	2	trimester_1	12.32	6	0	\N	t	2026-05-12 20:24:16	2026-05-12 20:24:16	2026-05-12 20:24:16	\N
341	341	13	2	trimester_1	12.06	10	0	\N	t	2026-05-12 20:24:16	2026-05-12 20:24:16	2026-05-12 20:24:16	\N
342	342	13	2	trimester_1	10.35	25	0	\N	t	2026-05-12 20:24:16	2026-05-12 20:24:16	2026-05-12 20:24:16	\N
343	343	13	2	trimester_1	9.54	27	0	\N	t	2026-05-12 20:24:16	2026-05-12 20:24:16	2026-05-12 20:24:16	\N
344	344	13	2	trimester_1	11.10	18	0	\N	t	2026-05-12 20:24:16	2026-05-12 20:24:16	2026-05-12 20:24:16	\N
345	345	13	2	trimester_1	12.51	5	0	\N	t	2026-05-12 20:24:16	2026-05-12 20:24:16	2026-05-12 20:24:16	\N
346	346	13	2	trimester_1	10.57	22	0	\N	t	2026-05-12 20:24:16	2026-05-12 20:24:16	2026-05-12 20:24:16	\N
347	347	13	2	trimester_1	11.66	12	0	\N	t	2026-05-12 20:24:16	2026-05-12 20:24:16	2026-05-12 20:24:16	\N
348	348	13	2	trimester_1	11.40	14	0	\N	t	2026-05-12 20:24:16	2026-05-12 20:24:16	2026-05-12 20:24:16	\N
\.


--
-- Data for Name: role_has_permissions; Type: TABLE DATA; Schema: public; Owner: -
--

COPY public.role_has_permissions (permission_id, role_id) FROM stdin;
973	97
974	97
975	97
976	97
977	97
978	97
979	97
980	97
981	97
982	97
983	97
984	97
985	97
986	97
987	97
988	97
989	97
990	97
991	97
992	97
993	97
994	97
995	97
996	97
997	97
998	97
999	97
1000	97
1001	97
1002	97
1003	97
1004	97
1005	97
1006	97
1007	97
1008	97
1009	97
1010	97
1011	97
1012	97
1013	97
1014	97
1015	97
1016	97
1017	97
1018	97
1019	97
1020	97
1021	97
1022	97
1023	97
1024	97
1025	97
1026	97
1027	97
1028	97
1029	97
1030	97
1031	97
1032	97
1033	97
1034	97
1035	97
1036	97
1037	97
1038	97
1039	97
1040	97
1041	97
1042	97
1043	97
1044	97
1045	97
1046	97
1047	97
1048	97
1049	97
1050	97
1051	97
1052	97
1053	97
973	98
977	98
978	98
979	98
980	98
982	98
984	98
985	98
986	98
987	98
988	98
989	98
994	98
995	98
1000	98
1001	98
1002	98
1005	98
1006	98
1007	98
1008	98
1012	98
1013	98
1014	98
1015	98
1018	98
1019	98
1024	98
1025	98
1028	98
1029	98
1034	98
1035	98
1037	98
1038	98
1039	98
1040	98
1041	98
1042	98
1043	98
1044	98
1045	98
1046	98
1047	98
1048	98
1049	98
1050	98
1051	98
973	99
977	99
978	99
979	99
980	99
982	99
984	99
988	99
989	99
994	99
995	99
1000	99
1001	99
1002	99
1005	99
1006	99
1007	99
1008	99
1012	99
1013	99
1018	99
1019	99
1024	99
1025	99
1028	99
1029	99
1034	99
1035	99
1045	99
1046	99
1048	99
1049	99
973	100
977	100
978	100
988	100
989	100
994	100
995	100
1005	100
1006	100
1012	100
1013	100
1024	100
1025	100
1028	100
1029	100
1034	100
1035	100
1038	100
1039	100
1045	100
1046	100
978	101
984	101
988	101
989	101
990	101
991	101
993	101
994	101
995	101
996	101
997	101
999	101
1000	101
1001	101
1002	101
1003	101
1004	101
1005	101
1006	101
1010	101
1011	101
1012	101
1013	101
1017	101
1018	101
1019	101
1020	101
1022	101
1024	101
1025	101
1028	101
1029	101
1032	101
1033	101
1034	101
1035	101
1036	101
1037	101
1038	101
1039	101
1043	101
1045	101
1046	101
988	102
989	102
994	102
995	102
1013	102
1024	102
1025	102
1026	102
1027	102
1028	102
1029	102
1030	102
1031	102
1034	102
1035	102
995	103
1025	103
1029	103
1035	103
1029	104
1025	104
1035	104
\.


--
-- Data for Name: roles; Type: TABLE DATA; Schema: public; Owner: -
--

COPY public.roles (id, name, guard_name, created_at, updated_at) FROM stdin;
97	super_admin	web	2026-05-12 19:45:26	2026-05-12 19:45:26
98	admin_national	web	2026-05-12 19:45:26	2026-05-12 19:45:26
99	admin_regional	web	2026-05-12 19:45:26	2026-05-12 19:45:26
100	inspecteur	web	2026-05-12 19:45:26	2026-05-12 19:45:26
101	directeur	web	2026-05-12 19:45:27	2026-05-12 19:45:27
102	enseignant	web	2026-05-12 19:45:27	2026-05-12 19:45:27
103	parent	web	2026-05-12 19:45:27	2026-05-12 19:45:27
104	eleve	web	2026-05-12 19:45:27	2026-05-12 19:45:27
\.


--
-- Data for Name: school_years; Type: TABLE DATA; Schema: public; Owner: -
--

COPY public.school_years (id, name, start_date, end_date, status, country_id, created_at, updated_at) FROM stdin;
2	2024-2025	2024-10-01	2025-07-31	active	1	2026-05-12 20:04:43	2026-05-12 20:04:43
3	2025-2026	2025-10-01	2026-07-31	upcoming	1	2026-05-12 20:04:43	2026-05-12 20:04:43
\.


--
-- Data for Name: schools; Type: TABLE DATA; Schema: public; Owner: -
--

COPY public.schools (id, name, code, type, cycle, status, country_id, region_id, department_id, commune_id, locality_id, address, phone, email, director_name, latitude, longitude, founded_year, capacity, rooms_count, logo, description, created_at, updated_at, deleted_at) FROM stdin;
1	École Primaire de N'Djamena Centre	ECO-NDJ-001	public	primary	active	1	1	1	1	1	\N	+235 22 51 00 01	\N	M. Ibrahim Hassan	\N	\N	1975	600	18	\N	\N	2026-05-12 20:04:43	2026-05-12 20:04:43	\N
2	Lycée National de N'Djamena	LYC-NDJ-001	public	high	active	1	1	1	1	1	\N	+235 22 51 00 02	\N	Mme. Amina Mahamat	\N	\N	1960	1200	32	\N	\N	2026-05-12 20:04:43	2026-05-12 20:04:43	\N
3	Collège Privé Excellence	COL-CB-001	private	middle	active	1	2	2	2	2	\N	+235 22 51 00 03	\N	M. Jean-Pierre Mbainaissa	\N	\N	2005	400	14	\N	\N	2026-05-12 20:04:43	2026-05-12 20:04:43	\N
\.


--
-- Data for Name: sessions; Type: TABLE DATA; Schema: public; Owner: -
--

COPY public.sessions (id, user_id, ip_address, user_agent, payload, last_activity) FROM stdin;
6Is8sx2CwZJT5lysHFmhL43gqptYjZbidhadyrOG	\N	127.0.0.1	Mozilla/5.0 (X11; Linux x86_64) AppleWebKit/537.36 (KHTML, like Gecko) Chrome/147.0.0.0 Safari/537.36	YTozOntzOjY6Il90b2tlbiI7czo0MDoid3lzVjRWMW1lOHdvWUhpTzcwTHJLamtYOEM4V2tTY2lPV2JPcE11biI7czo2OiJfZmxhc2giO2E6Mjp7czozOiJvbGQiO2E6MDp7fXM6MzoibmV3IjthOjA6e319czo5OiJfcHJldmlvdXMiO2E6MTp7czozOiJ1cmwiO3M6MjE6Imh0dHA6Ly9sb2NhbGhvc3Q6ODAwMCI7fX0=	1778628818
\.


--
-- Data for Name: student_guardian; Type: TABLE DATA; Schema: public; Owner: -
--

COPY public.student_guardian (id, student_id, guardian_id, relationship, is_primary, created_at, updated_at) FROM stdin;
1	346	1	mother	t	2026-05-12 21:49:10	2026-05-12 21:49:10
2	273	1	mother	f	2026-05-12 21:49:10	2026-05-12 21:49:10
3	294	2	father	t	2026-05-12 21:49:10	2026-05-12 21:49:10
4	267	2	father	f	2026-05-12 21:49:10	2026-05-12 21:49:10
\.


--
-- Data for Name: students; Type: TABLE DATA; Schema: public; Owner: -
--

COPY public.students (id, matricule, first_name, last_name, gender, birth_date, birth_place, nationality, photo, birth_certificate, birth_certificate_number, address, school_id, status, deleted_at, created_at, updated_at, user_id) FROM stdin;
4	EL-2024-00004	Moussa	DJIBRINE	M	2014-05-12	Abéché	Tchadienne	\N	f	\N	\N	1	active	\N	2026-05-12 20:05:15	2026-05-12 20:05:15	\N
5	EL-2024-00005	Mahamat	IBRAHIM	M	2014-05-12	Moundou	Tchadienne	\N	f	\N	\N	1	active	\N	2026-05-12 20:05:15	2026-05-12 20:05:15	\N
6	EL-2024-00006	Koumba	TAHIR	F	2010-05-12	Abéché	Tchadienne	\N	f	\N	\N	1	active	\N	2026-05-12 20:05:16	2026-05-12 20:05:16	\N
7	EL-2024-00007	Zara	IBRAHIM	F	2018-05-12	Sarh	Tchadienne	\N	f	\N	\N	1	active	\N	2026-05-12 20:05:16	2026-05-12 20:05:16	\N
8	EL-2024-00008	Adoum	ADAM	M	2014-05-12	N'Djamena	Tchadienne	\N	f	\N	\N	1	active	\N	2026-05-12 20:05:16	2026-05-12 20:05:16	\N
9	EL-2024-00009	Salima	TAHIR	F	2008-05-12	Moundou	Tchadienne	\N	f	\N	\N	1	active	\N	2026-05-12 20:05:16	2026-05-12 20:05:16	\N
10	EL-2024-00010	Ali	ADAM	M	2008-05-12	Sarh	Tchadienne	\N	f	\N	\N	1	active	\N	2026-05-12 20:05:16	2026-05-12 20:05:16	\N
11	EL-2024-00011	Ali	TAHIR	M	2019-05-12	Moundou	Tchadienne	\N	f	\N	\N	1	active	\N	2026-05-12 20:05:16	2026-05-12 20:05:16	\N
12	EL-2024-00012	Adoum	ADOUM	M	2011-05-12	Bongor	Tchadienne	\N	f	\N	\N	1	active	\N	2026-05-12 20:05:16	2026-05-12 20:05:16	\N
13	EL-2024-00013	Adoum	NGARADOUM	M	2019-05-12	Bongor	Tchadienne	\N	f	\N	\N	1	active	\N	2026-05-12 20:05:16	2026-05-12 20:05:16	\N
14	EL-2024-00014	Salima	MAHAMAT	F	2016-05-12	Abéché	Tchadienne	\N	f	\N	\N	1	active	\N	2026-05-12 20:05:16	2026-05-12 20:05:16	\N
15	EL-2024-00015	Adoum	MOUSSA	M	2009-05-12	N'Djamena	Tchadienne	\N	f	\N	\N	1	active	\N	2026-05-12 20:05:16	2026-05-12 20:05:16	\N
16	EL-2024-00016	Idriss	OUMAR	M	2013-05-12	N'Djamena	Tchadienne	\N	f	\N	\N	1	active	\N	2026-05-12 20:05:16	2026-05-12 20:05:16	\N
17	EL-2024-00017	Moussa	ADAM	M	2019-05-12	Sarh	Tchadienne	\N	f	\N	\N	1	active	\N	2026-05-12 20:05:16	2026-05-12 20:05:16	\N
18	EL-2024-00018	Hassan	KHAMIS	M	2010-05-12	Moundou	Tchadienne	\N	f	\N	\N	1	active	\N	2026-05-12 20:05:16	2026-05-12 20:05:16	\N
19	EL-2024-00019	Haoua	NGARADOUM	F	2016-05-12	Abéché	Tchadienne	\N	f	\N	\N	1	active	\N	2026-05-12 20:05:16	2026-05-12 20:05:16	\N
20	EL-2024-00020	Fatimé	ABDERAHIM	F	2012-05-12	Abéché	Tchadienne	\N	f	\N	\N	1	active	\N	2026-05-12 20:05:16	2026-05-12 20:05:16	\N
21	EL-2024-00021	Nadia	ADAM	F	2014-05-12	Abéché	Tchadienne	\N	f	\N	\N	1	active	\N	2026-05-12 20:05:16	2026-05-12 20:05:16	\N
22	EL-2024-00022	Zara	HASSAN	F	2012-05-12	N'Djamena	Tchadienne	\N	f	\N	\N	1	active	\N	2026-05-12 20:05:16	2026-05-12 20:05:16	\N
23	EL-2024-00023	Zara	ADOUM	F	2018-05-12	Sarh	Tchadienne	\N	f	\N	\N	1	active	\N	2026-05-12 20:05:16	2026-05-12 20:05:16	\N
24	EL-2024-00024	Adoum	NGARADOUM	M	2016-05-12	Sarh	Tchadienne	\N	f	\N	\N	1	active	\N	2026-05-12 20:05:16	2026-05-12 20:05:16	\N
25	EL-2024-00025	Salima	KHAMIS	F	2013-05-12	Sarh	Tchadienne	\N	f	\N	\N	1	active	\N	2026-05-12 20:05:16	2026-05-12 20:05:16	\N
26	EL-2024-00026	Fatimé	ADOUM	F	2009-05-12	Sarh	Tchadienne	\N	f	\N	\N	1	active	\N	2026-05-12 20:05:16	2026-05-12 20:05:16	\N
27	EL-2024-00027	Koumba	MAHAMAT	F	2016-05-12	N'Djamena	Tchadienne	\N	f	\N	\N	1	active	\N	2026-05-12 20:05:16	2026-05-12 20:05:16	\N
28	EL-2024-00028	Salima	NASSER	F	2016-05-12	Sarh	Tchadienne	\N	f	\N	\N	1	active	\N	2026-05-12 20:05:16	2026-05-12 20:05:16	\N
29	EL-2024-00029	Mahamat	MAHAMAT	M	2014-05-12	Moundou	Tchadienne	\N	f	\N	\N	1	active	\N	2026-05-12 20:05:16	2026-05-12 20:05:16	\N
30	EL-2024-00030	Zara	HASSAN	F	2010-05-12	Sarh	Tchadienne	\N	f	\N	\N	1	active	\N	2026-05-12 20:05:16	2026-05-12 20:05:16	\N
31	EL-2024-00031	Adoum	MAHAMAT	M	2017-05-12	Bongor	Tchadienne	\N	f	\N	\N	1	active	\N	2026-05-12 20:05:16	2026-05-12 20:05:16	\N
32	EL-2024-00032	Brahim	SALEH	M	2009-05-12	Moundou	Tchadienne	\N	f	\N	\N	1	active	\N	2026-05-12 20:05:16	2026-05-12 20:05:16	\N
33	EL-2024-00033	Fatimé	MAHAMAT	F	2009-05-12	Bongor	Tchadienne	\N	f	\N	\N	1	active	\N	2026-05-12 20:05:16	2026-05-12 20:05:16	\N
34	EL-2024-00034	Salima	ABDERAHIM	F	2011-05-12	Sarh	Tchadienne	\N	f	\N	\N	1	active	\N	2026-05-12 20:05:16	2026-05-12 20:05:16	\N
35	EL-2024-00035	Fatimé	HASSAN	F	2011-05-12	Abéché	Tchadienne	\N	f	\N	\N	1	active	\N	2026-05-12 20:05:16	2026-05-12 20:05:16	\N
36	EL-2024-00036	Mariam	HASSAN	F	2008-05-12	Sarh	Tchadienne	\N	f	\N	\N	1	active	\N	2026-05-12 20:05:16	2026-05-12 20:05:16	\N
37	EL-2024-00037	Koumba	OUMAR	F	2008-05-12	Sarh	Tchadienne	\N	f	\N	\N	1	active	\N	2026-05-12 20:05:16	2026-05-12 20:05:16	\N
38	EL-2024-00038	Zara	NASSER	F	2015-05-12	Abéché	Tchadienne	\N	f	\N	\N	1	active	\N	2026-05-12 20:05:16	2026-05-12 20:05:16	\N
39	EL-2024-00039	Haoua	DJIBRINE	F	2013-05-12	Moundou	Tchadienne	\N	f	\N	\N	1	active	\N	2026-05-12 20:05:16	2026-05-12 20:05:16	\N
40	EL-2024-00040	Zara	SALEH	F	2018-05-12	N'Djamena	Tchadienne	\N	f	\N	\N	1	active	\N	2026-05-12 20:05:16	2026-05-12 20:05:16	\N
41	EL-2024-00041	Brahim	ADAM	M	2009-05-12	N'Djamena	Tchadienne	\N	f	\N	\N	1	active	\N	2026-05-12 20:05:16	2026-05-12 20:05:16	\N
42	EL-2024-00042	Youssouf	DEBY	M	2014-05-12	N'Djamena	Tchadienne	\N	f	\N	\N	1	active	\N	2026-05-12 20:05:16	2026-05-12 20:05:16	\N
43	EL-2024-00043	Koumba	KHAMIS	F	2010-05-12	Sarh	Tchadienne	\N	f	\N	\N	1	active	\N	2026-05-12 20:05:16	2026-05-12 20:05:16	\N
44	EL-2024-00044	Zara	MAHAMAT	F	2012-05-12	Abéché	Tchadienne	\N	f	\N	\N	1	active	\N	2026-05-12 20:05:16	2026-05-12 20:05:16	\N
45	EL-2024-00045	Zara	TAHIR	F	2009-05-12	Sarh	Tchadienne	\N	f	\N	\N	1	active	\N	2026-05-12 20:05:16	2026-05-12 20:05:16	\N
46	EL-2024-00046	Salima	NASSER	F	2013-05-12	Abéché	Tchadienne	\N	f	\N	\N	1	active	\N	2026-05-12 20:05:16	2026-05-12 20:05:16	\N
47	EL-2024-00047	Youssouf	TAHIR	M	2019-05-12	Sarh	Tchadienne	\N	f	\N	\N	1	active	\N	2026-05-12 20:05:16	2026-05-12 20:05:16	\N
48	EL-2024-00048	Zara	DEBY	F	2008-05-12	N'Djamena	Tchadienne	\N	f	\N	\N	1	active	\N	2026-05-12 20:05:16	2026-05-12 20:05:16	\N
49	EL-2024-00049	Hassan	MOUSSA	M	2014-05-12	Sarh	Tchadienne	\N	f	\N	\N	1	active	\N	2026-05-12 20:05:16	2026-05-12 20:05:16	\N
50	EL-2024-00050	Adoum	KHAMIS	M	2009-05-12	Bongor	Tchadienne	\N	f	\N	\N	1	active	\N	2026-05-12 20:05:16	2026-05-12 20:05:16	\N
51	EL-2024-00051	Haoua	ABDERAHIM	F	2019-05-12	N'Djamena	Tchadienne	\N	f	\N	\N	1	active	\N	2026-05-12 20:05:16	2026-05-12 20:05:16	\N
52	EL-2024-00052	Idriss	IBRAHIM	M	2015-05-12	Sarh	Tchadienne	\N	f	\N	\N	1	active	\N	2026-05-12 20:05:16	2026-05-12 20:05:16	\N
53	EL-2024-00053	Salima	NGARADOUM	F	2009-05-12	Abéché	Tchadienne	\N	f	\N	\N	1	active	\N	2026-05-12 20:05:16	2026-05-12 20:05:16	\N
54	EL-2024-00054	Haoua	MOUSSA	F	2013-05-12	Bongor	Tchadienne	\N	f	\N	\N	1	active	\N	2026-05-12 20:05:16	2026-05-12 20:05:16	\N
55	EL-2024-00055	Haoua	DEBY	F	2016-05-12	Bongor	Tchadienne	\N	f	\N	\N	1	active	\N	2026-05-12 20:05:16	2026-05-12 20:05:16	\N
56	EL-2024-00056	Fatimé	OUMAR	F	2015-05-12	N'Djamena	Tchadienne	\N	f	\N	\N	1	active	\N	2026-05-12 20:05:16	2026-05-12 20:05:16	\N
57	EL-2024-00057	Mahamat	ISSA	M	2010-05-12	Bongor	Tchadienne	\N	f	\N	\N	1	active	\N	2026-05-12 20:05:16	2026-05-12 20:05:16	\N
58	EL-2024-00058	Amina	DEBY	F	2017-05-12	Bongor	Tchadienne	\N	f	\N	\N	1	active	\N	2026-05-12 20:05:16	2026-05-12 20:05:16	\N
59	EL-2024-00059	Salima	ADAM	F	2012-05-12	Bongor	Tchadienne	\N	f	\N	\N	1	active	\N	2026-05-12 20:05:16	2026-05-12 20:05:16	\N
60	EL-2024-00060	Haoua	HASSAN	F	2012-05-12	Bongor	Tchadienne	\N	f	\N	\N	1	active	\N	2026-05-12 20:05:16	2026-05-12 20:05:16	\N
2	EL-2024-00002	Mahamat	ADOUM	M	2008-05-12	Moundou	Tchadienne	\N	f	\N	\N	1	active	\N	2026-05-12 20:05:15	2026-05-12 21:49:11	134
3	EL-2024-00003	Mariam	ISSA	F	2010-05-12	Abéché	Tchadienne	\N	f	\N	\N	1	active	\N	2026-05-12 20:05:15	2026-05-12 21:49:11	135
61	EL-2024-00061	Haoua	SALEH	F	2014-05-12	Moundou	Tchadienne	\N	f	\N	\N	1	active	\N	2026-05-12 20:05:16	2026-05-12 20:05:16	\N
62	EL-2024-00062	Amina	HASSAN	F	2017-05-12	Moundou	Tchadienne	\N	f	\N	\N	1	active	\N	2026-05-12 20:05:16	2026-05-12 20:05:16	\N
63	EL-2024-00063	Zara	KHAMIS	F	2008-05-12	Sarh	Tchadienne	\N	f	\N	\N	1	active	\N	2026-05-12 20:05:16	2026-05-12 20:05:16	\N
64	EL-2024-00064	Mariam	IBRAHIM	F	2015-05-12	Bongor	Tchadienne	\N	f	\N	\N	1	active	\N	2026-05-12 20:05:16	2026-05-12 20:05:16	\N
65	EL-2024-00065	Zara	MAHAMAT	F	2013-05-12	N'Djamena	Tchadienne	\N	f	\N	\N	1	active	\N	2026-05-12 20:05:16	2026-05-12 20:05:16	\N
66	EL-2024-00066	Mariam	SALEH	F	2013-05-12	Bongor	Tchadienne	\N	f	\N	\N	1	active	\N	2026-05-12 20:05:16	2026-05-12 20:05:16	\N
67	EL-2024-00067	Hassan	ADAM	M	2016-05-12	N'Djamena	Tchadienne	\N	f	\N	\N	1	active	\N	2026-05-12 20:05:16	2026-05-12 20:05:16	\N
68	EL-2024-00068	Moussa	ISSA	M	2015-05-12	Abéché	Tchadienne	\N	f	\N	\N	1	active	\N	2026-05-12 20:05:16	2026-05-12 20:05:16	\N
69	EL-2024-00069	Youssouf	SALEH	M	2010-05-12	Moundou	Tchadienne	\N	f	\N	\N	1	active	\N	2026-05-12 20:05:16	2026-05-12 20:05:16	\N
70	EL-2024-00070	Fatimé	TAHIR	F	2018-05-12	Moundou	Tchadienne	\N	f	\N	\N	1	active	\N	2026-05-12 20:05:16	2026-05-12 20:05:16	\N
71	EL-2024-00071	Zara	MAHAMAT	F	2010-05-12	Bongor	Tchadienne	\N	f	\N	\N	1	active	\N	2026-05-12 20:05:17	2026-05-12 20:05:17	\N
72	EL-2024-00072	Hassan	OUMAR	M	2012-05-12	Abéché	Tchadienne	\N	f	\N	\N	1	active	\N	2026-05-12 20:05:17	2026-05-12 20:05:17	\N
73	EL-2024-00073	Haoua	KHAMIS	F	2012-05-12	Moundou	Tchadienne	\N	f	\N	\N	1	active	\N	2026-05-12 20:05:17	2026-05-12 20:05:17	\N
74	EL-2024-00074	Mahamat	ADOUM	M	2014-05-12	N'Djamena	Tchadienne	\N	f	\N	\N	1	active	\N	2026-05-12 20:05:17	2026-05-12 20:05:17	\N
75	EL-2024-00075	Adoum	ADAM	M	2013-05-12	Moundou	Tchadienne	\N	f	\N	\N	1	active	\N	2026-05-12 20:05:17	2026-05-12 20:05:17	\N
76	EL-2024-00076	Fatimé	MAHAMAT	F	2018-05-12	Sarh	Tchadienne	\N	f	\N	\N	1	active	\N	2026-05-12 20:05:17	2026-05-12 20:05:17	\N
77	EL-2024-00077	Adoum	OUMAR	M	2008-05-12	Abéché	Tchadienne	\N	f	\N	\N	1	active	\N	2026-05-12 20:05:17	2026-05-12 20:05:17	\N
78	EL-2024-00078	Ali	HASSAN	M	2015-05-12	Abéché	Tchadienne	\N	f	\N	\N	1	active	\N	2026-05-12 20:05:17	2026-05-12 20:05:17	\N
79	EL-2024-00079	Amina	TAHIR	F	2011-05-12	Sarh	Tchadienne	\N	f	\N	\N	1	active	\N	2026-05-12 20:05:17	2026-05-12 20:05:17	\N
80	EL-2024-00080	Hassan	NGARADOUM	M	2017-05-12	Abéché	Tchadienne	\N	f	\N	\N	1	active	\N	2026-05-12 20:05:17	2026-05-12 20:05:17	\N
81	EL-2024-00081	Salima	SALEH	F	2012-05-12	N'Djamena	Tchadienne	\N	f	\N	\N	1	active	\N	2026-05-12 20:05:17	2026-05-12 20:05:17	\N
82	EL-2024-00082	Idriss	NGARADOUM	M	2014-05-12	Sarh	Tchadienne	\N	f	\N	\N	1	active	\N	2026-05-12 20:05:17	2026-05-12 20:05:17	\N
83	EL-2024-00083	Brahim	ADOUM	M	2013-05-12	Abéché	Tchadienne	\N	f	\N	\N	1	active	\N	2026-05-12 20:05:17	2026-05-12 20:05:17	\N
84	EL-2024-00084	Mariam	ABDERAHIM	F	2008-05-12	Bongor	Tchadienne	\N	f	\N	\N	1	active	\N	2026-05-12 20:05:17	2026-05-12 20:05:17	\N
85	EL-2024-00085	Youssouf	DJIBRINE	M	2015-05-12	Bongor	Tchadienne	\N	f	\N	\N	1	active	\N	2026-05-12 20:05:17	2026-05-12 20:05:17	\N
86	EL-2024-00086	Hassan	ABDERAHIM	M	2016-05-12	Moundou	Tchadienne	\N	f	\N	\N	1	active	\N	2026-05-12 20:05:17	2026-05-12 20:05:17	\N
87	EL-2024-00087	Mahamat	NASSER	M	2019-05-12	Sarh	Tchadienne	\N	f	\N	\N	1	active	\N	2026-05-12 20:05:17	2026-05-12 20:05:17	\N
88	EL-2024-00088	Mariam	MAHAMAT	F	2009-05-12	Sarh	Tchadienne	\N	f	\N	\N	1	active	\N	2026-05-12 20:05:17	2026-05-12 20:05:17	\N
89	EL-2024-00089	Brahim	NGARADOUM	M	2009-05-12	Bongor	Tchadienne	\N	f	\N	\N	1	active	\N	2026-05-12 20:05:17	2026-05-12 20:05:17	\N
90	EL-2024-00090	Youssouf	OUMAR	M	2013-05-12	Moundou	Tchadienne	\N	f	\N	\N	1	active	\N	2026-05-12 20:05:17	2026-05-12 20:05:17	\N
91	EL-2024-00091	Zara	TAHIR	F	2018-05-12	Bongor	Tchadienne	\N	f	\N	\N	1	active	\N	2026-05-12 20:05:17	2026-05-12 20:05:17	\N
92	EL-2024-00092	Mahamat	ADOUM	M	2019-05-12	Moundou	Tchadienne	\N	f	\N	\N	1	active	\N	2026-05-12 20:05:17	2026-05-12 20:05:17	\N
93	EL-2024-00093	Youssouf	MOUSSA	M	2012-05-12	Bongor	Tchadienne	\N	f	\N	\N	1	active	\N	2026-05-12 20:05:17	2026-05-12 20:05:17	\N
94	EL-2024-00094	Haoua	DEBY	F	2010-05-12	Sarh	Tchadienne	\N	f	\N	\N	1	active	\N	2026-05-12 20:05:17	2026-05-12 20:05:17	\N
95	EL-2024-00095	Mariam	NASSER	F	2010-05-12	Sarh	Tchadienne	\N	f	\N	\N	1	active	\N	2026-05-12 20:05:17	2026-05-12 20:05:17	\N
96	EL-2024-00096	Haoua	OUMAR	F	2018-05-12	Sarh	Tchadienne	\N	f	\N	\N	1	active	\N	2026-05-12 20:05:17	2026-05-12 20:05:17	\N
97	EL-2024-00097	Fatimé	ADOUM	F	2017-05-12	N'Djamena	Tchadienne	\N	f	\N	\N	1	active	\N	2026-05-12 20:05:17	2026-05-12 20:05:17	\N
98	EL-2024-00098	Amina	ADAM	F	2017-05-12	Bongor	Tchadienne	\N	f	\N	\N	1	active	\N	2026-05-12 20:05:17	2026-05-12 20:05:17	\N
99	EL-2024-00099	Brahim	HASSAN	M	2012-05-12	Bongor	Tchadienne	\N	f	\N	\N	1	active	\N	2026-05-12 20:05:17	2026-05-12 20:05:17	\N
100	EL-2024-00100	Nadia	ABDERAHIM	F	2010-05-12	Abéché	Tchadienne	\N	f	\N	\N	1	active	\N	2026-05-12 20:05:17	2026-05-12 20:05:17	\N
101	EL-2024-00101	Salima	ISSA	F	2010-05-12	Bongor	Tchadienne	\N	f	\N	\N	1	active	\N	2026-05-12 20:05:17	2026-05-12 20:05:17	\N
102	EL-2024-00102	Amina	NGARADOUM	F	2017-05-12	N'Djamena	Tchadienne	\N	f	\N	\N	1	active	\N	2026-05-12 20:05:17	2026-05-12 20:05:17	\N
103	EL-2024-00103	Koumba	DEBY	F	2013-05-12	Moundou	Tchadienne	\N	f	\N	\N	1	active	\N	2026-05-12 20:05:17	2026-05-12 20:05:17	\N
104	EL-2024-00104	Nadia	KHAMIS	F	2014-05-12	Abéché	Tchadienne	\N	f	\N	\N	1	active	\N	2026-05-12 20:05:17	2026-05-12 20:05:17	\N
105	EL-2024-00105	Hassan	MOUSSA	M	2008-05-12	Bongor	Tchadienne	\N	f	\N	\N	1	active	\N	2026-05-12 20:05:17	2026-05-12 20:05:17	\N
106	EL-2024-00106	Hassan	KHAMIS	M	2009-05-12	Sarh	Tchadienne	\N	f	\N	\N	1	active	\N	2026-05-12 20:05:17	2026-05-12 20:05:17	\N
107	EL-2024-00107	Idriss	MOUSSA	M	2017-05-12	N'Djamena	Tchadienne	\N	f	\N	\N	1	active	\N	2026-05-12 20:05:17	2026-05-12 20:05:17	\N
108	EL-2024-00108	Salima	ADAM	F	2012-05-12	Moundou	Tchadienne	\N	f	\N	\N	1	active	\N	2026-05-12 20:05:17	2026-05-12 20:05:17	\N
109	EL-2024-00109	Fatimé	ADOUM	F	2015-05-12	Bongor	Tchadienne	\N	f	\N	\N	1	active	\N	2026-05-12 20:05:17	2026-05-12 20:05:17	\N
110	EL-2024-00110	Moussa	ABDERAHIM	M	2015-05-12	N'Djamena	Tchadienne	\N	f	\N	\N	1	active	\N	2026-05-12 20:05:17	2026-05-12 20:05:17	\N
111	EL-2024-00111	Koumba	DJIBRINE	F	2009-05-12	Moundou	Tchadienne	\N	f	\N	\N	1	active	\N	2026-05-12 20:05:17	2026-05-12 20:05:17	\N
112	EL-2024-00112	Fatimé	KHAMIS	F	2013-05-12	Bongor	Tchadienne	\N	f	\N	\N	1	active	\N	2026-05-12 20:05:17	2026-05-12 20:05:17	\N
113	EL-2024-00113	Hassan	ADAM	M	2019-05-12	N'Djamena	Tchadienne	\N	f	\N	\N	1	active	\N	2026-05-12 20:05:17	2026-05-12 20:05:17	\N
114	EL-2024-00114	Haoua	NASSER	F	2014-05-12	Moundou	Tchadienne	\N	f	\N	\N	1	active	\N	2026-05-12 20:05:17	2026-05-12 20:05:17	\N
115	EL-2024-00115	Mariam	TAHIR	F	2017-05-12	Sarh	Tchadienne	\N	f	\N	\N	1	active	\N	2026-05-12 20:05:17	2026-05-12 20:05:17	\N
116	EL-2024-00116	Brahim	NGARADOUM	M	2019-05-12	Sarh	Tchadienne	\N	f	\N	\N	1	active	\N	2026-05-12 20:05:17	2026-05-12 20:05:17	\N
117	EL-2024-00117	Mahamat	ABDERAHIM	M	2018-05-12	N'Djamena	Tchadienne	\N	f	\N	\N	1	active	\N	2026-05-12 20:05:17	2026-05-12 20:05:17	\N
118	EL-2024-00118	Zara	OUMAR	F	2011-05-12	Abéché	Tchadienne	\N	f	\N	\N	1	active	\N	2026-05-12 20:05:17	2026-05-12 20:05:17	\N
119	EL-2024-00119	Hassan	OUMAR	M	2018-05-12	N'Djamena	Tchadienne	\N	f	\N	\N	1	active	\N	2026-05-12 20:05:17	2026-05-12 20:05:17	\N
120	EL-2024-00120	Zara	DJIBRINE	F	2018-05-12	Sarh	Tchadienne	\N	f	\N	\N	1	active	\N	2026-05-12 20:05:17	2026-05-12 20:05:17	\N
121	EL-2024-00121	Amina	ADAM	F	2008-05-12	Bongor	Tchadienne	\N	f	\N	\N	1	active	\N	2026-05-12 20:05:17	2026-05-12 20:05:17	\N
122	EL-2024-00122	Adoum	SALEH	M	2019-05-12	Abéché	Tchadienne	\N	f	\N	\N	1	active	\N	2026-05-12 20:05:18	2026-05-12 20:05:18	\N
123	EL-2024-00123	Youssouf	MAHAMAT	M	2017-05-12	Abéché	Tchadienne	\N	f	\N	\N	1	active	\N	2026-05-12 20:05:18	2026-05-12 20:05:18	\N
124	EL-2024-00124	Fatimé	SALEH	F	2013-05-12	N'Djamena	Tchadienne	\N	f	\N	\N	1	active	\N	2026-05-12 20:05:18	2026-05-12 20:05:18	\N
125	EL-2024-00125	Koumba	ISSA	F	2014-05-12	Sarh	Tchadienne	\N	f	\N	\N	1	active	\N	2026-05-12 20:05:18	2026-05-12 20:05:18	\N
126	EL-2024-00126	Mariam	DEBY	F	2016-05-12	Moundou	Tchadienne	\N	f	\N	\N	1	active	\N	2026-05-12 20:05:18	2026-05-12 20:05:18	\N
127	EL-2024-00127	Ali	SALEH	M	2017-05-12	Moundou	Tchadienne	\N	f	\N	\N	1	active	\N	2026-05-12 20:05:18	2026-05-12 20:05:18	\N
128	EL-2024-00128	Hassan	NASSER	M	2009-05-12	Abéché	Tchadienne	\N	f	\N	\N	1	active	\N	2026-05-12 20:05:18	2026-05-12 20:05:18	\N
129	EL-2024-00129	Moussa	ISSA	M	2014-05-12	Bongor	Tchadienne	\N	f	\N	\N	1	active	\N	2026-05-12 20:05:18	2026-05-12 20:05:18	\N
130	EL-2024-00130	Haoua	KHAMIS	F	2008-05-12	Bongor	Tchadienne	\N	f	\N	\N	1	active	\N	2026-05-12 20:05:18	2026-05-12 20:05:18	\N
131	EL-2024-00131	Hassan	OUMAR	M	2010-05-12	Bongor	Tchadienne	\N	f	\N	\N	1	active	\N	2026-05-12 20:05:18	2026-05-12 20:05:18	\N
132	EL-2024-00132	Moussa	KHAMIS	M	2014-05-12	Sarh	Tchadienne	\N	f	\N	\N	1	active	\N	2026-05-12 20:05:18	2026-05-12 20:05:18	\N
133	EL-2024-00133	Hassan	MOUSSA	M	2013-05-12	Moundou	Tchadienne	\N	f	\N	\N	1	active	\N	2026-05-12 20:05:18	2026-05-12 20:05:18	\N
134	EL-2024-00134	Moussa	OUMAR	M	2019-05-12	Abéché	Tchadienne	\N	f	\N	\N	1	active	\N	2026-05-12 20:05:18	2026-05-12 20:05:18	\N
135	EL-2024-00135	Brahim	ISSA	M	2016-05-12	Abéché	Tchadienne	\N	f	\N	\N	1	active	\N	2026-05-12 20:05:18	2026-05-12 20:05:18	\N
136	EL-2024-00136	Koumba	SALEH	F	2012-05-12	Abéché	Tchadienne	\N	f	\N	\N	1	active	\N	2026-05-12 20:05:18	2026-05-12 20:05:18	\N
137	EL-2024-00137	Koumba	TAHIR	F	2017-05-12	Moundou	Tchadienne	\N	f	\N	\N	1	active	\N	2026-05-12 20:05:18	2026-05-12 20:05:18	\N
138	EL-2024-00138	Haoua	ADOUM	F	2013-05-12	Sarh	Tchadienne	\N	f	\N	\N	1	active	\N	2026-05-12 20:05:18	2026-05-12 20:05:18	\N
139	EL-2024-00139	Moussa	DJIBRINE	M	2013-05-12	Sarh	Tchadienne	\N	f	\N	\N	1	active	\N	2026-05-12 20:05:18	2026-05-12 20:05:18	\N
140	EL-2024-00140	Youssouf	SALEH	M	2013-05-12	Sarh	Tchadienne	\N	f	\N	\N	1	active	\N	2026-05-12 20:05:18	2026-05-12 20:05:18	\N
141	EL-2024-00141	Hassan	ADOUM	M	2009-05-12	Abéché	Tchadienne	\N	f	\N	\N	1	active	\N	2026-05-12 20:05:18	2026-05-12 20:05:18	\N
142	EL-2024-00142	Salima	OUMAR	F	2015-05-12	Abéché	Tchadienne	\N	f	\N	\N	1	active	\N	2026-05-12 20:05:18	2026-05-12 20:05:18	\N
143	EL-2024-00143	Idriss	IBRAHIM	M	2010-05-12	Bongor	Tchadienne	\N	f	\N	\N	1	active	\N	2026-05-12 20:05:18	2026-05-12 20:05:18	\N
144	EL-2024-00144	Fatimé	ADAM	F	2012-05-12	Abéché	Tchadienne	\N	f	\N	\N	1	active	\N	2026-05-12 20:05:18	2026-05-12 20:05:18	\N
145	EL-2024-00145	Hassan	NASSER	M	2009-05-12	Abéché	Tchadienne	\N	f	\N	\N	1	active	\N	2026-05-12 20:05:18	2026-05-12 20:05:18	\N
146	EL-2024-00146	Haoua	MOUSSA	F	2009-05-12	N'Djamena	Tchadienne	\N	f	\N	\N	1	active	\N	2026-05-12 20:05:18	2026-05-12 20:05:18	\N
147	EL-2024-00147	Mariam	TAHIR	F	2013-05-12	N'Djamena	Tchadienne	\N	f	\N	\N	1	active	\N	2026-05-12 20:05:18	2026-05-12 20:05:18	\N
148	EL-2024-00148	Ali	ADOUM	M	2014-05-12	Bongor	Tchadienne	\N	f	\N	\N	1	active	\N	2026-05-12 20:05:18	2026-05-12 20:05:18	\N
149	EL-2024-00149	Moussa	MOUSSA	M	2016-05-12	Abéché	Tchadienne	\N	f	\N	\N	1	active	\N	2026-05-12 20:05:18	2026-05-12 20:05:18	\N
150	EL-2024-00150	Mariam	NASSER	F	2015-05-12	Bongor	Tchadienne	\N	f	\N	\N	1	active	\N	2026-05-12 20:05:18	2026-05-12 20:05:18	\N
151	EL-2024-00151	Zara	NASSER	F	2008-05-12	Bongor	Tchadienne	\N	f	\N	\N	2	active	\N	2026-05-12 20:05:18	2026-05-12 20:05:18	\N
152	EL-2024-00152	Youssouf	MOUSSA	M	2017-05-12	Bongor	Tchadienne	\N	f	\N	\N	2	active	\N	2026-05-12 20:05:18	2026-05-12 20:05:18	\N
153	EL-2024-00153	Amina	IBRAHIM	F	2018-05-12	Moundou	Tchadienne	\N	f	\N	\N	2	active	\N	2026-05-12 20:05:18	2026-05-12 20:05:18	\N
154	EL-2024-00154	Hassan	HASSAN	M	2016-05-12	Sarh	Tchadienne	\N	f	\N	\N	2	active	\N	2026-05-12 20:05:18	2026-05-12 20:05:18	\N
155	EL-2024-00155	Idriss	NGARADOUM	M	2016-05-12	N'Djamena	Tchadienne	\N	f	\N	\N	2	active	\N	2026-05-12 20:05:18	2026-05-12 20:05:18	\N
156	EL-2024-00156	Mahamat	SALEH	M	2011-05-12	Sarh	Tchadienne	\N	f	\N	\N	2	active	\N	2026-05-12 20:05:18	2026-05-12 20:05:18	\N
157	EL-2024-00157	Idriss	ADOUM	M	2010-05-12	Abéché	Tchadienne	\N	f	\N	\N	2	active	\N	2026-05-12 20:05:18	2026-05-12 20:05:18	\N
158	EL-2024-00158	Ali	NGARADOUM	M	2015-05-12	Abéché	Tchadienne	\N	f	\N	\N	2	active	\N	2026-05-12 20:05:18	2026-05-12 20:05:18	\N
159	EL-2024-00159	Salima	MAHAMAT	F	2017-05-12	Sarh	Tchadienne	\N	f	\N	\N	2	active	\N	2026-05-12 20:05:18	2026-05-12 20:05:18	\N
160	EL-2024-00160	Adoum	MOUSSA	M	2011-05-12	Sarh	Tchadienne	\N	f	\N	\N	2	active	\N	2026-05-12 20:05:18	2026-05-12 20:05:18	\N
161	EL-2024-00161	Mariam	NGARADOUM	F	2018-05-12	N'Djamena	Tchadienne	\N	f	\N	\N	2	active	\N	2026-05-12 20:05:18	2026-05-12 20:05:18	\N
162	EL-2024-00162	Adoum	MAHAMAT	M	2015-05-12	Sarh	Tchadienne	\N	f	\N	\N	2	active	\N	2026-05-12 20:05:18	2026-05-12 20:05:18	\N
163	EL-2024-00163	Koumba	MAHAMAT	F	2016-05-12	Sarh	Tchadienne	\N	f	\N	\N	2	active	\N	2026-05-12 20:05:18	2026-05-12 20:05:18	\N
164	EL-2024-00164	Hassan	NGARADOUM	M	2011-05-12	Bongor	Tchadienne	\N	f	\N	\N	2	active	\N	2026-05-12 20:05:18	2026-05-12 20:05:18	\N
165	EL-2024-00165	Nadia	KHAMIS	F	2018-05-12	Moundou	Tchadienne	\N	f	\N	\N	2	active	\N	2026-05-12 20:05:18	2026-05-12 20:05:18	\N
166	EL-2024-00166	Brahim	DJIBRINE	M	2019-05-12	Abéché	Tchadienne	\N	f	\N	\N	2	active	\N	2026-05-12 20:05:18	2026-05-12 20:05:18	\N
167	EL-2024-00167	Nadia	IBRAHIM	F	2010-05-12	Moundou	Tchadienne	\N	f	\N	\N	2	active	\N	2026-05-12 20:05:18	2026-05-12 20:05:18	\N
168	EL-2024-00168	Haoua	MOUSSA	F	2010-05-12	Bongor	Tchadienne	\N	f	\N	\N	2	active	\N	2026-05-12 20:05:18	2026-05-12 20:05:18	\N
169	EL-2024-00169	Amina	HASSAN	F	2014-05-12	Moundou	Tchadienne	\N	f	\N	\N	2	active	\N	2026-05-12 20:05:18	2026-05-12 20:05:18	\N
170	EL-2024-00170	Youssouf	SALEH	M	2018-05-12	Sarh	Tchadienne	\N	f	\N	\N	2	active	\N	2026-05-12 20:05:18	2026-05-12 20:05:18	\N
171	EL-2024-00171	Idriss	ISSA	M	2009-05-12	Moundou	Tchadienne	\N	f	\N	\N	2	active	\N	2026-05-12 20:05:18	2026-05-12 20:05:18	\N
172	EL-2024-00172	Idriss	DEBY	M	2009-05-12	Abéché	Tchadienne	\N	f	\N	\N	2	active	\N	2026-05-12 20:05:18	2026-05-12 20:05:18	\N
173	EL-2024-00173	Amina	SALEH	F	2017-05-12	Sarh	Tchadienne	\N	f	\N	\N	2	active	\N	2026-05-12 20:05:18	2026-05-12 20:05:18	\N
174	EL-2024-00174	Ali	ADAM	M	2016-05-12	N'Djamena	Tchadienne	\N	f	\N	\N	2	active	\N	2026-05-12 20:05:18	2026-05-12 20:05:18	\N
175	EL-2024-00175	Salima	TAHIR	F	2014-05-12	Abéché	Tchadienne	\N	f	\N	\N	2	active	\N	2026-05-12 20:05:18	2026-05-12 20:05:18	\N
176	EL-2024-00176	Youssouf	DJIBRINE	M	2011-05-12	Bongor	Tchadienne	\N	f	\N	\N	2	active	\N	2026-05-12 20:05:18	2026-05-12 20:05:18	\N
177	EL-2024-00177	Haoua	ADAM	F	2015-05-12	Moundou	Tchadienne	\N	f	\N	\N	2	active	\N	2026-05-12 20:05:18	2026-05-12 20:05:18	\N
178	EL-2024-00178	Hassan	NGARADOUM	M	2010-05-12	Moundou	Tchadienne	\N	f	\N	\N	2	active	\N	2026-05-12 20:05:18	2026-05-12 20:05:18	\N
179	EL-2024-00179	Hassan	ADAM	M	2016-05-12	Abéché	Tchadienne	\N	f	\N	\N	2	active	\N	2026-05-12 20:05:18	2026-05-12 20:05:18	\N
180	EL-2024-00180	Mahamat	ISSA	M	2019-05-12	N'Djamena	Tchadienne	\N	f	\N	\N	2	active	\N	2026-05-12 20:05:18	2026-05-12 20:05:18	\N
181	EL-2024-00181	Mariam	SALEH	F	2011-05-12	Sarh	Tchadienne	\N	f	\N	\N	2	active	\N	2026-05-12 20:05:18	2026-05-12 20:05:18	\N
182	EL-2024-00182	Salima	ISSA	F	2014-05-12	N'Djamena	Tchadienne	\N	f	\N	\N	2	active	\N	2026-05-12 20:05:18	2026-05-12 20:05:18	\N
183	EL-2024-00183	Fatimé	NASSER	F	2019-05-12	Moundou	Tchadienne	\N	f	\N	\N	2	active	\N	2026-05-12 20:05:18	2026-05-12 20:05:18	\N
184	EL-2024-00184	Mahamat	DEBY	M	2016-05-12	Abéché	Tchadienne	\N	f	\N	\N	2	active	\N	2026-05-12 20:05:18	2026-05-12 20:05:18	\N
185	EL-2024-00185	Zara	ADAM	F	2018-05-12	Sarh	Tchadienne	\N	f	\N	\N	2	active	\N	2026-05-12 20:05:18	2026-05-12 20:05:18	\N
186	EL-2024-00186	Youssouf	MAHAMAT	M	2017-05-12	Sarh	Tchadienne	\N	f	\N	\N	2	active	\N	2026-05-12 20:05:18	2026-05-12 20:05:18	\N
187	EL-2024-00187	Zara	NASSER	F	2013-05-12	Sarh	Tchadienne	\N	f	\N	\N	2	active	\N	2026-05-12 20:05:18	2026-05-12 20:05:18	\N
188	EL-2024-00188	Adoum	NASSER	M	2010-05-12	Sarh	Tchadienne	\N	f	\N	\N	2	active	\N	2026-05-12 20:05:18	2026-05-12 20:05:18	\N
189	EL-2024-00189	Ali	MAHAMAT	M	2010-05-12	N'Djamena	Tchadienne	\N	f	\N	\N	2	active	\N	2026-05-12 20:05:18	2026-05-12 20:05:18	\N
190	EL-2024-00190	Haoua	IBRAHIM	F	2010-05-12	Sarh	Tchadienne	\N	f	\N	\N	2	active	\N	2026-05-12 20:05:18	2026-05-12 20:05:18	\N
191	EL-2024-00191	Zara	TAHIR	F	2016-05-12	Abéché	Tchadienne	\N	f	\N	\N	2	active	\N	2026-05-12 20:05:18	2026-05-12 20:05:18	\N
192	EL-2024-00192	Mahamat	ISSA	M	2008-05-12	Abéché	Tchadienne	\N	f	\N	\N	2	active	\N	2026-05-12 20:05:19	2026-05-12 20:05:19	\N
193	EL-2024-00193	Ali	DEBY	M	2017-05-12	N'Djamena	Tchadienne	\N	f	\N	\N	2	active	\N	2026-05-12 20:05:19	2026-05-12 20:05:19	\N
194	EL-2024-00194	Mahamat	DJIBRINE	M	2018-05-12	Sarh	Tchadienne	\N	f	\N	\N	2	active	\N	2026-05-12 20:05:19	2026-05-12 20:05:19	\N
195	EL-2024-00195	Adoum	KHAMIS	M	2013-05-12	N'Djamena	Tchadienne	\N	f	\N	\N	2	active	\N	2026-05-12 20:05:19	2026-05-12 20:05:19	\N
196	EL-2024-00196	Mahamat	DEBY	M	2019-05-12	Moundou	Tchadienne	\N	f	\N	\N	2	active	\N	2026-05-12 20:05:19	2026-05-12 20:05:19	\N
197	EL-2024-00197	Youssouf	SALEH	M	2008-05-12	Abéché	Tchadienne	\N	f	\N	\N	2	active	\N	2026-05-12 20:05:19	2026-05-12 20:05:19	\N
198	EL-2024-00198	Moussa	NASSER	M	2008-05-12	Sarh	Tchadienne	\N	f	\N	\N	2	active	\N	2026-05-12 20:05:19	2026-05-12 20:05:19	\N
199	EL-2024-00199	Fatimé	NASSER	F	2019-05-12	Sarh	Tchadienne	\N	f	\N	\N	2	active	\N	2026-05-12 20:05:19	2026-05-12 20:05:19	\N
200	EL-2024-00200	Fatimé	ISSA	F	2019-05-12	N'Djamena	Tchadienne	\N	f	\N	\N	2	active	\N	2026-05-12 20:05:19	2026-05-12 20:05:19	\N
201	EL-2024-00201	Fatimé	DEBY	F	2008-05-12	Moundou	Tchadienne	\N	f	\N	\N	2	active	\N	2026-05-12 20:05:19	2026-05-12 20:05:19	\N
202	EL-2024-00202	Amina	MOUSSA	F	2013-05-12	Bongor	Tchadienne	\N	f	\N	\N	2	active	\N	2026-05-12 20:05:19	2026-05-12 20:05:19	\N
203	EL-2024-00203	Koumba	TAHIR	F	2008-05-12	Abéché	Tchadienne	\N	f	\N	\N	2	active	\N	2026-05-12 20:05:19	2026-05-12 20:05:19	\N
204	EL-2024-00204	Fatimé	IBRAHIM	F	2019-05-12	Moundou	Tchadienne	\N	f	\N	\N	2	active	\N	2026-05-12 20:05:19	2026-05-12 20:05:19	\N
205	EL-2024-00205	Zara	IBRAHIM	F	2013-05-12	Sarh	Tchadienne	\N	f	\N	\N	2	active	\N	2026-05-12 20:05:19	2026-05-12 20:05:19	\N
206	EL-2024-00206	Zara	DEBY	F	2016-05-12	Moundou	Tchadienne	\N	f	\N	\N	2	active	\N	2026-05-12 20:05:19	2026-05-12 20:05:19	\N
207	EL-2024-00207	Idriss	IBRAHIM	M	2015-05-12	Bongor	Tchadienne	\N	f	\N	\N	2	active	\N	2026-05-12 20:05:19	2026-05-12 20:05:19	\N
208	EL-2024-00208	Adoum	MAHAMAT	M	2011-05-12	Moundou	Tchadienne	\N	f	\N	\N	2	active	\N	2026-05-12 20:05:19	2026-05-12 20:05:19	\N
209	EL-2024-00209	Nadia	SALEH	F	2009-05-12	Moundou	Tchadienne	\N	f	\N	\N	2	active	\N	2026-05-12 20:05:19	2026-05-12 20:05:19	\N
210	EL-2024-00210	Youssouf	IBRAHIM	M	2009-05-12	Bongor	Tchadienne	\N	f	\N	\N	2	active	\N	2026-05-12 20:05:19	2026-05-12 20:05:19	\N
211	EL-2024-00211	Nadia	TAHIR	F	2015-05-12	Abéché	Tchadienne	\N	f	\N	\N	2	active	\N	2026-05-12 20:05:19	2026-05-12 20:05:19	\N
212	EL-2024-00212	Fatimé	DJIBRINE	F	2011-05-12	Sarh	Tchadienne	\N	f	\N	\N	2	active	\N	2026-05-12 20:05:19	2026-05-12 20:05:19	\N
213	EL-2024-00213	Moussa	ABDERAHIM	M	2015-05-12	N'Djamena	Tchadienne	\N	f	\N	\N	2	active	\N	2026-05-12 20:05:19	2026-05-12 20:05:19	\N
214	EL-2024-00214	Idriss	DJIBRINE	M	2012-05-12	Sarh	Tchadienne	\N	f	\N	\N	2	active	\N	2026-05-12 20:05:19	2026-05-12 20:05:19	\N
215	EL-2024-00215	Moussa	NGARADOUM	M	2016-05-12	Bongor	Tchadienne	\N	f	\N	\N	2	active	\N	2026-05-12 20:05:19	2026-05-12 20:05:19	\N
216	EL-2024-00216	Hassan	ISSA	M	2013-05-12	Sarh	Tchadienne	\N	f	\N	\N	2	active	\N	2026-05-12 20:05:19	2026-05-12 20:05:19	\N
217	EL-2024-00217	Adoum	DJIBRINE	M	2018-05-12	Bongor	Tchadienne	\N	f	\N	\N	2	active	\N	2026-05-12 20:05:19	2026-05-12 20:05:19	\N
218	EL-2024-00218	Youssouf	TAHIR	M	2015-05-12	Sarh	Tchadienne	\N	f	\N	\N	2	active	\N	2026-05-12 20:05:19	2026-05-12 20:05:19	\N
219	EL-2024-00219	Moussa	ADOUM	M	2011-05-12	Sarh	Tchadienne	\N	f	\N	\N	2	active	\N	2026-05-12 20:05:19	2026-05-12 20:05:19	\N
220	EL-2024-00220	Idriss	NGARADOUM	M	2017-05-12	N'Djamena	Tchadienne	\N	f	\N	\N	2	active	\N	2026-05-12 20:05:19	2026-05-12 20:05:19	\N
221	EL-2024-00221	Moussa	NGARADOUM	M	2012-05-12	Moundou	Tchadienne	\N	f	\N	\N	2	active	\N	2026-05-12 20:05:19	2026-05-12 20:05:19	\N
222	EL-2024-00222	Moussa	MOUSSA	M	2012-05-12	N'Djamena	Tchadienne	\N	f	\N	\N	2	active	\N	2026-05-12 20:05:19	2026-05-12 20:05:19	\N
223	EL-2024-00223	Brahim	SALEH	M	2016-05-12	Moundou	Tchadienne	\N	f	\N	\N	2	active	\N	2026-05-12 20:05:19	2026-05-12 20:05:19	\N
224	EL-2024-00224	Youssouf	MOUSSA	M	2018-05-12	Sarh	Tchadienne	\N	f	\N	\N	2	active	\N	2026-05-12 20:05:19	2026-05-12 20:05:19	\N
225	EL-2024-00225	Haoua	TAHIR	F	2015-05-12	Abéché	Tchadienne	\N	f	\N	\N	2	active	\N	2026-05-12 20:05:19	2026-05-12 20:05:19	\N
226	EL-2024-00226	Mahamat	MAHAMAT	M	2014-05-12	Bongor	Tchadienne	\N	f	\N	\N	2	active	\N	2026-05-12 20:05:19	2026-05-12 20:05:19	\N
227	EL-2024-00227	Adoum	OUMAR	M	2014-05-12	Moundou	Tchadienne	\N	f	\N	\N	2	active	\N	2026-05-12 20:05:19	2026-05-12 20:05:19	\N
228	EL-2024-00228	Hassan	TAHIR	M	2013-05-12	Moundou	Tchadienne	\N	f	\N	\N	2	active	\N	2026-05-12 20:05:19	2026-05-12 20:05:19	\N
229	EL-2024-00229	Idriss	MAHAMAT	M	2011-05-12	Abéché	Tchadienne	\N	f	\N	\N	2	active	\N	2026-05-12 20:05:19	2026-05-12 20:05:19	\N
230	EL-2024-00230	Zara	DJIBRINE	F	2010-05-12	Sarh	Tchadienne	\N	f	\N	\N	2	active	\N	2026-05-12 20:05:19	2026-05-12 20:05:19	\N
231	EL-2024-00231	Haoua	IBRAHIM	F	2014-05-12	Moundou	Tchadienne	\N	f	\N	\N	2	active	\N	2026-05-12 20:05:19	2026-05-12 20:05:19	\N
232	EL-2024-00232	Ali	HASSAN	M	2014-05-12	N'Djamena	Tchadienne	\N	f	\N	\N	3	active	\N	2026-05-12 20:05:19	2026-05-12 20:05:19	\N
233	EL-2024-00233	Brahim	ADAM	M	2014-05-12	Sarh	Tchadienne	\N	f	\N	\N	3	active	\N	2026-05-12 20:05:19	2026-05-12 20:05:19	\N
234	EL-2024-00234	Youssouf	DJIBRINE	M	2010-05-12	Sarh	Tchadienne	\N	f	\N	\N	3	active	\N	2026-05-12 20:05:19	2026-05-12 20:05:19	\N
235	EL-2024-00235	Idriss	ADOUM	M	2013-05-12	Moundou	Tchadienne	\N	f	\N	\N	3	active	\N	2026-05-12 20:05:19	2026-05-12 20:05:19	\N
236	EL-2024-00236	Idriss	ADAM	M	2019-05-12	Bongor	Tchadienne	\N	f	\N	\N	3	active	\N	2026-05-12 20:05:19	2026-05-12 20:05:19	\N
237	EL-2024-00237	Adoum	ADOUM	M	2017-05-12	Bongor	Tchadienne	\N	f	\N	\N	3	active	\N	2026-05-12 20:05:19	2026-05-12 20:05:19	\N
238	EL-2024-00238	Koumba	MOUSSA	F	2014-05-12	Bongor	Tchadienne	\N	f	\N	\N	3	active	\N	2026-05-12 20:05:19	2026-05-12 20:05:19	\N
239	EL-2024-00239	Brahim	IBRAHIM	M	2016-05-12	N'Djamena	Tchadienne	\N	f	\N	\N	3	active	\N	2026-05-12 20:05:19	2026-05-12 20:05:19	\N
240	EL-2024-00240	Mahamat	DEBY	M	2014-05-12	Sarh	Tchadienne	\N	f	\N	\N	3	active	\N	2026-05-12 20:05:19	2026-05-12 20:05:19	\N
241	EL-2024-00241	Youssouf	MOUSSA	M	2015-05-12	N'Djamena	Tchadienne	\N	f	\N	\N	3	active	\N	2026-05-12 20:05:19	2026-05-12 20:05:19	\N
242	EL-2024-00242	Moussa	OUMAR	M	2015-05-12	Moundou	Tchadienne	\N	f	\N	\N	3	active	\N	2026-05-12 20:05:19	2026-05-12 20:05:19	\N
243	EL-2024-00243	Koumba	ADOUM	F	2008-05-12	Abéché	Tchadienne	\N	f	\N	\N	3	active	\N	2026-05-12 20:05:19	2026-05-12 20:05:19	\N
244	EL-2024-00244	Mariam	TAHIR	F	2009-05-12	N'Djamena	Tchadienne	\N	f	\N	\N	3	active	\N	2026-05-12 20:05:19	2026-05-12 20:05:19	\N
245	EL-2024-00245	Ali	MOUSSA	M	2011-05-12	Sarh	Tchadienne	\N	f	\N	\N	3	active	\N	2026-05-12 20:05:19	2026-05-12 20:05:19	\N
246	EL-2024-00246	Ali	DJIBRINE	M	2012-05-12	N'Djamena	Tchadienne	\N	f	\N	\N	3	active	\N	2026-05-12 20:05:19	2026-05-12 20:05:19	\N
247	EL-2024-00247	Amina	SALEH	F	2019-05-12	Abéché	Tchadienne	\N	f	\N	\N	3	active	\N	2026-05-12 20:05:19	2026-05-12 20:05:19	\N
248	EL-2024-00248	Nadia	TAHIR	F	2013-05-12	N'Djamena	Tchadienne	\N	f	\N	\N	3	active	\N	2026-05-12 20:05:19	2026-05-12 20:05:19	\N
249	EL-2024-00249	Ali	NGARADOUM	M	2009-05-12	Abéché	Tchadienne	\N	f	\N	\N	3	active	\N	2026-05-12 20:05:19	2026-05-12 20:05:19	\N
250	EL-2024-00250	Moussa	TAHIR	M	2014-05-12	Moundou	Tchadienne	\N	f	\N	\N	3	active	\N	2026-05-12 20:05:19	2026-05-12 20:05:19	\N
251	EL-2024-00251	Idriss	NGARADOUM	M	2012-05-12	Moundou	Tchadienne	\N	f	\N	\N	3	active	\N	2026-05-12 20:05:19	2026-05-12 20:05:19	\N
252	EL-2024-00252	Ali	IBRAHIM	M	2009-05-12	Sarh	Tchadienne	\N	f	\N	\N	3	active	\N	2026-05-12 20:05:19	2026-05-12 20:05:19	\N
253	EL-2024-00253	Ali	NASSER	M	2016-05-12	Bongor	Tchadienne	\N	f	\N	\N	3	active	\N	2026-05-12 20:05:19	2026-05-12 20:05:19	\N
254	EL-2024-00254	Hassan	NASSER	M	2018-05-12	Moundou	Tchadienne	\N	f	\N	\N	3	active	\N	2026-05-12 20:05:19	2026-05-12 20:05:19	\N
255	EL-2024-00255	Haoua	DEBY	F	2015-05-12	Sarh	Tchadienne	\N	f	\N	\N	3	active	\N	2026-05-12 20:05:19	2026-05-12 20:05:19	\N
256	EL-2024-00256	Amina	NASSER	F	2010-05-12	Moundou	Tchadienne	\N	f	\N	\N	3	active	\N	2026-05-12 20:05:19	2026-05-12 20:05:19	\N
257	EL-2024-00257	Koumba	ISSA	F	2010-05-12	Sarh	Tchadienne	\N	f	\N	\N	3	active	\N	2026-05-12 20:05:19	2026-05-12 20:05:19	\N
258	EL-2024-00258	Mariam	NASSER	F	2008-05-12	Bongor	Tchadienne	\N	f	\N	\N	3	active	\N	2026-05-12 20:05:19	2026-05-12 20:05:19	\N
259	EL-2024-00259	Moussa	ISSA	M	2010-05-12	Moundou	Tchadienne	\N	f	\N	\N	3	active	\N	2026-05-12 20:05:19	2026-05-12 20:05:19	\N
260	EL-2024-00260	Moussa	MOUSSA	M	2009-05-12	N'Djamena	Tchadienne	\N	f	\N	\N	3	active	\N	2026-05-12 20:05:19	2026-05-12 20:05:19	\N
261	EL-2024-00261	Moussa	ADOUM	M	2013-05-12	Bongor	Tchadienne	\N	f	\N	\N	3	active	\N	2026-05-12 20:05:19	2026-05-12 20:05:19	\N
262	EL-2024-00262	Koumba	MAHAMAT	F	2009-05-12	Sarh	Tchadienne	\N	f	\N	\N	3	active	\N	2026-05-12 20:05:19	2026-05-12 20:05:19	\N
263	EL-2024-00263	Adoum	DJIBRINE	M	2012-05-12	Abéché	Tchadienne	\N	f	\N	\N	3	active	\N	2026-05-12 20:05:19	2026-05-12 20:05:19	\N
264	EL-2024-00264	Brahim	ADAM	M	2009-05-12	N'Djamena	Tchadienne	\N	f	\N	\N	3	active	\N	2026-05-12 20:05:19	2026-05-12 20:05:19	\N
265	EL-2024-00265	Fatimé	HASSAN	F	2016-05-12	Moundou	Tchadienne	\N	f	\N	\N	3	active	\N	2026-05-12 20:05:19	2026-05-12 20:05:19	\N
266	EL-2024-00266	Haoua	ABDERAHIM	F	2014-05-12	Sarh	Tchadienne	\N	f	\N	\N	3	active	\N	2026-05-12 20:05:19	2026-05-12 20:05:19	\N
267	EL-2024-00267	Idriss	KHAMIS	M	2015-05-12	Sarh	Tchadienne	\N	f	\N	\N	3	active	\N	2026-05-12 20:05:20	2026-05-12 20:05:20	\N
268	EL-2024-00268	Hassan	OUMAR	M	2015-05-12	Sarh	Tchadienne	\N	f	\N	\N	3	active	\N	2026-05-12 20:05:20	2026-05-12 20:05:20	\N
269	EL-2024-00269	Fatimé	KHAMIS	F	2017-05-12	N'Djamena	Tchadienne	\N	f	\N	\N	3	active	\N	2026-05-12 20:05:20	2026-05-12 20:05:20	\N
270	EL-2024-00270	Mahamat	HASSAN	M	2009-05-12	N'Djamena	Tchadienne	\N	f	\N	\N	3	active	\N	2026-05-12 20:05:20	2026-05-12 20:05:20	\N
271	EL-2024-00271	Salima	ADOUM	F	2010-05-12	Abéché	Tchadienne	\N	f	\N	\N	3	active	\N	2026-05-12 20:05:20	2026-05-12 20:05:20	\N
272	EL-2024-00272	Hassan	ADAM	M	2019-05-12	Abéché	Tchadienne	\N	f	\N	\N	3	active	\N	2026-05-12 20:05:20	2026-05-12 20:05:20	\N
273	EL-2024-00273	Youssouf	HASSAN	M	2011-05-12	Abéché	Tchadienne	\N	f	\N	\N	3	active	\N	2026-05-12 20:05:20	2026-05-12 20:05:20	\N
274	EL-2024-00274	Adoum	OUMAR	M	2017-05-12	Sarh	Tchadienne	\N	f	\N	\N	3	active	\N	2026-05-12 20:05:20	2026-05-12 20:05:20	\N
275	EL-2024-00275	Adoum	SALEH	M	2010-05-12	Bongor	Tchadienne	\N	f	\N	\N	3	active	\N	2026-05-12 20:05:20	2026-05-12 20:05:20	\N
276	EL-2024-00276	Amina	ADAM	F	2019-05-12	Bongor	Tchadienne	\N	f	\N	\N	3	active	\N	2026-05-12 20:05:20	2026-05-12 20:05:20	\N
277	EL-2024-00277	Ali	KHAMIS	M	2010-05-12	Bongor	Tchadienne	\N	f	\N	\N	3	active	\N	2026-05-12 20:05:20	2026-05-12 20:05:20	\N
278	EL-2024-00278	Youssouf	TAHIR	M	2009-05-12	N'Djamena	Tchadienne	\N	f	\N	\N	3	active	\N	2026-05-12 20:05:20	2026-05-12 20:05:20	\N
279	EL-2024-00279	Nadia	KHAMIS	F	2015-05-12	N'Djamena	Tchadienne	\N	f	\N	\N	3	active	\N	2026-05-12 20:05:20	2026-05-12 20:05:20	\N
280	EL-2024-00280	Amina	IBRAHIM	F	2012-05-12	Bongor	Tchadienne	\N	f	\N	\N	3	active	\N	2026-05-12 20:05:20	2026-05-12 20:05:20	\N
281	EL-2024-00281	Adoum	TAHIR	M	2017-05-12	Moundou	Tchadienne	\N	f	\N	\N	3	active	\N	2026-05-12 20:05:20	2026-05-12 20:05:20	\N
282	EL-2024-00282	Zara	KHAMIS	F	2017-05-12	N'Djamena	Tchadienne	\N	f	\N	\N	3	active	\N	2026-05-12 20:05:20	2026-05-12 20:05:20	\N
283	EL-2024-00283	Haoua	MAHAMAT	F	2018-05-12	Moundou	Tchadienne	\N	f	\N	\N	3	active	\N	2026-05-12 20:05:20	2026-05-12 20:05:20	\N
284	EL-2024-00284	Salima	OUMAR	F	2019-05-12	N'Djamena	Tchadienne	\N	f	\N	\N	3	active	\N	2026-05-12 20:05:20	2026-05-12 20:05:20	\N
285	EL-2024-00285	Adoum	KHAMIS	M	2010-05-12	Bongor	Tchadienne	\N	f	\N	\N	3	active	\N	2026-05-12 20:05:20	2026-05-12 20:05:20	\N
286	EL-2024-00286	Ali	TAHIR	M	2012-05-12	Sarh	Tchadienne	\N	f	\N	\N	3	active	\N	2026-05-12 20:05:20	2026-05-12 20:05:20	\N
287	EL-2024-00287	Youssouf	ABDERAHIM	M	2008-05-12	Abéché	Tchadienne	\N	f	\N	\N	3	active	\N	2026-05-12 20:05:20	2026-05-12 20:05:20	\N
288	EL-2024-00288	Koumba	DEBY	F	2009-05-12	Sarh	Tchadienne	\N	f	\N	\N	3	active	\N	2026-05-12 20:05:20	2026-05-12 20:05:20	\N
289	EL-2024-00289	Salima	ADOUM	F	2011-05-12	Moundou	Tchadienne	\N	f	\N	\N	3	active	\N	2026-05-12 20:05:20	2026-05-12 20:05:20	\N
290	EL-2024-00290	Idriss	HASSAN	M	2018-05-12	N'Djamena	Tchadienne	\N	f	\N	\N	3	active	\N	2026-05-12 20:05:20	2026-05-12 20:05:20	\N
291	EL-2024-00291	Mariam	OUMAR	F	2015-05-12	Bongor	Tchadienne	\N	f	\N	\N	3	active	\N	2026-05-12 20:05:20	2026-05-12 20:05:20	\N
292	EL-2024-00292	Amina	OUMAR	F	2014-05-12	N'Djamena	Tchadienne	\N	f	\N	\N	3	active	\N	2026-05-12 20:05:20	2026-05-12 20:05:20	\N
293	EL-2024-00293	Brahim	OUMAR	M	2016-05-12	Sarh	Tchadienne	\N	f	\N	\N	3	active	\N	2026-05-12 20:05:20	2026-05-12 20:05:20	\N
294	EL-2024-00294	Idriss	OUMAR	M	2012-05-12	Moundou	Tchadienne	\N	f	\N	\N	3	active	\N	2026-05-12 20:05:20	2026-05-12 20:05:20	\N
295	EL-2024-00295	Fatimé	DJIBRINE	F	2011-05-12	N'Djamena	Tchadienne	\N	f	\N	\N	3	active	\N	2026-05-12 20:05:20	2026-05-12 20:05:20	\N
296	EL-2024-00296	Ali	NASSER	M	2016-05-12	Moundou	Tchadienne	\N	f	\N	\N	3	active	\N	2026-05-12 20:05:20	2026-05-12 20:05:20	\N
297	EL-2024-00297	Youssouf	KHAMIS	M	2009-05-12	N'Djamena	Tchadienne	\N	f	\N	\N	3	active	\N	2026-05-12 20:05:20	2026-05-12 20:05:20	\N
298	EL-2024-00298	Koumba	ABDERAHIM	F	2016-05-12	Sarh	Tchadienne	\N	f	\N	\N	3	active	\N	2026-05-12 20:05:20	2026-05-12 20:05:20	\N
299	EL-2024-00299	Mahamat	ADAM	M	2009-05-12	Sarh	Tchadienne	\N	f	\N	\N	3	active	\N	2026-05-12 20:05:20	2026-05-12 20:05:20	\N
300	EL-2024-00300	Haoua	ADAM	F	2015-05-12	N'Djamena	Tchadienne	\N	f	\N	\N	3	active	\N	2026-05-12 20:05:20	2026-05-12 20:05:20	\N
301	EL-2024-00301	Adoum	TAHIR	M	2008-05-12	Sarh	Tchadienne	\N	f	\N	\N	3	active	\N	2026-05-12 20:05:20	2026-05-12 20:05:20	\N
302	EL-2024-00302	Amina	DEBY	F	2009-05-12	Moundou	Tchadienne	\N	f	\N	\N	3	active	\N	2026-05-12 20:05:20	2026-05-12 20:05:20	\N
303	EL-2024-00303	Salima	TAHIR	F	2013-05-12	Sarh	Tchadienne	\N	f	\N	\N	3	active	\N	2026-05-12 20:05:20	2026-05-12 20:05:20	\N
304	EL-2024-00304	Mahamat	HASSAN	M	2012-05-12	Sarh	Tchadienne	\N	f	\N	\N	3	active	\N	2026-05-12 20:05:20	2026-05-12 20:05:20	\N
305	EL-2024-00305	Brahim	SALEH	M	2016-05-12	Bongor	Tchadienne	\N	f	\N	\N	3	active	\N	2026-05-12 20:05:20	2026-05-12 20:05:20	\N
306	EL-2024-00306	Salima	SALEH	F	2010-05-12	Moundou	Tchadienne	\N	f	\N	\N	3	active	\N	2026-05-12 20:05:20	2026-05-12 20:05:20	\N
307	EL-2024-00307	Ali	HASSAN	M	2014-05-12	Bongor	Tchadienne	\N	f	\N	\N	3	active	\N	2026-05-12 20:05:20	2026-05-12 20:05:20	\N
308	EL-2024-00308	Amina	HASSAN	F	2016-05-12	Abéché	Tchadienne	\N	f	\N	\N	3	active	\N	2026-05-12 20:05:20	2026-05-12 20:05:20	\N
309	EL-2024-00309	Mahamat	ABDERAHIM	M	2012-05-12	Bongor	Tchadienne	\N	f	\N	\N	3	active	\N	2026-05-12 20:05:20	2026-05-12 20:05:20	\N
310	EL-2024-00310	Nadia	OUMAR	F	2014-05-12	Sarh	Tchadienne	\N	f	\N	\N	3	active	\N	2026-05-12 20:05:20	2026-05-12 20:05:20	\N
311	EL-2024-00311	Haoua	IBRAHIM	F	2015-05-12	Moundou	Tchadienne	\N	f	\N	\N	3	active	\N	2026-05-12 20:05:20	2026-05-12 20:05:20	\N
312	EL-2024-00312	Adoum	ISSA	M	2019-05-12	N'Djamena	Tchadienne	\N	f	\N	\N	3	active	\N	2026-05-12 20:05:20	2026-05-12 20:05:20	\N
313	EL-2024-00313	Nadia	TAHIR	F	2018-05-12	Bongor	Tchadienne	\N	f	\N	\N	3	active	\N	2026-05-12 20:05:20	2026-05-12 20:05:20	\N
314	EL-2024-00314	Idriss	ADAM	M	2010-05-12	Moundou	Tchadienne	\N	f	\N	\N	3	active	\N	2026-05-12 20:05:20	2026-05-12 20:05:20	\N
315	EL-2024-00315	Youssouf	MAHAMAT	M	2019-05-12	Moundou	Tchadienne	\N	f	\N	\N	3	active	\N	2026-05-12 20:05:20	2026-05-12 20:05:20	\N
316	EL-2024-00316	Haoua	MAHAMAT	F	2016-05-12	Bongor	Tchadienne	\N	f	\N	\N	3	active	\N	2026-05-12 20:05:20	2026-05-12 20:05:20	\N
317	EL-2024-00317	Fatimé	OUMAR	F	2019-05-12	Bongor	Tchadienne	\N	f	\N	\N	3	active	\N	2026-05-12 20:05:20	2026-05-12 20:05:20	\N
318	EL-2024-00318	Nadia	OUMAR	F	2010-05-12	Abéché	Tchadienne	\N	f	\N	\N	3	active	\N	2026-05-12 20:05:20	2026-05-12 20:05:20	\N
319	EL-2024-00319	Salima	KHAMIS	F	2016-05-12	Sarh	Tchadienne	\N	f	\N	\N	3	active	\N	2026-05-12 20:05:20	2026-05-12 20:05:20	\N
320	EL-2024-00320	Ali	HASSAN	M	2010-05-12	Abéché	Tchadienne	\N	f	\N	\N	3	active	\N	2026-05-12 20:05:20	2026-05-12 20:05:20	\N
321	EL-2024-00321	Salima	ADOUM	F	2016-05-12	N'Djamena	Tchadienne	\N	f	\N	\N	3	active	\N	2026-05-12 20:05:20	2026-05-12 20:05:20	\N
322	EL-2024-00322	Mahamat	DEBY	M	2009-05-12	N'Djamena	Tchadienne	\N	f	\N	\N	3	active	\N	2026-05-12 20:05:20	2026-05-12 20:05:20	\N
323	EL-2024-00323	Youssouf	KHAMIS	M	2012-05-12	Moundou	Tchadienne	\N	f	\N	\N	3	active	\N	2026-05-12 20:05:20	2026-05-12 20:05:20	\N
324	EL-2024-00324	Koumba	DJIBRINE	F	2017-05-12	N'Djamena	Tchadienne	\N	f	\N	\N	3	active	\N	2026-05-12 20:05:20	2026-05-12 20:05:20	\N
325	EL-2024-00325	Zara	NASSER	F	2011-05-12	Sarh	Tchadienne	\N	f	\N	\N	3	active	\N	2026-05-12 20:05:20	2026-05-12 20:05:20	\N
326	EL-2024-00326	Mariam	OUMAR	F	2017-05-12	N'Djamena	Tchadienne	\N	f	\N	\N	3	active	\N	2026-05-12 20:05:20	2026-05-12 20:05:20	\N
327	EL-2024-00327	Mariam	HASSAN	F	2016-05-12	Abéché	Tchadienne	\N	f	\N	\N	3	active	\N	2026-05-12 20:05:20	2026-05-12 20:05:20	\N
328	EL-2024-00328	Brahim	SALEH	M	2017-05-12	Sarh	Tchadienne	\N	f	\N	\N	3	active	\N	2026-05-12 20:05:20	2026-05-12 20:05:20	\N
329	EL-2024-00329	Hassan	SALEH	M	2015-05-12	Bongor	Tchadienne	\N	f	\N	\N	3	active	\N	2026-05-12 20:05:20	2026-05-12 20:05:20	\N
330	EL-2024-00330	Hassan	MAHAMAT	M	2019-05-12	Moundou	Tchadienne	\N	f	\N	\N	3	active	\N	2026-05-12 20:05:20	2026-05-12 20:05:20	\N
331	EL-2024-00331	Amina	SALEH	F	2013-05-12	Sarh	Tchadienne	\N	f	\N	\N	3	active	\N	2026-05-12 20:05:20	2026-05-12 20:05:20	\N
332	EL-2024-00332	Nadia	ADOUM	F	2017-05-12	Bongor	Tchadienne	\N	f	\N	\N	3	active	\N	2026-05-12 20:05:20	2026-05-12 20:05:20	\N
333	EL-2024-00333	Amina	SALEH	F	2019-05-12	Moundou	Tchadienne	\N	f	\N	\N	3	active	\N	2026-05-12 20:05:20	2026-05-12 20:05:20	\N
334	EL-2024-00334	Mahamat	MOUSSA	M	2016-05-12	Moundou	Tchadienne	\N	f	\N	\N	3	active	\N	2026-05-12 20:05:20	2026-05-12 20:05:20	\N
335	EL-2024-00335	Salima	KHAMIS	F	2012-05-12	Moundou	Tchadienne	\N	f	\N	\N	3	active	\N	2026-05-12 20:05:20	2026-05-12 20:05:20	\N
336	EL-2024-00336	Youssouf	NASSER	M	2008-05-12	Moundou	Tchadienne	\N	f	\N	\N	3	active	\N	2026-05-12 20:05:20	2026-05-12 20:05:20	\N
337	EL-2024-00337	Mahamat	SALEH	M	2015-05-12	Sarh	Tchadienne	\N	f	\N	\N	3	active	\N	2026-05-12 20:05:21	2026-05-12 20:05:21	\N
338	EL-2024-00338	Youssouf	HASSAN	M	2009-05-12	N'Djamena	Tchadienne	\N	f	\N	\N	3	active	\N	2026-05-12 20:05:21	2026-05-12 20:05:21	\N
339	EL-2024-00339	Mahamat	DJIBRINE	M	2011-05-12	Bongor	Tchadienne	\N	f	\N	\N	3	active	\N	2026-05-12 20:05:21	2026-05-12 20:05:21	\N
340	EL-2024-00340	Youssouf	NGARADOUM	M	2019-05-12	Moundou	Tchadienne	\N	f	\N	\N	3	active	\N	2026-05-12 20:05:21	2026-05-12 20:05:21	\N
341	EL-2024-00341	Salima	MAHAMAT	F	2017-05-12	Sarh	Tchadienne	\N	f	\N	\N	3	active	\N	2026-05-12 20:05:21	2026-05-12 20:05:21	\N
342	EL-2024-00342	Nadia	DEBY	F	2011-05-12	N'Djamena	Tchadienne	\N	f	\N	\N	3	active	\N	2026-05-12 20:05:21	2026-05-12 20:05:21	\N
343	EL-2024-00343	Youssouf	IBRAHIM	M	2016-05-12	Moundou	Tchadienne	\N	f	\N	\N	3	active	\N	2026-05-12 20:05:21	2026-05-12 20:05:21	\N
344	EL-2024-00344	Mariam	KHAMIS	F	2015-05-12	Bongor	Tchadienne	\N	f	\N	\N	3	active	\N	2026-05-12 20:05:21	2026-05-12 20:05:21	\N
345	EL-2024-00345	Youssouf	TAHIR	M	2019-05-12	Abéché	Tchadienne	\N	f	\N	\N	3	active	\N	2026-05-12 20:05:21	2026-05-12 20:05:21	\N
346	EL-2024-00346	Haoua	MOUSSA	F	2015-05-12	Moundou	Tchadienne	\N	f	\N	\N	3	active	\N	2026-05-12 20:05:21	2026-05-12 20:05:21	\N
347	EL-2024-00347	Salima	DEBY	F	2019-05-12	Moundou	Tchadienne	\N	f	\N	\N	3	active	\N	2026-05-12 20:05:21	2026-05-12 20:05:21	\N
348	EL-2024-00348	Nadia	NGARADOUM	F	2014-05-12	Bongor	Tchadienne	\N	f	\N	\N	3	active	\N	2026-05-12 20:05:21	2026-05-12 20:05:21	\N
1	EL-2024-00001	Moussa	ISSA	M	2010-05-12	Moundou	Tchadienne	\N	f	\N	\N	1	active	\N	2026-05-12 20:05:15	2026-05-12 21:49:11	133
\.


--
-- Data for Name: subjects; Type: TABLE DATA; Schema: public; Owner: -
--

COPY public.subjects (id, name, code, cycle, coefficient, is_active, created_at, updated_at, deleted_at) FROM stdin;
20	Mathématiques	MATH-P	primary	3.00	t	2026-05-12 20:05:08	2026-05-12 20:05:08	\N
21	Français	FR-P	primary	3.00	t	2026-05-12 20:05:08	2026-05-12 20:05:08	\N
22	Sciences Naturelles	SN-P	primary	2.00	t	2026-05-12 20:05:08	2026-05-12 20:05:08	\N
23	Histoire-Géographie	HG-P	primary	2.00	t	2026-05-12 20:05:08	2026-05-12 20:05:08	\N
24	Éducation Civique	EC-P	primary	1.00	t	2026-05-12 20:05:08	2026-05-12 20:05:08	\N
25	Éducation Physique	EPS-P	primary	1.00	t	2026-05-12 20:05:08	2026-05-12 20:05:08	\N
26	Mathématiques	MATH-S	middle	4.00	t	2026-05-12 20:05:08	2026-05-12 20:05:08	\N
27	Français	FR-S	middle	4.00	t	2026-05-12 20:05:08	2026-05-12 20:05:08	\N
28	Anglais	ANG-S	middle	3.00	t	2026-05-12 20:05:08	2026-05-12 20:05:08	\N
29	Physique-Chimie	PC-S	middle	3.00	t	2026-05-12 20:05:08	2026-05-12 20:05:08	\N
30	Sciences de la Vie	SVT-S	middle	2.00	t	2026-05-12 20:05:08	2026-05-12 20:05:08	\N
31	Histoire-Géographie	HG-S	middle	2.00	t	2026-05-12 20:05:08	2026-05-12 20:05:08	\N
32	Éducation Physique	EPS-S	middle	1.00	t	2026-05-12 20:05:08	2026-05-12 20:05:08	\N
33	Mathématiques	MATH-L	high	5.00	t	2026-05-12 20:05:08	2026-05-12 20:05:08	\N
34	Français	FR-L	high	4.00	t	2026-05-12 20:05:08	2026-05-12 20:05:08	\N
35	Anglais	ANG-L	high	3.00	t	2026-05-12 20:05:08	2026-05-12 20:05:08	\N
36	Philosophie	PHILO-L	high	3.00	t	2026-05-12 20:05:08	2026-05-12 20:05:08	\N
37	Physique-Chimie	PC-L	high	4.00	t	2026-05-12 20:05:08	2026-05-12 20:05:08	\N
38	Sciences de la Vie	SVT-L	high	3.00	t	2026-05-12 20:05:08	2026-05-12 20:05:08	\N
\.


--
-- Data for Name: teacher_assignments; Type: TABLE DATA; Schema: public; Owner: -
--

COPY public.teacher_assignments (id, teacher_id, school_class_id, subject_id, school_year_id, hours_per_week, created_at, updated_at) FROM stdin;
1	9	1	20	2	2	2026-05-12 21:49:08	2026-05-12 21:49:08
2	10	1	21	2	2	2026-05-12 21:49:08	2026-05-12 21:49:08
3	11	1	22	2	4	2026-05-12 21:49:08	2026-05-12 21:49:08
4	12	1	23	2	3	2026-05-12 21:49:08	2026-05-12 21:49:08
5	14	1	24	2	3	2026-05-12 21:49:08	2026-05-12 21:49:08
6	16	1	25	2	5	2026-05-12 21:49:08	2026-05-12 21:49:08
7	9	2	20	2	4	2026-05-12 21:49:08	2026-05-12 21:49:08
8	10	2	21	2	2	2026-05-12 21:49:08	2026-05-12 21:49:08
9	11	2	22	2	3	2026-05-12 21:49:08	2026-05-12 21:49:08
10	12	2	23	2	4	2026-05-12 21:49:08	2026-05-12 21:49:08
11	14	2	24	2	2	2026-05-12 21:49:08	2026-05-12 21:49:08
12	14	2	25	2	4	2026-05-12 21:49:08	2026-05-12 21:49:08
13	9	3	20	2	2	2026-05-12 21:49:08	2026-05-12 21:49:08
14	10	3	21	2	5	2026-05-12 21:49:08	2026-05-12 21:49:08
15	11	3	22	2	5	2026-05-12 21:49:08	2026-05-12 21:49:08
16	12	3	23	2	2	2026-05-12 21:49:08	2026-05-12 21:49:08
17	16	3	24	2	3	2026-05-12 21:49:08	2026-05-12 21:49:08
18	12	3	25	2	4	2026-05-12 21:49:08	2026-05-12 21:49:08
19	9	4	20	2	5	2026-05-12 21:49:08	2026-05-12 21:49:08
20	10	4	21	2	4	2026-05-12 21:49:08	2026-05-12 21:49:08
21	11	4	22	2	4	2026-05-12 21:49:08	2026-05-12 21:49:08
22	12	4	23	2	4	2026-05-12 21:49:08	2026-05-12 21:49:08
23	12	4	24	2	2	2026-05-12 21:49:08	2026-05-12 21:49:08
24	16	4	25	2	4	2026-05-12 21:49:08	2026-05-12 21:49:08
25	9	5	20	2	5	2026-05-12 21:49:08	2026-05-12 21:49:08
26	10	5	21	2	3	2026-05-12 21:49:08	2026-05-12 21:49:08
27	11	5	22	2	4	2026-05-12 21:49:08	2026-05-12 21:49:08
28	12	5	23	2	5	2026-05-12 21:49:08	2026-05-12 21:49:08
29	12	5	24	2	4	2026-05-12 21:49:08	2026-05-12 21:49:08
30	11	5	25	2	4	2026-05-12 21:49:08	2026-05-12 21:49:08
31	9	6	20	2	4	2026-05-12 21:49:08	2026-05-12 21:49:08
32	10	6	21	2	3	2026-05-12 21:49:08	2026-05-12 21:49:08
33	11	6	22	2	3	2026-05-12 21:49:08	2026-05-12 21:49:08
34	12	6	23	2	4	2026-05-12 21:49:09	2026-05-12 21:49:09
35	16	6	24	2	4	2026-05-12 21:49:09	2026-05-12 21:49:09
36	9	6	25	2	4	2026-05-12 21:49:09	2026-05-12 21:49:09
37	17	7	33	2	2	2026-05-12 21:49:09	2026-05-12 21:49:09
38	18	7	34	2	4	2026-05-12 21:49:09	2026-05-12 21:49:09
39	21	7	35	2	2	2026-05-12 21:49:09	2026-05-12 21:49:09
40	17	7	36	2	5	2026-05-12 21:49:09	2026-05-12 21:49:09
41	22	7	37	2	5	2026-05-12 21:49:09	2026-05-12 21:49:09
42	19	7	38	2	5	2026-05-12 21:49:09	2026-05-12 21:49:09
43	17	8	33	2	4	2026-05-12 21:49:09	2026-05-12 21:49:09
44	18	8	34	2	3	2026-05-12 21:49:09	2026-05-12 21:49:09
45	21	8	35	2	5	2026-05-12 21:49:09	2026-05-12 21:49:09
46	19	8	36	2	2	2026-05-12 21:49:09	2026-05-12 21:49:09
47	22	8	37	2	4	2026-05-12 21:49:09	2026-05-12 21:49:09
48	19	8	38	2	2	2026-05-12 21:49:09	2026-05-12 21:49:09
49	17	9	33	2	5	2026-05-12 21:49:09	2026-05-12 21:49:09
50	18	9	34	2	2	2026-05-12 21:49:09	2026-05-12 21:49:09
51	21	9	35	2	5	2026-05-12 21:49:09	2026-05-12 21:49:09
52	19	9	36	2	3	2026-05-12 21:49:09	2026-05-12 21:49:09
53	22	9	37	2	5	2026-05-12 21:49:09	2026-05-12 21:49:09
54	19	9	38	2	5	2026-05-12 21:49:09	2026-05-12 21:49:09
55	25	10	26	2	4	2026-05-12 21:49:09	2026-05-12 21:49:09
56	26	10	27	2	3	2026-05-12 21:49:09	2026-05-12 21:49:09
57	29	10	28	2	4	2026-05-12 21:49:09	2026-05-12 21:49:09
58	30	10	29	2	5	2026-05-12 21:49:09	2026-05-12 21:49:09
59	27	10	30	2	3	2026-05-12 21:49:09	2026-05-12 21:49:09
60	28	10	31	2	2	2026-05-12 21:49:09	2026-05-12 21:49:09
61	28	10	32	2	2	2026-05-12 21:49:09	2026-05-12 21:49:09
62	25	11	26	2	5	2026-05-12 21:49:09	2026-05-12 21:49:09
63	26	11	27	2	3	2026-05-12 21:49:09	2026-05-12 21:49:09
64	29	11	28	2	2	2026-05-12 21:49:09	2026-05-12 21:49:09
65	30	11	29	2	3	2026-05-12 21:49:09	2026-05-12 21:49:09
66	27	11	30	2	2	2026-05-12 21:49:09	2026-05-12 21:49:09
67	28	11	31	2	3	2026-05-12 21:49:09	2026-05-12 21:49:09
68	31	11	32	2	5	2026-05-12 21:49:09	2026-05-12 21:49:09
69	25	12	26	2	2	2026-05-12 21:49:09	2026-05-12 21:49:09
70	26	12	27	2	4	2026-05-12 21:49:09	2026-05-12 21:49:09
71	29	12	28	2	2	2026-05-12 21:49:09	2026-05-12 21:49:09
72	30	12	29	2	4	2026-05-12 21:49:09	2026-05-12 21:49:09
73	27	12	30	2	4	2026-05-12 21:49:09	2026-05-12 21:49:09
74	28	12	31	2	4	2026-05-12 21:49:09	2026-05-12 21:49:09
75	27	12	32	2	2	2026-05-12 21:49:09	2026-05-12 21:49:09
76	25	13	26	2	4	2026-05-12 21:49:09	2026-05-12 21:49:09
77	26	13	27	2	5	2026-05-12 21:49:09	2026-05-12 21:49:09
78	29	13	28	2	4	2026-05-12 21:49:09	2026-05-12 21:49:09
79	30	13	29	2	4	2026-05-12 21:49:09	2026-05-12 21:49:09
80	27	13	30	2	3	2026-05-12 21:49:09	2026-05-12 21:49:09
81	28	13	31	2	3	2026-05-12 21:49:09	2026-05-12 21:49:09
82	29	13	32	2	2	2026-05-12 21:49:09	2026-05-12 21:49:09
\.


--
-- Data for Name: teachers; Type: TABLE DATA; Schema: public; Owner: -
--

COPY public.teachers (id, user_id, school_id, matricule, gender, birth_date, specialty, degree, status, hired_at, address, is_active, created_at, updated_at, deleted_at) FROM stdin;
9	33	1	ENS-2024-0001	M	1985-02-02	Mathématiques	Master	civil	2015-09-01	\N	t	2026-05-12 20:05:08	2026-05-12 20:05:08	\N
10	34	1	ENS-2024-0002	F	1985-05-20	Français	Licence	civil	2015-09-01	\N	t	2026-05-12 20:05:09	2026-05-12 20:05:09	\N
11	35	1	ENS-2024-0003	M	1985-11-06	Sciences Naturelles	Licence	civil	2015-09-01	\N	t	2026-05-12 20:05:09	2026-05-12 20:05:09	\N
12	36	1	ENS-2024-0004	F	1985-04-02	Histoire-Géographie	Licence	civil	2015-09-01	\N	t	2026-05-12 20:05:09	2026-05-12 20:05:09	\N
13	37	1	ENS-2024-0005	M	1985-07-18	Anglais	Master	civil	2015-09-01	\N	t	2026-05-12 20:05:10	2026-05-12 20:05:10	\N
14	38	1	ENS-2024-0006	F	1985-03-05	Physique-Chimie	Licence	civil	2015-09-01	\N	t	2026-05-12 20:05:10	2026-05-12 20:05:10	\N
15	39	1	ENS-2024-0007	M	1985-09-24	Mathématiques	Master	civil	2015-09-01	\N	t	2026-05-12 20:05:10	2026-05-12 20:05:10	\N
16	40	1	ENS-2024-0008	F	1985-11-10	Français	Licence	civil	2015-09-01	\N	t	2026-05-12 20:05:11	2026-05-12 20:05:11	\N
17	41	2	ENS-2024-0009	M	1985-12-08	Mathématiques	Master	civil	2015-09-01	\N	t	2026-05-12 20:05:11	2026-05-12 20:05:11	\N
18	42	2	ENS-2024-0010	F	1985-03-11	Français	Licence	civil	2015-09-01	\N	t	2026-05-12 20:05:11	2026-05-12 20:05:11	\N
19	43	2	ENS-2024-0011	M	1985-01-06	Sciences Naturelles	Licence	civil	2015-09-01	\N	t	2026-05-12 20:05:11	2026-05-12 20:05:11	\N
20	44	2	ENS-2024-0012	F	1985-06-02	Histoire-Géographie	Licence	civil	2015-09-01	\N	t	2026-05-12 20:05:12	2026-05-12 20:05:12	\N
21	45	2	ENS-2024-0013	M	1985-04-23	Anglais	Master	civil	2015-09-01	\N	t	2026-05-12 20:05:12	2026-05-12 20:05:12	\N
22	46	2	ENS-2024-0014	F	1985-12-14	Physique-Chimie	Licence	civil	2015-09-01	\N	t	2026-05-12 20:05:12	2026-05-12 20:05:12	\N
23	47	2	ENS-2024-0015	M	1985-09-28	Mathématiques	Master	civil	2015-09-01	\N	t	2026-05-12 20:05:13	2026-05-12 20:05:13	\N
24	48	2	ENS-2024-0016	F	1985-05-06	Français	Licence	civil	2015-09-01	\N	t	2026-05-12 20:05:13	2026-05-12 20:05:13	\N
25	49	3	ENS-2024-0017	M	1985-08-13	Mathématiques	Master	civil	2015-09-01	\N	t	2026-05-12 20:05:13	2026-05-12 20:05:13	\N
26	50	3	ENS-2024-0018	F	1985-03-27	Français	Licence	civil	2015-09-01	\N	t	2026-05-12 20:05:14	2026-05-12 20:05:14	\N
27	51	3	ENS-2024-0019	M	1985-09-22	Sciences Naturelles	Licence	civil	2015-09-01	\N	t	2026-05-12 20:05:14	2026-05-12 20:05:14	\N
28	52	3	ENS-2024-0020	F	1985-09-24	Histoire-Géographie	Licence	civil	2015-09-01	\N	t	2026-05-12 20:05:14	2026-05-12 20:05:14	\N
29	53	3	ENS-2024-0021	M	1985-10-22	Anglais	Master	civil	2015-09-01	\N	t	2026-05-12 20:05:15	2026-05-12 20:05:15	\N
30	54	3	ENS-2024-0022	F	1985-11-13	Physique-Chimie	Licence	civil	2015-09-01	\N	t	2026-05-12 20:05:15	2026-05-12 20:05:15	\N
31	55	3	ENS-2024-0023	M	1985-01-21	Mathématiques	Master	civil	2015-09-01	\N	t	2026-05-12 20:05:15	2026-05-12 20:05:15	\N
32	56	3	ENS-2024-0024	F	1985-03-15	Français	Licence	civil	2015-09-01	\N	t	2026-05-12 20:05:15	2026-05-12 20:05:15	\N
\.



--
-- Name: activity_log activity_log_pkey; Type: CONSTRAINT; Schema: public; Owner: -
--

ALTER TABLE ONLY public.activity_log
    ADD CONSTRAINT activity_log_pkey PRIMARY KEY (id);


--
-- Name: attendances attendance_session_unique; Type: CONSTRAINT; Schema: public; Owner: -
--

ALTER TABLE ONLY public.attendances
    ADD CONSTRAINT attendance_session_unique UNIQUE (student_id, school_class_id, date, subject_id);


--
-- Name: attendances attendances_pkey; Type: CONSTRAINT; Schema: public; Owner: -
--

ALTER TABLE ONLY public.attendances
    ADD CONSTRAINT attendances_pkey PRIMARY KEY (id);


--
-- Name: classes classes_pkey; Type: CONSTRAINT; Schema: public; Owner: -
--

ALTER TABLE ONLY public.classes
    ADD CONSTRAINT classes_pkey PRIMARY KEY (id);


--
-- Name: communes communes_pkey; Type: CONSTRAINT; Schema: public; Owner: -
--

ALTER TABLE ONLY public.communes
    ADD CONSTRAINT communes_pkey PRIMARY KEY (id);


--
-- Name: countries countries_code_unique; Type: CONSTRAINT; Schema: public; Owner: -
--

ALTER TABLE ONLY public.countries
    ADD CONSTRAINT countries_code_unique UNIQUE (code);


--
-- Name: countries countries_pkey; Type: CONSTRAINT; Schema: public; Owner: -
--

ALTER TABLE ONLY public.countries
    ADD CONSTRAINT countries_pkey PRIMARY KEY (id);


--
-- Name: departments departments_pkey; Type: CONSTRAINT; Schema: public; Owner: -
--

ALTER TABLE ONLY public.departments
    ADD CONSTRAINT departments_pkey PRIMARY KEY (id);


--
-- Name: exam_candidates ec_unique; Type: CONSTRAINT; Schema: public; Owner: -
--

ALTER TABLE ONLY public.exam_candidates
    ADD CONSTRAINT ec_unique UNIQUE (exam_id, student_id);


--
-- Name: enrollments enrollments_pkey; Type: CONSTRAINT; Schema: public; Owner: -
--

ALTER TABLE ONLY public.enrollments
    ADD CONSTRAINT enrollments_pkey PRIMARY KEY (id);


--
-- Name: enrollments enrollments_student_id_school_year_id_unique; Type: CONSTRAINT; Schema: public; Owner: -
--

ALTER TABLE ONLY public.enrollments
    ADD CONSTRAINT enrollments_student_id_school_year_id_unique UNIQUE (student_id, school_year_id);


--
-- Name: evaluations evaluations_pkey; Type: CONSTRAINT; Schema: public; Owner: -
--

ALTER TABLE ONLY public.evaluations
    ADD CONSTRAINT evaluations_pkey PRIMARY KEY (id);


--
-- Name: exam_candidates exam_candidates_pkey; Type: CONSTRAINT; Schema: public; Owner: -
--

ALTER TABLE ONLY public.exam_candidates
    ADD CONSTRAINT exam_candidates_pkey PRIMARY KEY (id);


--
-- Name: exams exams_pkey; Type: CONSTRAINT; Schema: public; Owner: -
--

ALTER TABLE ONLY public.exams
    ADD CONSTRAINT exams_pkey PRIMARY KEY (id);


--
-- Name: failed_jobs failed_jobs_pkey; Type: CONSTRAINT; Schema: public; Owner: -
--

ALTER TABLE ONLY public.failed_jobs
    ADD CONSTRAINT failed_jobs_pkey PRIMARY KEY (id);


--
-- Name: failed_jobs failed_jobs_uuid_unique; Type: CONSTRAINT; Schema: public; Owner: -
--

ALTER TABLE ONLY public.failed_jobs
    ADD CONSTRAINT failed_jobs_uuid_unique UNIQUE (uuid);


--
-- Name: grades grades_evaluation_id_student_id_unique; Type: CONSTRAINT; Schema: public; Owner: -
--

ALTER TABLE ONLY public.grades
    ADD CONSTRAINT grades_evaluation_id_student_id_unique UNIQUE (evaluation_id, student_id);


--
-- Name: grades grades_pkey; Type: CONSTRAINT; Schema: public; Owner: -
--

ALTER TABLE ONLY public.grades
    ADD CONSTRAINT grades_pkey PRIMARY KEY (id);


--
-- Name: guardians guardians_pkey; Type: CONSTRAINT; Schema: public; Owner: -
--

ALTER TABLE ONLY public.guardians
    ADD CONSTRAINT guardians_pkey PRIMARY KEY (id);


--
-- Name: job_batches job_batches_pkey; Type: CONSTRAINT; Schema: public; Owner: -
--

ALTER TABLE ONLY public.job_batches
    ADD CONSTRAINT job_batches_pkey PRIMARY KEY (id);


--
-- Name: jobs jobs_pkey; Type: CONSTRAINT; Schema: public; Owner: -
--

ALTER TABLE ONLY public.jobs
    ADD CONSTRAINT jobs_pkey PRIMARY KEY (id);


--
-- Name: localities localities_pkey; Type: CONSTRAINT; Schema: public; Owner: -
--

ALTER TABLE ONLY public.localities
    ADD CONSTRAINT localities_pkey PRIMARY KEY (id);


--
-- Name: migrations migrations_pkey; Type: CONSTRAINT; Schema: public; Owner: -
--

ALTER TABLE ONLY public.migrations
    ADD CONSTRAINT migrations_pkey PRIMARY KEY (id);


--
-- Name: model_has_permissions model_has_permissions_pkey; Type: CONSTRAINT; Schema: public; Owner: -
--

ALTER TABLE ONLY public.model_has_permissions
    ADD CONSTRAINT model_has_permissions_pkey PRIMARY KEY (permission_id, model_id, model_type);


--
-- Name: model_has_roles model_has_roles_pkey; Type: CONSTRAINT; Schema: public; Owner: -
--

ALTER TABLE ONLY public.model_has_roles
    ADD CONSTRAINT model_has_roles_pkey PRIMARY KEY (role_id, model_id, model_type);


--
-- Name: permissions permissions_name_guard_name_unique; Type: CONSTRAINT; Schema: public; Owner: -
--

ALTER TABLE ONLY public.permissions
    ADD CONSTRAINT permissions_name_guard_name_unique UNIQUE (name, guard_name);


--
-- Name: permissions permissions_pkey; Type: CONSTRAINT; Schema: public; Owner: -
--

ALTER TABLE ONLY public.permissions
    ADD CONSTRAINT permissions_pkey PRIMARY KEY (id);


--
-- Name: report_cards rc_unique; Type: CONSTRAINT; Schema: public; Owner: -
--

ALTER TABLE ONLY public.report_cards
    ADD CONSTRAINT rc_unique UNIQUE (student_id, school_class_id, school_year_id, period);


--
-- Name: regions regions_pkey; Type: CONSTRAINT; Schema: public; Owner: -
--

ALTER TABLE ONLY public.regions
    ADD CONSTRAINT regions_pkey PRIMARY KEY (id);


--
-- Name: report_cards report_cards_pkey; Type: CONSTRAINT; Schema: public; Owner: -
--

ALTER TABLE ONLY public.report_cards
    ADD CONSTRAINT report_cards_pkey PRIMARY KEY (id);


--
-- Name: role_has_permissions role_has_permissions_pkey; Type: CONSTRAINT; Schema: public; Owner: -
--

ALTER TABLE ONLY public.role_has_permissions
    ADD CONSTRAINT role_has_permissions_pkey PRIMARY KEY (permission_id, role_id);


--
-- Name: roles roles_name_guard_name_unique; Type: CONSTRAINT; Schema: public; Owner: -
--

ALTER TABLE ONLY public.roles
    ADD CONSTRAINT roles_name_guard_name_unique UNIQUE (name, guard_name);


--
-- Name: roles roles_pkey; Type: CONSTRAINT; Schema: public; Owner: -
--

ALTER TABLE ONLY public.roles
    ADD CONSTRAINT roles_pkey PRIMARY KEY (id);


--
-- Name: school_years school_years_pkey; Type: CONSTRAINT; Schema: public; Owner: -
--

ALTER TABLE ONLY public.school_years
    ADD CONSTRAINT school_years_pkey PRIMARY KEY (id);


--
-- Name: schools schools_code_unique; Type: CONSTRAINT; Schema: public; Owner: -
--

ALTER TABLE ONLY public.schools
    ADD CONSTRAINT schools_code_unique UNIQUE (code);


--
-- Name: schools schools_pkey; Type: CONSTRAINT; Schema: public; Owner: -
--

ALTER TABLE ONLY public.schools
    ADD CONSTRAINT schools_pkey PRIMARY KEY (id);


--
-- Name: sessions sessions_pkey; Type: CONSTRAINT; Schema: public; Owner: -
--

ALTER TABLE ONLY public.sessions
    ADD CONSTRAINT sessions_pkey PRIMARY KEY (id);


--
-- Name: student_guardian student_guardian_pkey; Type: CONSTRAINT; Schema: public; Owner: -
--

ALTER TABLE ONLY public.student_guardian
    ADD CONSTRAINT student_guardian_pkey PRIMARY KEY (id);


--
-- Name: student_guardian student_guardian_student_id_guardian_id_unique; Type: CONSTRAINT; Schema: public; Owner: -
--

ALTER TABLE ONLY public.student_guardian
    ADD CONSTRAINT student_guardian_student_id_guardian_id_unique UNIQUE (student_id, guardian_id);


--
-- Name: students students_matricule_unique; Type: CONSTRAINT; Schema: public; Owner: -
--

ALTER TABLE ONLY public.students
    ADD CONSTRAINT students_matricule_unique UNIQUE (matricule);


--
-- Name: students students_pkey; Type: CONSTRAINT; Schema: public; Owner: -
--

ALTER TABLE ONLY public.students
    ADD CONSTRAINT students_pkey PRIMARY KEY (id);


--
-- Name: subjects subjects_code_unique; Type: CONSTRAINT; Schema: public; Owner: -
--

ALTER TABLE ONLY public.subjects
    ADD CONSTRAINT subjects_code_unique UNIQUE (code);


--
-- Name: subjects subjects_pkey; Type: CONSTRAINT; Schema: public; Owner: -
--

ALTER TABLE ONLY public.subjects
    ADD CONSTRAINT subjects_pkey PRIMARY KEY (id);


--
-- Name: teacher_assignments ta_unique; Type: CONSTRAINT; Schema: public; Owner: -
--

ALTER TABLE ONLY public.teacher_assignments
    ADD CONSTRAINT ta_unique UNIQUE (teacher_id, school_class_id, subject_id, school_year_id);


--
-- Name: teacher_assignments teacher_assignments_pkey; Type: CONSTRAINT; Schema: public; Owner: -
--

ALTER TABLE ONLY public.teacher_assignments
    ADD CONSTRAINT teacher_assignments_pkey PRIMARY KEY (id);


--
-- Name: teachers teachers_matricule_unique; Type: CONSTRAINT; Schema: public; Owner: -
--

ALTER TABLE ONLY public.teachers
    ADD CONSTRAINT teachers_matricule_unique UNIQUE (matricule);


--
-- Name: teachers teachers_pkey; Type: CONSTRAINT; Schema: public; Owner: -
--

ALTER TABLE ONLY public.teachers
    ADD CONSTRAINT teachers_pkey PRIMARY KEY (id);


--
-- Name: teachers teachers_user_id_unique; Type: CONSTRAINT; Schema: public; Owner: -
--

ALTER TABLE ONLY public.teachers
    ADD CONSTRAINT teachers_user_id_unique UNIQUE (user_id);


--
-- Name: activity_log_log_name_index; Type: INDEX; Schema: public; Owner: -
--

CREATE INDEX activity_log_log_name_index ON public.activity_log USING btree (log_name);


--
-- Name: attendances_school_class_id_date_index; Type: INDEX; Schema: public; Owner: -
--

CREATE INDEX attendances_school_class_id_date_index ON public.attendances USING btree (school_class_id, date);


--
-- Name: attendances_student_id_school_year_id_status_index; Type: INDEX; Schema: public; Owner: -
--

CREATE INDEX attendances_student_id_school_year_id_status_index ON public.attendances USING btree (student_id, school_year_id, status);


--
-- Name: causer; Type: INDEX; Schema: public; Owner: -
--

CREATE INDEX causer ON public.activity_log USING btree (causer_type, causer_id);


--
-- Name: classes_school_id_school_year_id_index; Type: INDEX; Schema: public; Owner: -
--

CREATE INDEX classes_school_id_school_year_id_index ON public.classes USING btree (school_id, school_year_id);


--
-- Name: classes_school_id_school_year_id_status_index; Type: INDEX; Schema: public; Owner: -
--

CREATE INDEX classes_school_id_school_year_id_status_index ON public.classes USING btree (school_id, school_year_id, status);


--
-- Name: communes_department_id_index; Type: INDEX; Schema: public; Owner: -
--

CREATE INDEX communes_department_id_index ON public.communes USING btree (department_id);


--
-- Name: departments_region_id_index; Type: INDEX; Schema: public; Owner: -
--

CREATE INDEX departments_region_id_index ON public.departments USING btree (region_id);


--
-- Name: enrollments_school_class_id_school_year_id_index; Type: INDEX; Schema: public; Owner: -
--

CREATE INDEX enrollments_school_class_id_school_year_id_index ON public.enrollments USING btree (school_class_id, school_year_id);


--
-- Name: enrollments_school_id_school_year_id_status_index; Type: INDEX; Schema: public; Owner: -
--

CREATE INDEX enrollments_school_id_school_year_id_status_index ON public.enrollments USING btree (school_id, school_year_id, status);


--
-- Name: evaluations_school_class_id_school_year_id_period_index; Type: INDEX; Schema: public; Owner: -
--

CREATE INDEX evaluations_school_class_id_school_year_id_period_index ON public.evaluations USING btree (school_class_id, school_year_id, period);


--
-- Name: evaluations_subject_id_school_year_id_index; Type: INDEX; Schema: public; Owner: -
--

CREATE INDEX evaluations_subject_id_school_year_id_index ON public.evaluations USING btree (subject_id, school_year_id);


--
-- Name: exam_candidates_exam_id_candidate_status_index; Type: INDEX; Schema: public; Owner: -
--

CREATE INDEX exam_candidates_exam_id_candidate_status_index ON public.exam_candidates USING btree (exam_id, candidate_status);


--
-- Name: exam_candidates_student_id_exam_id_index; Type: INDEX; Schema: public; Owner: -
--

CREATE INDEX exam_candidates_student_id_exam_id_index ON public.exam_candidates USING btree (student_id, exam_id);


--
-- Name: exams_school_year_id_status_index; Type: INDEX; Schema: public; Owner: -
--

CREATE INDEX exams_school_year_id_status_index ON public.exams USING btree (school_year_id, status);


--
-- Name: grades_student_id_evaluation_id_index; Type: INDEX; Schema: public; Owner: -
--

CREATE INDEX grades_student_id_evaluation_id_index ON public.grades USING btree (student_id, evaluation_id);


--
-- Name: jobs_queue_index; Type: INDEX; Schema: public; Owner: -
--

CREATE INDEX jobs_queue_index ON public.jobs USING btree (queue);


--
-- Name: localities_commune_id_index; Type: INDEX; Schema: public; Owner: -
--

CREATE INDEX localities_commune_id_index ON public.localities USING btree (commune_id);


--
-- Name: model_has_permissions_model_id_model_type_index; Type: INDEX; Schema: public; Owner: -
--

CREATE INDEX model_has_permissions_model_id_model_type_index ON public.model_has_permissions USING btree (model_id, model_type);


--
-- Name: model_has_roles_model_id_model_type_index; Type: INDEX; Schema: public; Owner: -
--

CREATE INDEX model_has_roles_model_id_model_type_index ON public.model_has_roles USING btree (model_id, model_type);


--
-- Name: regions_country_id_index; Type: INDEX; Schema: public; Owner: -
--

CREATE INDEX regions_country_id_index ON public.regions USING btree (country_id);


--
-- Name: report_cards_school_class_id_school_year_id_period_index; Type: INDEX; Schema: public; Owner: -
--

CREATE INDEX report_cards_school_class_id_school_year_id_period_index ON public.report_cards USING btree (school_class_id, school_year_id, period);


--
-- Name: report_cards_student_id_school_year_id_index; Type: INDEX; Schema: public; Owner: -
--

CREATE INDEX report_cards_student_id_school_year_id_index ON public.report_cards USING btree (student_id, school_year_id);


--
-- Name: school_years_country_id_status_index; Type: INDEX; Schema: public; Owner: -
--

CREATE INDEX school_years_country_id_status_index ON public.school_years USING btree (country_id, status);


--
-- Name: schools_country_id_cycle_index; Type: INDEX; Schema: public; Owner: -
--

CREATE INDEX schools_country_id_cycle_index ON public.schools USING btree (country_id, cycle);


--
-- Name: schools_region_id_status_index; Type: INDEX; Schema: public; Owner: -
--

CREATE INDEX schools_region_id_status_index ON public.schools USING btree (region_id, status);


--
-- Name: sessions_last_activity_index; Type: INDEX; Schema: public; Owner: -
--

CREATE INDEX sessions_last_activity_index ON public.sessions USING btree (last_activity);


--
-- Name: sessions_user_id_index; Type: INDEX; Schema: public; Owner: -
--

CREATE INDEX sessions_user_id_index ON public.sessions USING btree (user_id);


--
-- Name: students_matricule_index; Type: INDEX; Schema: public; Owner: -
--

CREATE INDEX students_matricule_index ON public.students USING btree (matricule);


--
-- Name: students_school_id_status_index; Type: INDEX; Schema: public; Owner: -
--

CREATE INDEX students_school_id_status_index ON public.students USING btree (school_id, status);


--
-- Name: subject; Type: INDEX; Schema: public; Owner: -
--

CREATE INDEX subject ON public.activity_log USING btree (subject_type, subject_id);


--
-- Name: teacher_assignments_school_class_id_school_year_id_index; Type: INDEX; Schema: public; Owner: -
--

CREATE INDEX teacher_assignments_school_class_id_school_year_id_index ON public.teacher_assignments USING btree (school_class_id, school_year_id);


--
-- Name: teacher_assignments_teacher_id_school_year_id_index; Type: INDEX; Schema: public; Owner: -
--

CREATE INDEX teacher_assignments_teacher_id_school_year_id_index ON public.teacher_assignments USING btree (teacher_id, school_year_id);


--
-- Name: teachers_school_id_status_index; Type: INDEX; Schema: public; Owner: -
--

CREATE INDEX teachers_school_id_status_index ON public.teachers USING btree (school_id, status);


--
-- Name: attendances attendances_school_class_id_foreign; Type: FK CONSTRAINT; Schema: public; Owner: -
--

ALTER TABLE ONLY public.attendances
    ADD CONSTRAINT attendances_school_class_id_foreign FOREIGN KEY (school_class_id) REFERENCES public.classes(id) ON DELETE CASCADE;


--
-- Name: attendances attendances_school_year_id_foreign; Type: FK CONSTRAINT; Schema: public; Owner: -
--

ALTER TABLE ONLY public.attendances
    ADD CONSTRAINT attendances_school_year_id_foreign FOREIGN KEY (school_year_id) REFERENCES public.school_years(id) ON DELETE CASCADE;


--
-- Name: attendances attendances_student_id_foreign; Type: FK CONSTRAINT; Schema: public; Owner: -
--

ALTER TABLE ONLY public.attendances
    ADD CONSTRAINT attendances_student_id_foreign FOREIGN KEY (student_id) REFERENCES public.students(id) ON DELETE CASCADE;


--
-- Name: attendances attendances_subject_id_foreign; Type: FK CONSTRAINT; Schema: public; Owner: -
--

ALTER TABLE ONLY public.attendances
    ADD CONSTRAINT attendances_subject_id_foreign FOREIGN KEY (subject_id) REFERENCES public.subjects(id) ON DELETE SET NULL;


--
-- Name: attendances attendances_teacher_id_foreign; Type: FK CONSTRAINT; Schema: public; Owner: -
--

ALTER TABLE ONLY public.attendances
    ADD CONSTRAINT attendances_teacher_id_foreign FOREIGN KEY (teacher_id) REFERENCES public.teachers(id) ON DELETE SET NULL;


--
-- Name: classes classes_main_teacher_id_foreign; Type: FK CONSTRAINT; Schema: public; Owner: -
--

ALTER TABLE ONLY public.classes
    ADD CONSTRAINT classes_main_teacher_id_foreign FOREIGN KEY (main_teacher_id) REFERENCES public.users(id) ON DELETE SET NULL;


--
-- Name: classes classes_school_id_foreign; Type: FK CONSTRAINT; Schema: public; Owner: -
--

ALTER TABLE ONLY public.classes
    ADD CONSTRAINT classes_school_id_foreign FOREIGN KEY (school_id) REFERENCES public.schools(id);


--
-- Name: classes classes_school_year_id_foreign; Type: FK CONSTRAINT; Schema: public; Owner: -
--

ALTER TABLE ONLY public.classes
    ADD CONSTRAINT classes_school_year_id_foreign FOREIGN KEY (school_year_id) REFERENCES public.school_years(id);


--
-- Name: communes communes_department_id_foreign; Type: FK CONSTRAINT; Schema: public; Owner: -
--

ALTER TABLE ONLY public.communes
    ADD CONSTRAINT communes_department_id_foreign FOREIGN KEY (department_id) REFERENCES public.departments(id) ON DELETE CASCADE;


--
-- Name: departments departments_region_id_foreign; Type: FK CONSTRAINT; Schema: public; Owner: -
--

ALTER TABLE ONLY public.departments
    ADD CONSTRAINT departments_region_id_foreign FOREIGN KEY (region_id) REFERENCES public.regions(id) ON DELETE CASCADE;


--
-- Name: enrollments enrollments_school_class_id_foreign; Type: FK CONSTRAINT; Schema: public; Owner: -
--

ALTER TABLE ONLY public.enrollments
    ADD CONSTRAINT enrollments_school_class_id_foreign FOREIGN KEY (school_class_id) REFERENCES public.classes(id);


--
-- Name: enrollments enrollments_school_id_foreign; Type: FK CONSTRAINT; Schema: public; Owner: -
--

ALTER TABLE ONLY public.enrollments
    ADD CONSTRAINT enrollments_school_id_foreign FOREIGN KEY (school_id) REFERENCES public.schools(id);


--
-- Name: enrollments enrollments_school_year_id_foreign; Type: FK CONSTRAINT; Schema: public; Owner: -
--

ALTER TABLE ONLY public.enrollments
    ADD CONSTRAINT enrollments_school_year_id_foreign FOREIGN KEY (school_year_id) REFERENCES public.school_years(id);


--
-- Name: enrollments enrollments_student_id_foreign; Type: FK CONSTRAINT; Schema: public; Owner: -
--

ALTER TABLE ONLY public.enrollments
    ADD CONSTRAINT enrollments_student_id_foreign FOREIGN KEY (student_id) REFERENCES public.students(id) ON DELETE CASCADE;


--
-- Name: evaluations evaluations_school_class_id_foreign; Type: FK CONSTRAINT; Schema: public; Owner: -
--

ALTER TABLE ONLY public.evaluations
    ADD CONSTRAINT evaluations_school_class_id_foreign FOREIGN KEY (school_class_id) REFERENCES public.classes(id) ON DELETE CASCADE;


--
-- Name: evaluations evaluations_school_year_id_foreign; Type: FK CONSTRAINT; Schema: public; Owner: -
--

ALTER TABLE ONLY public.evaluations
    ADD CONSTRAINT evaluations_school_year_id_foreign FOREIGN KEY (school_year_id) REFERENCES public.school_years(id) ON DELETE CASCADE;


--
-- Name: evaluations evaluations_subject_id_foreign; Type: FK CONSTRAINT; Schema: public; Owner: -
--

ALTER TABLE ONLY public.evaluations
    ADD CONSTRAINT evaluations_subject_id_foreign FOREIGN KEY (subject_id) REFERENCES public.subjects(id) ON DELETE CASCADE;


--
-- Name: evaluations evaluations_teacher_id_foreign; Type: FK CONSTRAINT; Schema: public; Owner: -
--

ALTER TABLE ONLY public.evaluations
    ADD CONSTRAINT evaluations_teacher_id_foreign FOREIGN KEY (teacher_id) REFERENCES public.teachers(id) ON DELETE SET NULL;


--
-- Name: exam_candidates exam_candidates_exam_id_foreign; Type: FK CONSTRAINT; Schema: public; Owner: -
--

ALTER TABLE ONLY public.exam_candidates
    ADD CONSTRAINT exam_candidates_exam_id_foreign FOREIGN KEY (exam_id) REFERENCES public.exams(id) ON DELETE CASCADE;


--
-- Name: exam_candidates exam_candidates_school_class_id_foreign; Type: FK CONSTRAINT; Schema: public; Owner: -
--

ALTER TABLE ONLY public.exam_candidates
    ADD CONSTRAINT exam_candidates_school_class_id_foreign FOREIGN KEY (school_class_id) REFERENCES public.classes(id) ON DELETE SET NULL;


--
-- Name: exam_candidates exam_candidates_school_id_foreign; Type: FK CONSTRAINT; Schema: public; Owner: -
--

ALTER TABLE ONLY public.exam_candidates
    ADD CONSTRAINT exam_candidates_school_id_foreign FOREIGN KEY (school_id) REFERENCES public.schools(id) ON DELETE SET NULL;


--
-- Name: exam_candidates exam_candidates_student_id_foreign; Type: FK CONSTRAINT; Schema: public; Owner: -
--

ALTER TABLE ONLY public.exam_candidates
    ADD CONSTRAINT exam_candidates_student_id_foreign FOREIGN KEY (student_id) REFERENCES public.students(id) ON DELETE CASCADE;


--
-- Name: exams exams_school_year_id_foreign; Type: FK CONSTRAINT; Schema: public; Owner: -
--

ALTER TABLE ONLY public.exams
    ADD CONSTRAINT exams_school_year_id_foreign FOREIGN KEY (school_year_id) REFERENCES public.school_years(id) ON DELETE CASCADE;


--
-- Name: grades grades_evaluation_id_foreign; Type: FK CONSTRAINT; Schema: public; Owner: -
--

ALTER TABLE ONLY public.grades
    ADD CONSTRAINT grades_evaluation_id_foreign FOREIGN KEY (evaluation_id) REFERENCES public.evaluations(id) ON DELETE CASCADE;


--
-- Name: grades grades_student_id_foreign; Type: FK CONSTRAINT; Schema: public; Owner: -
--

ALTER TABLE ONLY public.grades
    ADD CONSTRAINT grades_student_id_foreign FOREIGN KEY (student_id) REFERENCES public.students(id) ON DELETE CASCADE;


--
-- Name: guardians guardians_user_id_foreign; Type: FK CONSTRAINT; Schema: public; Owner: -
--

ALTER TABLE ONLY public.guardians
    ADD CONSTRAINT guardians_user_id_foreign FOREIGN KEY (user_id) REFERENCES public.users(id) ON DELETE SET NULL;


--
-- Name: localities localities_commune_id_foreign; Type: FK CONSTRAINT; Schema: public; Owner: -
--

ALTER TABLE ONLY public.localities
    ADD CONSTRAINT localities_commune_id_foreign FOREIGN KEY (commune_id) REFERENCES public.communes(id) ON DELETE CASCADE;


--
-- Name: model_has_permissions model_has_permissions_permission_id_foreign; Type: FK CONSTRAINT; Schema: public; Owner: -
--

ALTER TABLE ONLY public.model_has_permissions
    ADD CONSTRAINT model_has_permissions_permission_id_foreign FOREIGN KEY (permission_id) REFERENCES public.permissions(id) ON DELETE CASCADE;


--
-- Name: model_has_roles model_has_roles_role_id_foreign; Type: FK CONSTRAINT; Schema: public; Owner: -
--

ALTER TABLE ONLY public.model_has_roles
    ADD CONSTRAINT model_has_roles_role_id_foreign FOREIGN KEY (role_id) REFERENCES public.roles(id) ON DELETE CASCADE;


--
-- Name: regions regions_country_id_foreign; Type: FK CONSTRAINT; Schema: public; Owner: -
--

ALTER TABLE ONLY public.regions
    ADD CONSTRAINT regions_country_id_foreign FOREIGN KEY (country_id) REFERENCES public.countries(id) ON DELETE CASCADE;


--
-- Name: report_cards report_cards_school_class_id_foreign; Type: FK CONSTRAINT; Schema: public; Owner: -
--

ALTER TABLE ONLY public.report_cards
    ADD CONSTRAINT report_cards_school_class_id_foreign FOREIGN KEY (school_class_id) REFERENCES public.classes(id) ON DELETE CASCADE;


--
-- Name: report_cards report_cards_school_year_id_foreign; Type: FK CONSTRAINT; Schema: public; Owner: -
--

ALTER TABLE ONLY public.report_cards
    ADD CONSTRAINT report_cards_school_year_id_foreign FOREIGN KEY (school_year_id) REFERENCES public.school_years(id) ON DELETE CASCADE;


--
-- Name: report_cards report_cards_student_id_foreign; Type: FK CONSTRAINT; Schema: public; Owner: -
--

ALTER TABLE ONLY public.report_cards
    ADD CONSTRAINT report_cards_student_id_foreign FOREIGN KEY (student_id) REFERENCES public.students(id) ON DELETE CASCADE;


--
-- Name: role_has_permissions role_has_permissions_permission_id_foreign; Type: FK CONSTRAINT; Schema: public; Owner: -
--

ALTER TABLE ONLY public.role_has_permissions
    ADD CONSTRAINT role_has_permissions_permission_id_foreign FOREIGN KEY (permission_id) REFERENCES public.permissions(id) ON DELETE CASCADE;


--
-- Name: role_has_permissions role_has_permissions_role_id_foreign; Type: FK CONSTRAINT; Schema: public; Owner: -
--

ALTER TABLE ONLY public.role_has_permissions
    ADD CONSTRAINT role_has_permissions_role_id_foreign FOREIGN KEY (role_id) REFERENCES public.roles(id) ON DELETE CASCADE;


--
-- Name: school_years school_years_country_id_foreign; Type: FK CONSTRAINT; Schema: public; Owner: -
--

ALTER TABLE ONLY public.school_years
    ADD CONSTRAINT school_years_country_id_foreign FOREIGN KEY (country_id) REFERENCES public.countries(id);


--
-- Name: schools schools_commune_id_foreign; Type: FK CONSTRAINT; Schema: public; Owner: -
--

ALTER TABLE ONLY public.schools
    ADD CONSTRAINT schools_commune_id_foreign FOREIGN KEY (commune_id) REFERENCES public.communes(id) ON DELETE SET NULL;


--
-- Name: schools schools_country_id_foreign; Type: FK CONSTRAINT; Schema: public; Owner: -
--

ALTER TABLE ONLY public.schools
    ADD CONSTRAINT schools_country_id_foreign FOREIGN KEY (country_id) REFERENCES public.countries(id);


--
-- Name: schools schools_department_id_foreign; Type: FK CONSTRAINT; Schema: public; Owner: -
--

ALTER TABLE ONLY public.schools
    ADD CONSTRAINT schools_department_id_foreign FOREIGN KEY (department_id) REFERENCES public.departments(id) ON DELETE SET NULL;


--
-- Name: schools schools_locality_id_foreign; Type: FK CONSTRAINT; Schema: public; Owner: -
--

ALTER TABLE ONLY public.schools
    ADD CONSTRAINT schools_locality_id_foreign FOREIGN KEY (locality_id) REFERENCES public.localities(id) ON DELETE SET NULL;


--
-- Name: schools schools_region_id_foreign; Type: FK CONSTRAINT; Schema: public; Owner: -
--

ALTER TABLE ONLY public.schools
    ADD CONSTRAINT schools_region_id_foreign FOREIGN KEY (region_id) REFERENCES public.regions(id);


--
-- Name: student_guardian student_guardian_guardian_id_foreign; Type: FK CONSTRAINT; Schema: public; Owner: -
--

ALTER TABLE ONLY public.student_guardian
    ADD CONSTRAINT student_guardian_guardian_id_foreign FOREIGN KEY (guardian_id) REFERENCES public.guardians(id) ON DELETE CASCADE;


--
-- Name: student_guardian student_guardian_student_id_foreign; Type: FK CONSTRAINT; Schema: public; Owner: -
--

ALTER TABLE ONLY public.student_guardian
    ADD CONSTRAINT student_guardian_student_id_foreign FOREIGN KEY (student_id) REFERENCES public.students(id) ON DELETE CASCADE;


--
-- Name: students students_school_id_foreign; Type: FK CONSTRAINT; Schema: public; Owner: -
--

ALTER TABLE ONLY public.students
    ADD CONSTRAINT students_school_id_foreign FOREIGN KEY (school_id) REFERENCES public.schools(id);


--
-- Name: students students_user_id_foreign; Type: FK CONSTRAINT; Schema: public; Owner: -
--

ALTER TABLE ONLY public.students
    ADD CONSTRAINT students_user_id_foreign FOREIGN KEY (user_id) REFERENCES public.users(id) ON DELETE SET NULL;


--
-- Name: teacher_assignments teacher_assignments_school_class_id_foreign; Type: FK CONSTRAINT; Schema: public; Owner: -
--

ALTER TABLE ONLY public.teacher_assignments
    ADD CONSTRAINT teacher_assignments_school_class_id_foreign FOREIGN KEY (school_class_id) REFERENCES public.classes(id) ON DELETE CASCADE;


--
-- Name: teacher_assignments teacher_assignments_school_year_id_foreign; Type: FK CONSTRAINT; Schema: public; Owner: -
--

ALTER TABLE ONLY public.teacher_assignments
    ADD CONSTRAINT teacher_assignments_school_year_id_foreign FOREIGN KEY (school_year_id) REFERENCES public.school_years(id) ON DELETE CASCADE;


--
-- Name: teacher_assignments teacher_assignments_subject_id_foreign; Type: FK CONSTRAINT; Schema: public; Owner: -
--

ALTER TABLE ONLY public.teacher_assignments
    ADD CONSTRAINT teacher_assignments_subject_id_foreign FOREIGN KEY (subject_id) REFERENCES public.subjects(id) ON DELETE CASCADE;


--
-- Name: teacher_assignments teacher_assignments_teacher_id_foreign; Type: FK CONSTRAINT; Schema: public; Owner: -
--

ALTER TABLE ONLY public.teacher_assignments
    ADD CONSTRAINT teacher_assignments_teacher_id_foreign FOREIGN KEY (teacher_id) REFERENCES public.teachers(id) ON DELETE CASCADE;


--
-- Name: teachers teachers_school_id_foreign; Type: FK CONSTRAINT; Schema: public; Owner: -
--

ALTER TABLE ONLY public.teachers
    ADD CONSTRAINT teachers_school_id_foreign FOREIGN KEY (school_id) REFERENCES public.schools(id) ON DELETE RESTRICT;


--
-- Name: teachers teachers_user_id_foreign; Type: FK CONSTRAINT; Schema: public; Owner: -
--

ALTER TABLE ONLY public.teachers
    ADD CONSTRAINT teachers_user_id_foreign FOREIGN KEY (user_id) REFERENCES public.users(id) ON DELETE CASCADE;